{"id":34883,"date":"2026-03-02T13:30:02","date_gmt":"2026-03-02T19:00:02","guid":{"rendered":"https:\/\/multiofertasvip.com\/?post_type=product&#038;p=34883"},"modified":"2026-03-02T13:33:10","modified_gmt":"2026-03-02T19:03:10","slug":"yoga-terapeutico-serie-angelica-granado","status":"publish","type":"product","link":"https:\/\/multiofertasvip.com\/?product=yoga-terapeutico-serie-angelica-granado","title":{"rendered":"Yoga terap\u00e9utico (serie) &#8211; Angelica Granado"},"content":{"rendered":"<div class=\"x14z9mp xat24cr x1lziwak x1vvkbs xtlvy1s x126k92a\"><\/div>\n<div class=\"x14z9mp xat24cr x1lziwak x1vvkbs xtlvy1s x126k92a\"><\/div>\n<div class=\"x14z9mp xat24cr x1lziwak x1vvkbs xtlvy1s x126k92a\">\n<div dir=\"auto\">\n<p>El yoga restaurativo propuesta terap\u00e9utica basada en las posturas de Hatha Yoga, poniendo como protagonistas cie la pr\u00e1ctica a la relajaci\u00f3n, la respiraci\u00f3n y el trabajo con soportes o apoyos, como: mantas, bolsters, cinturones, sillas, pelotas, bloques o la pared. Las herramientas nos ayudan a que haya un estiramiento sin esfuerzo. El soporte nos da una sensaci\u00f3n de bienestar y de seguridad necesarias para relajamos y evitar que el cuerpo genere distracci\u00f3n. De esta manera el sistema nervioso entra en pleno descanso.<\/p>\n<p>Esta serie de yoga terap\u00e9utico est\u00e1 dirigida a personas con dolencies como dolor de cabeza o migrarias, dolores en la zona cervical o lumbar, problemas de asma y alergias, ansiedad, estr\u00e9s, insomnio,<\/p>\n<\/div>\n<\/div>\n","protected":false},"excerpt":{"rendered":"<p>El yoga restaurativo propuesta terap\u00e9utica basada en las posturas de Hatha Yoga, poniendo como protagonistas cie la pr\u00e1ctica a la relajaci\u00f3n, la respiraci\u00f3n y el trabajo con soportes o apoyos, como: mantas, bolsters, cinturones, sillas, pelotas, bloques o la pared. Las herramientas nos ayudan a que haya un estiramiento sin esfuerzo. El soporte nos da [&#8230;]\n","protected":false},"featured_media":34884,"template":"","meta":{"_monsterinsights_skip_tracking":false,"_monsterinsights_sitenote_active":false,"_monsterinsights_sitenote_note":"","_monsterinsights_sitenote_category":0,"jetpack_post_was_ever_published":false,"jetpack_publicize_message":"","jetpack_publicize_feature_enabled":true,"jetpack_social_post_already_shared":false,"jetpack_social_options":{"image_generator_settings":{"template":"highway","default_image_id":0,"font":"","enabled":false},"version":2}},"product_brand":[],"product_cat":[46],"product_tag":[263,142,260,211,254,119,251,215,257,249,243,230,182,226,253,236,229,143,228,232,258,234,262,239,220,265,219,225,240,238,140,242,235,244,266,267,248,210,245,212,250,227,255,264,252,217,216,233,261,73,237,231,247,221,246,222,223,224,259,241,256,218,213,214,53],"class_list":{"0":"post-34883","1":"product","2":"type-product","3":"status-publish","4":"has-post-thumbnail","6":"product_cat-superacion","7":"product_tag-animales","8":"product_tag-avanzado","9":"product_tag-biden","10":"product_tag-billetes","11":"product_tag-bitcoin","12":"product_tag-carrera","13":"product_tag-china","14":"product_tag-christopher-olivarrieta","15":"product_tag-cine","16":"product_tag-coranavirus","17":"product_tag-cultura","18":"product_tag-cursos","19":"product_tag-dinero","20":"product_tag-dios","21":"product_tag-dolar","22":"product_tag-enric-corbera","23":"product_tag-ensenanza-en-casa","24":"product_tag-entidades","25":"product_tag-escuela","26":"product_tag-especialidad","27":"product_tag-estrenos","28":"product_tag-estudios","29":"product_tag-facebook","30":"product_tag-famosos","31":"product_tag-free","32":"product_tag-gatos","33":"product_tag-gratis","34":"product_tag-guerra","35":"product_tag-humor","36":"product_tag-internet","37":"product_tag-jose-palomo","38":"product_tag-juegos","39":"product_tag-lavin","40":"product_tag-manga","41":"product_tag-mercado-libre","42":"product_tag-mercado-pago","43":"product_tag-meteorologia","44":"product_tag-moneda","45":"product_tag-musica","46":"product_tag-nuevo","47":"product_tag-omnicron","48":"product_tag-oracion","49":"product_tag-peliculas","50":"product_tag-perros","51":"product_tag-peso","52":"product_tag-porn","53":"product_tag-porno","54":"product_tag-profesional","55":"product_tag-putin","56":"product_tag-salud","57":"product_tag-sexo","58":"product_tag-talleres","59":"product_tag-television","60":"product_tag-terapias","61":"product_tag-trabajo","62":"product_tag-ucrania","63":"product_tag-ukrania","64":"product_tag-usa","65":"product_tag-vacuna","66":"product_tag-viajes","67":"product_tag-videos","68":"product_tag-xxx","69":"product_tag-youtube","70":"product_tag-youtube-yuen-guadalajara","71":"product_tag-yuen","73":"first","74":"instock","75":"downloadable","76":"virtual","77":"purchasable","78":"product-type-simple"},"jetpack_publicize_connections":[],"jetpack-related-posts":[{"id":34879,"url":"https:\/\/multiofertasvip.com\/?product=conoce-y-activa-todo-tu-cuerpo-yoga-paula-pedeschi","url_meta":{"origin":34883,"position":0},"title":"Conoce y activa todo tu cuerpo (Yoga) Paula Pedeschi","author":"multiofertasvip","date":"marzo 2, 2026","format":false,"excerpt":"Esta serie de Vinyasa est\u00e1 dise\u00f1ada en darte las herramientas para ayudarte a alinear, y activar con respiraci\u00f3n y movimientos conscientemente todo tu cuerpo. Cada pr\u00e1ctica tiene un enfoque especial en promover el soporte y contra soporte de tu columna vertebral y te explica con detalle la alineaci\u00f3n de cada\u2026","rel":"","context":"Entrada similar","block_context":{"text":"Entrada similar","link":""},"img":{"alt_text":"","src":"https:\/\/i0.wp.com\/multiofertasvip.com\/wp-content\/uploads\/2026\/03\/conoce-y-activa-tu-cuerpo.jpg?fit=200%2C200&ssl=1&resize=350%2C200","width":350,"height":200},"classes":[]},{"id":35085,"url":"https:\/\/multiofertasvip.com\/?product=diplomado-en-registros-akashicos-de-lector-a-maestro-tienditadelalma","url_meta":{"origin":34883,"position":1},"title":"Diplomado en Registros Ak\u00e1shicos (de Lector a Maestro)-Tienditadelalma","author":"multiofertasvip","date":"marzo 15, 2026","format":false,"excerpt":"\u00a0 \u00a0 \u00a0 \u00a0","rel":"","context":"Entrada similar","block_context":{"text":"Entrada similar","link":""},"img":{"alt_text":"","src":"https:\/\/i0.wp.com\/multiofertasvip.com\/wp-content\/uploads\/2026\/03\/registros-akashicos-1-y-2.jpg?fit=200%2C200&ssl=1&resize=350%2C200","width":350,"height":200},"classes":[]},{"id":33886,"url":"https:\/\/multiofertasvip.com\/?product=curso-yoga-ocular-recupera-tu-agudeza-visual-mensa-reig","url_meta":{"origin":34883,"position":2},"title":"Curso Yoga Ocular Recupera tu agudeza visual-Mensa Reig","author":"multiofertasvip","date":"mayo 1, 2025","format":false,"excerpt":"\u00bfQuieres mantener tus ojos sanos e incluso mejorar tu visi\u00f3n? \u00bfsabes que la musculatura ocular puede relajarse y fortalecerse como la del resto del cuerpo? En este Curso de Yoga Ocular se propone un conjunto de ejercicios oculares y de h\u00e1bitos para tomar conciencia de nuestros ojos, y reeducarlos para\u2026","rel":"","context":"Entrada similar","block_context":{"text":"Entrada similar","link":""},"img":{"alt_text":"","src":"https:\/\/i0.wp.com\/multiofertasvip.com\/wp-content\/uploads\/2025\/05\/yoga-ocular.png?fit=200%2C200&ssl=1&resize=350%2C200","width":350,"height":200},"classes":[]},{"id":34937,"url":"https:\/\/multiofertasvip.com\/?product=kundalini-nivel-1-mukhia-shanti-kaur","url_meta":{"origin":34883,"position":3},"title":"Kundalini Nivel 1 Mukhia Shanti Kaur","author":"multiofertasvip","date":"marzo 5, 2026","format":false,"excerpt":"El Curso Kundalini Nivel 1 con Mukhia Shanti Kaur es una formaci\u00f3n introductoria dise\u00f1ada para quienes desean iniciar un camino profundo de transformaci\u00f3n personal a trav\u00e9s de la pr\u00e1ctica del Kundalini Yoga. Este programa combina t\u00e9cnicas ancestrales y herramientas pr\u00e1cticas que te ayudar\u00e1n a despertar tu energ\u00eda interna, fortalecer tu\u2026","rel":"","context":"Entrada similar","block_context":{"text":"Entrada similar","link":""},"img":{"alt_text":"","src":"https:\/\/i0.wp.com\/multiofertasvip.com\/wp-content\/uploads\/2026\/03\/kundalini-nivel-1.png?fit=200%2C200&ssl=1&resize=350%2C200","width":350,"height":200},"classes":[]},{"id":35222,"url":"https:\/\/multiofertasvip.com\/?product=metodo-surya-dios-sol-eduardo-dharma-yoel","url_meta":{"origin":34883,"position":4},"title":"M\u00e9todo Surya (Dios Sol) Eduardo Dharma Yoel","author":"multiofertasvip","date":"marzo 26, 2026","format":false,"excerpt":"\u00a0 \u00a0 \u00a0 \u00a0 \u00a0 \u00a0 \u00a0","rel":"","context":"Entrada similar","block_context":{"text":"Entrada similar","link":""},"img":{"alt_text":"XXXXX","src":"https:\/\/i0.wp.com\/cursosenoferta.com\/amlsup1\/metodo%20surya%20dios%20sol%20eduardo%20dharma%20yoel%20-%20archivos.jpg?resize=350%2C200&ssl=1","width":350,"height":200,"srcset":"https:\/\/i0.wp.com\/cursosenoferta.com\/amlsup1\/metodo%20surya%20dios%20sol%20eduardo%20dharma%20yoel%20-%20archivos.jpg?resize=350%2C200&ssl=1 1x, https:\/\/i0.wp.com\/cursosenoferta.com\/amlsup1\/metodo%20surya%20dios%20sol%20eduardo%20dharma%20yoel%20-%20archivos.jpg?resize=525%2C300&ssl=1 1.5x, https:\/\/i0.wp.com\/cursosenoferta.com\/amlsup1\/metodo%20surya%20dios%20sol%20eduardo%20dharma%20yoel%20-%20archivos.jpg?resize=700%2C400&ssl=1 2x"},"classes":[]},{"id":33781,"url":"https:\/\/multiofertasvip.com\/?product=diplomado-metodo-pums-fidham-ac","url_meta":{"origin":34883,"position":5},"title":"Diplomado M\u00e9todo Pums-FIDHAM AC","author":"multiofertasvip","date":"abril 15, 2025","format":false,"excerpt":"\u2705 \u00bfQUE ES EL METODO PUMS Y QUE APRENDER\u00c1S: \u269b\ufe0f El terapeuta aprender\u00e1: explicado bajo factores cu\u00e1nticos, seg\u00fan los principios de Entrelazamiento cu\u00e1ntico, Superposici\u00f3n y de Incertidumbre: 1\ufe0f\u20e3 Herramientas de tratamiento de factores etiol\u00f3gicos que siguen una secuencia de rastreos en el organismo tal, que detecta el \u00f3rgano, tejido o\u2026","rel":"","context":"Entrada similar","block_context":{"text":"Entrada similar","link":""},"img":{"alt_text":"","src":"https:\/\/i0.wp.com\/multiofertasvip.com\/wp-content\/uploads\/2025\/04\/DIPLOMADO-PUMS.png?fit=200%2C200&ssl=1&resize=350%2C200","width":350,"height":200},"classes":[]}],"jetpack_sharing_enabled":true,"jetpack_likes_enabled":true,"_links":{"self":[{"href":"https:\/\/multiofertasvip.com\/index.php?rest_route=\/wp\/v2\/product\/34883","targetHints":{"allow":["GET"]}}],"collection":[{"href":"https:\/\/multiofertasvip.com\/index.php?rest_route=\/wp\/v2\/product"}],"about":[{"href":"https:\/\/multiofertasvip.com\/index.php?rest_route=\/wp\/v2\/types\/product"}],"version-history":[{"count":1,"href":"https:\/\/multiofertasvip.com\/index.php?rest_route=\/wp\/v2\/product\/34883\/revisions"}],"predecessor-version":[{"id":34886,"href":"https:\/\/multiofertasvip.com\/index.php?rest_route=\/wp\/v2\/product\/34883\/revisions\/34886"}],"wp:featuredmedia":[{"embeddable":true,"href":"https:\/\/multiofertasvip.com\/index.php?rest_route=\/wp\/v2\/media\/34884"}],"wp:attachment":[{"href":"https:\/\/multiofertasvip.com\/index.php?rest_route=%2Fwp%2Fv2%2Fmedia&parent=34883"}],"wp:term":[{"taxonomy":"product_brand","embeddable":true,"href":"https:\/\/multiofertasvip.com\/index.php?rest_route=%2Fwp%2Fv2%2Fproduct_brand&post=34883"},{"taxonomy":"product_cat","embeddable":true,"href":"https:\/\/multiofertasvip.com\/index.php?rest_route=%2Fwp%2Fv2%2Fproduct_cat&post=34883"},{"taxonomy":"product_tag","embeddable":true,"href":"https:\/\/multiofertasvip.com\/index.php?rest_route=%2Fwp%2Fv2%2Fproduct_tag&post=34883"}],"curies":[{"name":"wp","href":"https:\/\/api.w.org\/{rel}","templated":true}]}}