{"id":34823,"date":"2026-02-19T16:34:14","date_gmt":"2026-02-19T22:04:14","guid":{"rendered":"https:\/\/multiofertasvip.com\/?post_type=product&#038;p=34823"},"modified":"2026-02-19T16:41:17","modified_gmt":"2026-02-19T22:11:17","slug":"activa-las-moleculas-de-la-juventud-alma-rendon","status":"publish","type":"product","link":"https:\/\/multiofertasvip.com\/?product=activa-las-moleculas-de-la-juventud-alma-rendon","title":{"rendered":"Activa las Molecul\u00e1s de la Juventud \u2013 Alma Rend\u00f3n"},"content":{"rendered":"<p>Molecul\u00e1s de la Juventud, creado por Alma Rend\u00f3n, es un taller transformacional dise\u00f1ado para ayudarte a redefinir tu relaci\u00f3n con la edad, la vitalidad y la energ\u00eda que habita en tu cuerpo y en tu mente.<\/p>\n<p>Este programa parte de una verdad poderosa: la juventud no comienza en el cuerpo, comienza en la mente y en la energ\u00eda. A lo largo del taller aprender\u00e1s a identificar y liberar creencias limitantes asociadas al envejecimiento, el desgaste y la p\u00e9rdida de vitalidad, para dar paso a una percepci\u00f3n renovada de ti mismo\/a, m\u00e1s consciente, segura y alineada con una energ\u00eda joven y expansiva.<\/p>\n<p>A trav\u00e9s de t\u00e9cnicas energ\u00e9ticas profundas \u2014como activaciones de consciencia, trabajo con el ADN y m\u00e9todos inspirados en ThetaHealing\u2014 este taller te gu\u00eda a reconectar con tu potencial de renovaci\u00f3n interna. No se trata solo de \u201csentirte mejor\u201d, sino de instalar una nueva mentalidad de juventud, valor personal y confianza, que impacte tu bienestar f\u00edsico, emocional y energ\u00e9tico.<\/p>\n<p>Durante el proceso, aprender\u00e1s a:<\/p>\n<p>Cancelar programas inconscientes de envejecimiento.<\/p>\n<p>Renovar tu di\u00e1logo interno respecto a la edad y el paso del tiempo.<\/p>\n<p>Alinear tu energ\u00eda con la vitalidad, la confianza y la autoaceptaci\u00f3n.<\/p>\n<p>Fortalecer la conexi\u00f3n entre mente, emociones y energ\u00eda.<\/p>\n<p>Dejar atr\u00e1s el autosabotaje y abrirte a una experiencia de bienestar m\u00e1s fluida.<\/p>\n<p>Molecul\u00e1s de la Juventud es una invitaci\u00f3n a sentirte m\u00e1s vivo\/a, m\u00e1s presente y m\u00e1s conectado\/a con tu energ\u00eda esencial. Un espacio para abrir la mente, elevar tu vibraci\u00f3n y permitir que la juventud se exprese como un estado interno que puedes sostener con amor, consciencia y coherencia.<\/p>\n","protected":false},"excerpt":{"rendered":"<p>Molecul\u00e1s de la Juventud, creado por Alma Rend\u00f3n, es un taller transformacional dise\u00f1ado para ayudarte a redefinir tu relaci\u00f3n con la edad, la vitalidad y la energ\u00eda que habita en tu cuerpo y en tu mente. Este programa parte de una verdad poderosa: la juventud no comienza en el cuerpo, comienza en la mente y [&#8230;]\n","protected":false},"featured_media":34825,"template":"","meta":{"_monsterinsights_skip_tracking":false,"_monsterinsights_sitenote_active":false,"_monsterinsights_sitenote_note":"","_monsterinsights_sitenote_category":0,"jetpack_post_was_ever_published":false,"jetpack_publicize_message":"","jetpack_publicize_feature_enabled":true,"jetpack_social_post_already_shared":false,"jetpack_social_options":{"image_generator_settings":{"template":"highway","default_image_id":0,"font":"","enabled":false},"version":2}},"product_brand":[],"product_cat":[46],"product_tag":[263,142,260,211,254,119,251,215,257,249,243,230,182,226,253,236,229,143,228,232,258,234,262,239,220,265,219,225,240,238,140,242,235,244,266,267,248,210,245,212,250,227,255,264,252,217,216,233,261,73,237,231,247,221,246,222,223,224,259,241,256,218,213,214,53],"class_list":{"0":"post-34823","1":"product","2":"type-product","3":"status-publish","4":"has-post-thumbnail","6":"product_cat-superacion","7":"product_tag-animales","8":"product_tag-avanzado","9":"product_tag-biden","10":"product_tag-billetes","11":"product_tag-bitcoin","12":"product_tag-carrera","13":"product_tag-china","14":"product_tag-christopher-olivarrieta","15":"product_tag-cine","16":"product_tag-coranavirus","17":"product_tag-cultura","18":"product_tag-cursos","19":"product_tag-dinero","20":"product_tag-dios","21":"product_tag-dolar","22":"product_tag-enric-corbera","23":"product_tag-ensenanza-en-casa","24":"product_tag-entidades","25":"product_tag-escuela","26":"product_tag-especialidad","27":"product_tag-estrenos","28":"product_tag-estudios","29":"product_tag-facebook","30":"product_tag-famosos","31":"product_tag-free","32":"product_tag-gatos","33":"product_tag-gratis","34":"product_tag-guerra","35":"product_tag-humor","36":"product_tag-internet","37":"product_tag-jose-palomo","38":"product_tag-juegos","39":"product_tag-lavin","40":"product_tag-manga","41":"product_tag-mercado-libre","42":"product_tag-mercado-pago","43":"product_tag-meteorologia","44":"product_tag-moneda","45":"product_tag-musica","46":"product_tag-nuevo","47":"product_tag-omnicron","48":"product_tag-oracion","49":"product_tag-peliculas","50":"product_tag-perros","51":"product_tag-peso","52":"product_tag-porn","53":"product_tag-porno","54":"product_tag-profesional","55":"product_tag-putin","56":"product_tag-salud","57":"product_tag-sexo","58":"product_tag-talleres","59":"product_tag-television","60":"product_tag-terapias","61":"product_tag-trabajo","62":"product_tag-ucrania","63":"product_tag-ukrania","64":"product_tag-usa","65":"product_tag-vacuna","66":"product_tag-viajes","67":"product_tag-videos","68":"product_tag-xxx","69":"product_tag-youtube","70":"product_tag-youtube-yuen-guadalajara","71":"product_tag-yuen","73":"first","74":"instock","75":"downloadable","76":"virtual","77":"purchasable","78":"product-type-simple"},"jetpack_publicize_connections":[],"jetpack-related-posts":[{"id":34827,"url":"https:\/\/multiofertasvip.com\/?product=protecciones-energeticas-alma-rendon","url_meta":{"origin":34823,"position":0},"title":"Protecciones Energ\u00e9ticas \u2013 Alma Rend\u00f3n","author":"multiofertasvip","date":"febrero 19, 2026","format":false,"excerpt":"Protecciones Energ\u00e9ticas es un taller profundo y transformador creado para ayudarte a proteger tu energ\u00eda de forma consciente, amorosa y efectiva, mientras elevas tu vibraci\u00f3n y aprendes a vivir desde una frecuencia alta y estable. Vivimos expuestos constantemente a cargas emocionales, energ\u00edas densas, miedos, creencias limitantes y entornos que drenan\u2026","rel":"","context":"Entrada similar","block_context":{"text":"Entrada similar","link":""},"img":{"alt_text":"","src":"https:\/\/i0.wp.com\/multiofertasvip.com\/wp-content\/uploads\/2026\/02\/protecciones-energeticas.png?fit=200%2C200&ssl=1&resize=350%2C200","width":350,"height":200},"classes":[]},{"id":32098,"url":"https:\/\/multiofertasvip.com\/?product=magia-con-moleculas-la-fuente-de-la-juventud-daniela-correa","url_meta":{"origin":34823,"position":1},"title":"Magia con mol\u00e9culas \u2013 La Fuente de la Juventud-Daniela Correa","author":"multiofertasvip","date":"febrero 14, 2024","format":false,"excerpt":"\u00bfY si te digo que es posible rejuvenecer a tu cuerpo con la ayuda de las mol\u00e9culas que lo componen, lo creer\u00edas?\u2026 \u00a1No lo hagas, experim\u00e9ntalo por ti mismo! Las mol\u00e9culas siempre juegan un papel relevante en nuestra realidad, y no quedan fuera cuando hablamos acerca de nuestro cuerpo, su\u2026","rel":"","context":"Entrada similar","block_context":{"text":"Entrada similar","link":""},"img":{"alt_text":"","src":"https:\/\/i0.wp.com\/multiofertasvip.com\/wp-content\/uploads\/2024\/02\/magia-con-moleculas-juventud.png?fit=200%2C200&ssl=1&resize=350%2C200","width":350,"height":200},"classes":[]},{"id":34839,"url":"https:\/\/multiofertasvip.com\/?product=taller-ventas-energeticas-alma-rendon","url_meta":{"origin":34823,"position":2},"title":"Taller Ventas Energeticas \u2013 Alma Rendon","author":"multiofertasvip","date":"febrero 19, 2026","format":false,"excerpt":"Este es un taller que transformar\u00e1 de ra\u00edz las creencias que tienes con respecto a vender y a cobrar por tus productos y servicios. Descubre las creencias limitantes que est\u00e1n impidiendo que puedas vender tus productos o servicios con mayor facilidad. Toma consciencia de qu\u00e9 es aquello que est\u00e1 impidiendo\u2026","rel":"","context":"Entrada similar","block_context":{"text":"Entrada similar","link":""},"img":{"alt_text":"","src":"https:\/\/i0.wp.com\/multiofertasvip.com\/wp-content\/uploads\/2026\/02\/ventas-energeticas.png?fit=200%2C200&ssl=1&resize=350%2C200","width":350,"height":200},"classes":[]},{"id":34835,"url":"https:\/\/multiofertasvip.com\/?product=5-dias-de-jales-de-energia-de-clientes-y-posibilidades-infinitas-alma-rendon","url_meta":{"origin":34823,"position":3},"title":"5 D\u00edas De Jales De Energ\u00eda De Clientes Y Posibilidades Infinitas \u2013 Alma Rendon","author":"multiofertasvip","date":"febrero 19, 2026","format":false,"excerpt":"El programa \u201c5 D\u00edas de Jales de Energ\u00eda de Clientes y Posibilidades Infinitas\u201d de Alma Rend\u00f3n es una experiencia transformadora dise\u00f1ada para ense\u00f1arte a utilizar tu propia energ\u00eda como una fuerza magn\u00e9tica para atraer ventas, dinero y nuevas oportunidades. A trav\u00e9s de pr\u00e1cticas energ\u00e9ticas, procesos verbales y ejercicios conscientes, descubrir\u00e1s\u2026","rel":"","context":"Entrada similar","block_context":{"text":"Entrada similar","link":""},"img":{"alt_text":"","src":"https:\/\/i0.wp.com\/multiofertasvip.com\/wp-content\/uploads\/2026\/02\/5-dias-de-jales-de-energia.png?fit=200%2C200&ssl=1&resize=350%2C200","width":350,"height":200},"classes":[]},{"id":33955,"url":"https:\/\/multiofertasvip.com\/?product=magia-con-moleculas-cuerpo-poderoso-y-encendido-daniela-correa","url_meta":{"origin":34823,"position":4},"title":"Magia con Mol\u00e9culas Cuerpo Poderoso y Encendido- Daniela Correa","author":"multiofertasvip","date":"mayo 30, 2025","format":false,"excerpt":"Curso Magia con Mol\u00e9culas Edici\u00f3n Cuerpo Poderoso y Encendido Activa el gozo, la energ\u00eda y la sabidur\u00eda de tu cuerpo. Tu cuerpo no es un obst\u00e1culo ni una carga. Es un canal de magia, gozo y sabidur\u00eda\u2026 si eliges escucharlo. En esta edici\u00f3n especial de Magia con Mol\u00e9culas\u00ae, abrimos el\u2026","rel":"","context":"Entrada similar","block_context":{"text":"Entrada similar","link":""},"img":{"alt_text":"","src":"https:\/\/i0.wp.com\/multiofertasvip.com\/wp-content\/uploads\/2025\/05\/magia-con-moleculas-cuerpo-poderoso-y-encendido.jpg?fit=200%2C200&ssl=1&resize=350%2C200","width":350,"height":200},"classes":[]},{"id":35059,"url":"https:\/\/multiofertasvip.com\/?product=taller-grabado-fabricacion-de-orgones-tienditadelalma-2","url_meta":{"origin":34823,"position":5},"title":"Taller Grabado Fabricaci\u00f3n de Orgones-Tienditadelalma","author":"multiofertasvip","date":"marzo 12, 2026","format":false,"excerpt":"\u00a0 \u00a0 \u00a0 \u00a0","rel":"","context":"Entrada similar","block_context":{"text":"Entrada similar","link":""},"img":{"alt_text":"","src":"https:\/\/i0.wp.com\/multiofertasvip.com\/wp-content\/uploads\/2026\/03\/orgones.jpg?fit=200%2C200&ssl=1&resize=350%2C200","width":350,"height":200},"classes":[]}],"jetpack_sharing_enabled":true,"jetpack_likes_enabled":true,"_links":{"self":[{"href":"https:\/\/multiofertasvip.com\/index.php?rest_route=\/wp\/v2\/product\/34823","targetHints":{"allow":["GET"]}}],"collection":[{"href":"https:\/\/multiofertasvip.com\/index.php?rest_route=\/wp\/v2\/product"}],"about":[{"href":"https:\/\/multiofertasvip.com\/index.php?rest_route=\/wp\/v2\/types\/product"}],"version-history":[{"count":1,"href":"https:\/\/multiofertasvip.com\/index.php?rest_route=\/wp\/v2\/product\/34823\/revisions"}],"predecessor-version":[{"id":34826,"href":"https:\/\/multiofertasvip.com\/index.php?rest_route=\/wp\/v2\/product\/34823\/revisions\/34826"}],"wp:featuredmedia":[{"embeddable":true,"href":"https:\/\/multiofertasvip.com\/index.php?rest_route=\/wp\/v2\/media\/34825"}],"wp:attachment":[{"href":"https:\/\/multiofertasvip.com\/index.php?rest_route=%2Fwp%2Fv2%2Fmedia&parent=34823"}],"wp:term":[{"taxonomy":"product_brand","embeddable":true,"href":"https:\/\/multiofertasvip.com\/index.php?rest_route=%2Fwp%2Fv2%2Fproduct_brand&post=34823"},{"taxonomy":"product_cat","embeddable":true,"href":"https:\/\/multiofertasvip.com\/index.php?rest_route=%2Fwp%2Fv2%2Fproduct_cat&post=34823"},{"taxonomy":"product_tag","embeddable":true,"href":"https:\/\/multiofertasvip.com\/index.php?rest_route=%2Fwp%2Fv2%2Fproduct_tag&post=34823"}],"curies":[{"name":"wp","href":"https:\/\/api.w.org\/{rel}","templated":true}]}}