{"id":34662,"date":"2026-01-08T13:50:07","date_gmt":"2026-01-08T19:20:07","guid":{"rendered":"https:\/\/multiofertasvip.com\/?post_type=product&#038;p=34662"},"modified":"2026-02-23T15:45:35","modified_gmt":"2026-02-23T21:15:35","slug":"como-usar-la-justicia-divina-assaya","status":"publish","type":"product","link":"https:\/\/multiofertasvip.com\/?product=como-usar-la-justicia-divina-assaya","title":{"rendered":"Como usar la JUSTICIA DIVINA-Assaya"},"content":{"rendered":"<p>\u00bfQue aprender\u00e1s en este taller?<\/p>\n<p>\u2665 Aprender\u00e1s la T\u00c9CNICA INFALIBLE para pedir Justicia Divina para una persona que te haya hecho da\u00f1o a ti o a un ser querido.<\/p>\n<p>Esta Justicia Divina act\u00faa acelerando su Karma por el da\u00f1o que ha cometido con alguna experiencia para que la persona aprenda. Y siempre act\u00faa de forma equitativa y armoniosa para todos, as\u00ed lo establecen las leyes universales.<\/p>\n<p>\u2665 Adem\u00e1s, de la forma en que se trabaja esta t\u00e9cnica, no s\u00f3lo act\u00faa la Justicia divina sino que tu te conviertes un espectador de c\u00f3mo act\u00faa.<\/p>\n<p><strong>\u2665 Dice el maestro Saint Germain que Si en cualquier momento alguien hace por quitamos lo que nos pertenece, tenemos el derecho de ordenar a trav\u00e9s de la Presencia \u00abYO SOY\u00bb que todo el cuadro sea ajustado o que lo nuestro nos sea devuelto.<\/strong><\/p>\n<p><strong>\u00a0<\/strong><\/p>\n<p><strong>\u2665 Cuando los seres humanos comienzan a actuar mal, en ese mismo instante ponen en movimiento la Gran Ley Universal de la Retribuci\u00f3n y no pueden evitar que les golpee esa retribuci\u00f3n alg\u00fan d\u00eda &#8230; en alguna parte, del mismo modo que ellos no pueden detener la acci\u00f3n de los planetas.<\/strong><\/p>\n<p>&nbsp;<\/p>\n<p><em><strong>\u00a1Con esta t\u00e9cnica la Justicia Divina,<\/strong><\/em><\/p>\n<p><em><strong>act\u00faa en MUY POCO TIEMPO!<\/strong><\/em><\/p>\n<p><strong>\u00a0<\/strong><\/p>\n<p><strong>\u2665 Para la v\u00edctima inocente la retribuci\u00f3n parece tardar mucho en aparecer, pero cuanto m\u00e1s tarde, m\u00e1s poderosa es su acci\u00f3n cuando llega.<\/strong><\/p>\n<p><strong>No hay ning\u00fan ser humano que pueda evitar esta Ley.<\/strong><\/p>\n<p><strong>\u00a0<\/strong><\/p>\n<p><strong>\u2665 Tu no es responsable de las lecciones que tienen que aprender los individuos que te han da\u00f1ado, de manera que debes dejar que reciban sus lecciones y no permitir que esto te perturbe.<\/strong><\/p>\n<p><strong>\u00a0<\/strong><\/p>\n<p><strong>\u2665 Lo bueno de esta JUSTICIA DIVINA es que si sabemos como funciona podemos recurrir a ella siempre que la necesitemos tanto para nosotros mismos como para los que nos hacen da\u00f1o y siempre haci\u00e9ndolo desde el amor y dentro de las leyes c\u00f3smicas.<\/strong><\/p>\n<p><strong>\u00a0<\/strong><\/p>\n<p><strong>\u2665 Recuerda que Dios quiere hijos buenos pero no tontos y por eso nos da las herramientas adecuadas para poder defendernos sin hacer da\u00f1o a otros.<\/strong><\/p>\n<p><strong>\u00a0<\/strong><\/p>\n<p><strong>\u2665 Si deseas participar en este taller pr\u00e1ctico, aprender\u00e1s c\u00f3mo funciona la Justicia Divina. Como invocarla para ti o para otras personas.<\/strong><\/p>\n<p><strong>\u00a0<\/strong><\/p>\n<p><strong>\u2665 Sabiendo como funciona esta ley de la que nadie puede escapar podemos vivir mucho m\u00e1s tranquilos y reclamar lo que es nuestro sintiendonos en armon\u00eda con nosotros mismos y con el Todo.<\/strong><\/p>\n","protected":false},"excerpt":{"rendered":"<p>\u00bfQue aprender\u00e1s en este taller? \u2665 Aprender\u00e1s la T\u00c9CNICA INFALIBLE para pedir Justicia Divina para una persona que te haya hecho da\u00f1o a ti o a un ser querido. Esta Justicia Divina act\u00faa acelerando su Karma por el da\u00f1o que ha cometido con alguna experiencia para que la persona aprenda. Y siempre act\u00faa de forma [&#8230;]\n","protected":false},"featured_media":34663,"template":"","meta":{"_monsterinsights_skip_tracking":false,"_monsterinsights_sitenote_active":false,"_monsterinsights_sitenote_note":"","_monsterinsights_sitenote_category":0,"jetpack_post_was_ever_published":false,"jetpack_publicize_message":"","jetpack_publicize_feature_enabled":true,"jetpack_social_post_already_shared":false,"jetpack_social_options":{"image_generator_settings":{"template":"highway","default_image_id":0,"font":"","enabled":false},"version":2}},"product_brand":[],"product_cat":[46],"product_tag":[263,142,260,211,254,119,251,215,257,249,243,230,182,226,253,236,229,143,228,232,258,234,262,239,220,265,219,225,240,238,140,242,235,244,266,267,248,210,245,212,250,227,255,264,252,217,216,233,261,73,237,231,247,221,246,222,223,224,259,241,256,218,213,214,53],"class_list":{"0":"post-34662","1":"product","2":"type-product","3":"status-publish","4":"has-post-thumbnail","6":"product_cat-superacion","7":"product_tag-animales","8":"product_tag-avanzado","9":"product_tag-biden","10":"product_tag-billetes","11":"product_tag-bitcoin","12":"product_tag-carrera","13":"product_tag-china","14":"product_tag-christopher-olivarrieta","15":"product_tag-cine","16":"product_tag-coranavirus","17":"product_tag-cultura","18":"product_tag-cursos","19":"product_tag-dinero","20":"product_tag-dios","21":"product_tag-dolar","22":"product_tag-enric-corbera","23":"product_tag-ensenanza-en-casa","24":"product_tag-entidades","25":"product_tag-escuela","26":"product_tag-especialidad","27":"product_tag-estrenos","28":"product_tag-estudios","29":"product_tag-facebook","30":"product_tag-famosos","31":"product_tag-free","32":"product_tag-gatos","33":"product_tag-gratis","34":"product_tag-guerra","35":"product_tag-humor","36":"product_tag-internet","37":"product_tag-jose-palomo","38":"product_tag-juegos","39":"product_tag-lavin","40":"product_tag-manga","41":"product_tag-mercado-libre","42":"product_tag-mercado-pago","43":"product_tag-meteorologia","44":"product_tag-moneda","45":"product_tag-musica","46":"product_tag-nuevo","47":"product_tag-omnicron","48":"product_tag-oracion","49":"product_tag-peliculas","50":"product_tag-perros","51":"product_tag-peso","52":"product_tag-porn","53":"product_tag-porno","54":"product_tag-profesional","55":"product_tag-putin","56":"product_tag-salud","57":"product_tag-sexo","58":"product_tag-talleres","59":"product_tag-television","60":"product_tag-terapias","61":"product_tag-trabajo","62":"product_tag-ucrania","63":"product_tag-ukrania","64":"product_tag-usa","65":"product_tag-vacuna","66":"product_tag-viajes","67":"product_tag-videos","68":"product_tag-xxx","69":"product_tag-youtube","70":"product_tag-youtube-yuen-guadalajara","71":"product_tag-yuen","73":"first","74":"instock","75":"downloadable","76":"virtual","77":"purchasable","78":"product-type-simple"},"jetpack_publicize_connections":[],"jetpack-related-posts":[{"id":34675,"url":"https:\/\/multiofertasvip.com\/?product=como-atraer-a-tu-pareja-ideal-o-mejorar-la-actual-assaya","url_meta":{"origin":34662,"position":0},"title":"Como ATRAER a tu PAREJA IDEAL o MEJORAR la ACTUAL-Assaya","author":"multiofertasvip","date":"enero 8, 2026","format":false,"excerpt":"Temario \u2665 En este taller aprender\u00e1s a realizar dos t\u00e9cnicas pr\u00e1cticas y sencillas junto al ARC\u00c1NGEL CHAMUEL y la carta del Tarot de los ENAMORADOS. \u00a0 \u2665 En la PRIMERA T\u00c9CNICA\u00a0aprender\u00e1s COMO ATRAER A TU VIDA A TU PAREJA IDEAL, la que te har\u00e1 feliz a ti y a la\u2026","rel":"","context":"Entrada similar","block_context":{"text":"Entrada similar","link":""},"img":{"alt_text":"","src":"https:\/\/i0.wp.com\/multiofertasvip.com\/wp-content\/uploads\/2026\/01\/pareja-ideal-assaya.png?fit=200%2C200&ssl=1&resize=350%2C200","width":350,"height":200},"classes":[]},{"id":34728,"url":"https:\/\/multiofertasvip.com\/?product=cambia-tus-emociones-con-el-poder-magico-del-agua-assaya","url_meta":{"origin":34662,"position":1},"title":"CAMBIA TUS EMOCIONES con el PODER MAGICO del AGUA-Assaya","author":"multiofertasvip","date":"enero 9, 2026","format":false,"excerpt":"Temario \u2665 Existen Aguas y Esencias Sagradas cargadas con las energ\u00edas de lugares sagrados y energ\u00edas espec\u00edficas que podemos utilizar para re-energetizarnos desde dentro. \u00a0 \u2665 Te ense\u00f1ar\u00e9 en este curso a CARGAR AGUA CON LA ENERG\u00cdA DE LOS 7 RAYOS, DEL GRAN SOL CENTRAL, DE LAS PLEYADES, TELOS Y\u2026","rel":"","context":"Entrada similar","block_context":{"text":"Entrada similar","link":""},"img":{"alt_text":"","src":"https:\/\/i0.wp.com\/multiofertasvip.com\/wp-content\/uploads\/2026\/01\/poder-magico.jpg?fit=200%2C200&ssl=1&resize=350%2C200","width":350,"height":200},"classes":[]},{"id":34702,"url":"https:\/\/multiofertasvip.com\/?product=como-trabajar-con-los-medicos-del-cielo-activacion-assaya","url_meta":{"origin":34662,"position":2},"title":"Como TRABAJAR con los M\u00c9DICOS del CIELO. ACTIVACI\u00d3N-Assaya","author":"multiofertasvip","date":"enero 8, 2026","format":false,"excerpt":"Temario \u2665 Los M\u00e9dicos del Cielo son seres de Luz que se dedican especialmente a ayudarnos a crecer espiritualmente y en nuestros trabajos de sanaci\u00f3n, tanto para nosotros como para otras personas que queramos ayudar. \u2665 En este taller \u00fanico vas a aprender c\u00f3mo invocarlos y como trabajar con ellos\u2026","rel":"","context":"Entrada similar","block_context":{"text":"Entrada similar","link":""},"img":{"alt_text":"","src":"https:\/\/i0.wp.com\/multiofertasvip.com\/wp-content\/uploads\/2026\/01\/medicos-del-cielo.jpg?fit=200%2C200&ssl=1&resize=350%2C200","width":350,"height":200},"classes":[]},{"id":34681,"url":"https:\/\/multiofertasvip.com\/?product=como-materializar-tus-deseos-assaya","url_meta":{"origin":34662,"position":3},"title":"Como MATERIALIZAR tus DESEOS-Assaya","author":"multiofertasvip","date":"enero 8, 2026","format":false,"excerpt":"Temario \u2665 ACTIVACI\u00d3N DE TU CAJA DE LOS DESEOS PARA QUE SE MATERIALICEN. EXPLICACI\u00d3N DE COMO HACERLA FUNCIONAR. \u2665 COMO CREAR TU SOBRE DE LOS DESEOS PARA CONSEGUIR UNA CANTIDAD DE DINERO ESPEC\u00cdFICA \u2665 ES HORA DE APRENDER UNA PARTE MUY PR\u00c1CTICA DE LA LEY DE ATRACCI\u00d3N.","rel":"","context":"Entrada similar","block_context":{"text":"Entrada similar","link":""},"img":{"alt_text":"","src":"https:\/\/i0.wp.com\/multiofertasvip.com\/wp-content\/uploads\/2026\/01\/materializar-tus-deseos.jpg?fit=200%2C200&ssl=1&resize=350%2C200","width":350,"height":200},"classes":[]},{"id":34695,"url":"https:\/\/multiofertasvip.com\/?product=consulta-tus-registros-akashicos-assaya","url_meta":{"origin":34662,"position":4},"title":"Consulta tus REGISTROS AKASHICOS-Assaya","author":"multiofertasvip","date":"enero 8, 2026","format":false,"excerpt":"Temario \u2665 Los Registros Akashicos son la \" la Biblioteca Et\u00e9rica\" donde est\u00e1 toda la informaci\u00f3n de todo, de todos y de siempre ... desde que empezaste con tu ciclo de encarnaciones. \u2665 Consultando tus Registros Akashikos puedes ver informaci\u00f3n importante que te permite entender porque est\u00e1s pasando por ciertas\u2026","rel":"","context":"Entrada similar","block_context":{"text":"Entrada similar","link":""},"img":{"alt_text":"","src":"https:\/\/i0.wp.com\/multiofertasvip.com\/wp-content\/uploads\/2026\/01\/registros-akashicos.jpg?fit=200%2C200&ssl=1&resize=350%2C200","width":350,"height":200},"classes":[]},{"id":35077,"url":"https:\/\/multiofertasvip.com\/?product=curso-cristales-etericos-atlantes-nivel-sanador-y-maestria-tienditadelalma-2","url_meta":{"origin":34662,"position":5},"title":"Curso Cristales et\u00e9ricos Atlantes Nivel Sanador y Maestria-Tienditadelalma","author":"multiofertasvip","date":"marzo 14, 2026","format":false,"excerpt":"\u00a0 \u00a0 \u00a0 \u00a0","rel":"","context":"Entrada similar","block_context":{"text":"Entrada similar","link":""},"img":{"alt_text":"","src":"https:\/\/i0.wp.com\/institutolta.com\/wp-content\/uploads\/2024\/05\/61549.jpg?resize=350%2C200&ssl=1","width":350,"height":200,"srcset":"https:\/\/i0.wp.com\/institutolta.com\/wp-content\/uploads\/2024\/05\/61549.jpg?resize=350%2C200&ssl=1 1x, https:\/\/i0.wp.com\/institutolta.com\/wp-content\/uploads\/2024\/05\/61549.jpg?resize=525%2C300&ssl=1 1.5x"},"classes":[]}],"jetpack_sharing_enabled":true,"jetpack_likes_enabled":true,"_links":{"self":[{"href":"https:\/\/multiofertasvip.com\/index.php?rest_route=\/wp\/v2\/product\/34662","targetHints":{"allow":["GET"]}}],"collection":[{"href":"https:\/\/multiofertasvip.com\/index.php?rest_route=\/wp\/v2\/product"}],"about":[{"href":"https:\/\/multiofertasvip.com\/index.php?rest_route=\/wp\/v2\/types\/product"}],"version-history":[{"count":1,"href":"https:\/\/multiofertasvip.com\/index.php?rest_route=\/wp\/v2\/product\/34662\/revisions"}],"predecessor-version":[{"id":34665,"href":"https:\/\/multiofertasvip.com\/index.php?rest_route=\/wp\/v2\/product\/34662\/revisions\/34665"}],"wp:featuredmedia":[{"embeddable":true,"href":"https:\/\/multiofertasvip.com\/index.php?rest_route=\/wp\/v2\/media\/34663"}],"wp:attachment":[{"href":"https:\/\/multiofertasvip.com\/index.php?rest_route=%2Fwp%2Fv2%2Fmedia&parent=34662"}],"wp:term":[{"taxonomy":"product_brand","embeddable":true,"href":"https:\/\/multiofertasvip.com\/index.php?rest_route=%2Fwp%2Fv2%2Fproduct_brand&post=34662"},{"taxonomy":"product_cat","embeddable":true,"href":"https:\/\/multiofertasvip.com\/index.php?rest_route=%2Fwp%2Fv2%2Fproduct_cat&post=34662"},{"taxonomy":"product_tag","embeddable":true,"href":"https:\/\/multiofertasvip.com\/index.php?rest_route=%2Fwp%2Fv2%2Fproduct_tag&post=34662"}],"curies":[{"name":"wp","href":"https:\/\/api.w.org\/{rel}","templated":true}]}}