{"id":34598,"date":"2025-12-15T14:11:20","date_gmt":"2025-12-15T19:41:20","guid":{"rendered":"https:\/\/multiofertasvip.com\/?post_type=product&#038;p=34598"},"modified":"2026-02-23T15:47:32","modified_gmt":"2026-02-23T21:17:32","slug":"moving-beyond-the-elcc-herd-november-call-b-espanol","status":"publish","type":"product","link":"https:\/\/multiofertasvip.com\/?product=moving-beyond-the-elcc-herd-november-call-b-espanol","title":{"rendered":"Moving Beyond The ELCC Herd November | Call #B (espa\u00f1ol)"},"content":{"rendered":"<p><span dir=\"auto\">\u00bfQu\u00e9 es un ELCC? \u00bfY c\u00f3mo has reaccionado ante esta &#8220;manada&#8221; que limita tus posibilidades?<\/span><\/p>\n<p><span dir=\"auto\">Echa un vistazo a You Got This de este mes para darte el gusto de tener la enorme libertad de dejar ir las dudas que has estado usando para detenerte&#8230; sin importar qui\u00e9n te sugiera que aceptes la duda.<\/span><\/p>\n<p><span dir=\"auto\">\u00bfEstar\u00edas dispuesto a preocuparte lo suficiente por TI (y por todos) como para elegir saber lo que sabes y dejar ir lo que no es verdad para ti?<\/span><\/p>\n","protected":false},"excerpt":{"rendered":"<p>\u00bfQu\u00e9 es un ELCC? \u00bfY c\u00f3mo has reaccionado ante esta &#8220;manada&#8221; que limita tus posibilidades? Echa un vistazo a You Got This de este mes para darte el gusto de tener la enorme libertad de dejar ir las dudas que has estado usando para detenerte&#8230; sin importar qui\u00e9n te sugiera que aceptes la duda. \u00bfEstar\u00edas [&#8230;]\n","protected":false},"featured_media":34600,"template":"","meta":{"_monsterinsights_skip_tracking":false,"_monsterinsights_sitenote_active":false,"_monsterinsights_sitenote_note":"","_monsterinsights_sitenote_category":0,"jetpack_post_was_ever_published":false,"jetpack_publicize_message":"","jetpack_publicize_feature_enabled":true,"jetpack_social_post_already_shared":false,"jetpack_social_options":{"image_generator_settings":{"template":"highway","default_image_id":0,"font":"","enabled":false},"version":2}},"product_brand":[],"product_cat":[122],"product_tag":[263,142,260,211,254,119,251,215,257,249,243,230,182,226,253,236,229,143,228,232,258,234,262,239,220,265,219,225,240,238,140,242,235,244,266,267,248,210,245,212,250,227,255,264,252,217,216,233,261,73,237,231,247,221,246,222,223,224,259,241,256,218,213,214,53],"class_list":{"0":"post-34598","1":"product","2":"type-product","3":"status-publish","4":"has-post-thumbnail","6":"product_cat-access-consciousness","7":"product_tag-animales","8":"product_tag-avanzado","9":"product_tag-biden","10":"product_tag-billetes","11":"product_tag-bitcoin","12":"product_tag-carrera","13":"product_tag-china","14":"product_tag-christopher-olivarrieta","15":"product_tag-cine","16":"product_tag-coranavirus","17":"product_tag-cultura","18":"product_tag-cursos","19":"product_tag-dinero","20":"product_tag-dios","21":"product_tag-dolar","22":"product_tag-enric-corbera","23":"product_tag-ensenanza-en-casa","24":"product_tag-entidades","25":"product_tag-escuela","26":"product_tag-especialidad","27":"product_tag-estrenos","28":"product_tag-estudios","29":"product_tag-facebook","30":"product_tag-famosos","31":"product_tag-free","32":"product_tag-gatos","33":"product_tag-gratis","34":"product_tag-guerra","35":"product_tag-humor","36":"product_tag-internet","37":"product_tag-jose-palomo","38":"product_tag-juegos","39":"product_tag-lavin","40":"product_tag-manga","41":"product_tag-mercado-libre","42":"product_tag-mercado-pago","43":"product_tag-meteorologia","44":"product_tag-moneda","45":"product_tag-musica","46":"product_tag-nuevo","47":"product_tag-omnicron","48":"product_tag-oracion","49":"product_tag-peliculas","50":"product_tag-perros","51":"product_tag-peso","52":"product_tag-porn","53":"product_tag-porno","54":"product_tag-profesional","55":"product_tag-putin","56":"product_tag-salud","57":"product_tag-sexo","58":"product_tag-talleres","59":"product_tag-television","60":"product_tag-terapias","61":"product_tag-trabajo","62":"product_tag-ucrania","63":"product_tag-ukrania","64":"product_tag-usa","65":"product_tag-vacuna","66":"product_tag-viajes","67":"product_tag-videos","68":"product_tag-xxx","69":"product_tag-youtube","70":"product_tag-youtube-yuen-guadalajara","71":"product_tag-yuen","73":"first","74":"instock","75":"downloadable","76":"virtual","77":"purchasable","78":"product-type-simple"},"jetpack_publicize_connections":[],"jetpack-related-posts":[{"id":34109,"url":"https:\/\/multiofertasvip.com\/?product=dinero-expres-para-ti-vera-carsi","url_meta":{"origin":34598,"position":0},"title":"Dinero Expr\u00e9s Para Ti-Vera Carsi","author":"multiofertasvip","date":"agosto 6, 2025","format":false,"excerpt":"Para que el dinero ya no duela: no hacerlo, ni no tenerlo ni conservarlo ni dejarlo ir. Para que deje de ser el eje y centro del universo. \u00bfPor qu\u00e9 es tan dif\u00edcil para ti tener dinero? \u00bfEs un castigo? \u00bfSe puede cambiar? \u00bfHay alg\u00fan secreto que las otras personas\u2026","rel":"","context":"Entrada similar","block_context":{"text":"Entrada similar","link":""},"img":{"alt_text":"","src":"https:\/\/i0.wp.com\/multiofertasvip.com\/wp-content\/uploads\/2025\/08\/vera-carsi-dinero-expres.png?fit=200%2C200&ssl=1&resize=350%2C200","width":350,"height":200},"classes":[]},{"id":34072,"url":"https:\/\/multiofertasvip.com\/?product=curso-intensivo-disolviendo-la-procrastinacion-mariana-fresnedo","url_meta":{"origin":34598,"position":1},"title":"Curso Intensivo Disolviendo la Procrastinaci\u00f3n Mariana Fresnedo","author":"multiofertasvip","date":"junio 25, 2025","format":false,"excerpt":"Si vives dejando todo para despu\u00e9s y constantemente te criticas a ti mismo por no tomar acci\u00f3n, pero no sabes c\u00f3mo salir de ese bucle interminable de \"lo har\u00e9 despu\u00e9s\"... \u00danete al Intensivo Disolviendo la Procrastinaci\u00f3n y toma la oportunidad de descubrir la ra\u00edz de la procrastinaci\u00f3n. Digamos adi\u00f3s a\u2026","rel":"","context":"Entrada similar","block_context":{"text":"Entrada similar","link":""},"img":{"alt_text":"","src":"https:\/\/i0.wp.com\/multiofertasvip.com\/wp-content\/uploads\/2025\/06\/procrasnitacion.jpg?fit=200%2C200&ssl=1&resize=350%2C200","width":350,"height":200},"classes":[]},{"id":31000,"url":"https:\/\/multiofertasvip.com\/?product=descodificacion-total-carlos-galvan-copia","url_meta":{"origin":34598,"position":2},"title":"Anti Terapia Or\u00edgen- V\u00edctor Brossah","author":"multiofertasvip","date":"octubre 15, 2023","format":false,"excerpt":"Lo primero que te diremos es que\u2026 no te dejes enga\u00f1ar por eso de que se trata de una ANTI TERAPIA \u00a0 Porque ORIGEN es la terapia m\u00e1s poderosa que existe al menos a la hora de sugestionar nuestro subconsciente. \u00bfQUIERES UNA PODEROSA HERRAMIENTA PARA LOGRAR REPROGRAMAR TU SUBCONSCIENTE CADA\u2026","rel":"","context":"Entrada similar","block_context":{"text":"Entrada similar","link":""},"img":{"alt_text":"","src":"https:\/\/i0.wp.com\/formaciones.brossahleyton.com\/wp\/wp-content\/uploads\/2023\/07\/MANOS_LUZ.png?resize=350%2C200&ssl=1","width":350,"height":200,"srcset":"https:\/\/i0.wp.com\/formaciones.brossahleyton.com\/wp\/wp-content\/uploads\/2023\/07\/MANOS_LUZ.png?resize=350%2C200&ssl=1 1x, https:\/\/i0.wp.com\/formaciones.brossahleyton.com\/wp\/wp-content\/uploads\/2023\/07\/MANOS_LUZ.png?resize=525%2C300&ssl=1 1.5x, https:\/\/i0.wp.com\/formaciones.brossahleyton.com\/wp\/wp-content\/uploads\/2023\/07\/MANOS_LUZ.png?resize=700%2C400&ssl=1 2x, https:\/\/i0.wp.com\/formaciones.brossahleyton.com\/wp\/wp-content\/uploads\/2023\/07\/MANOS_LUZ.png?resize=1050%2C600&ssl=1 3x"},"classes":[]},{"id":30912,"url":"https:\/\/multiofertasvip.com\/?product=alcanza-tus-suenos-marco-antonio-regil","url_meta":{"origin":34598,"position":3},"title":"Alcanza tus sue\u00f1os-Marco Antonio Regil","author":"multiofertasvip","date":"agosto 7, 2023","format":false,"excerpt":"Lleg\u00f3 el 2023 y con \u00e9l la motivaci\u00f3n de crecer, cambiar y salir adelante. Pero, \u00bfsab\u00edas que la mayor parte de la gente pierde el entusiasmo y abandona sus resoluciones o metas de a\u00f1o nuevo unas cuantas semanas despu\u00e9s de iniciarlo? \u00bfQuieres que este a\u00f1o sea diferente a los dem\u00e1s\u2026","rel":"","context":"Entrada similar","block_context":{"text":"Entrada similar","link":""},"img":{"alt_text":"Motivado y Feliz","src":"https:\/\/i0.wp.com\/marcoantonioregil.com\/wp-content\/uploads\/2023\/06\/Motivado-y-feliz-ATS-200x183.png?resize=350%2C200&ssl=1","width":350,"height":200},"classes":[]},{"id":32292,"url":"https:\/\/multiofertasvip.com\/?product=5-dias-de-jalones-energeticos-con-rocio-salgado","url_meta":{"origin":34598,"position":4},"title":"5 dias de Jalones Energeticos con Rocio Salgado","author":"multiofertasvip","date":"febrero 17, 2024","format":false,"excerpt":"5 d\u00edas de jalones\u00a0energ\u00e9ticos\u00a0+ S.O.P Taster grupal\u00a0por zoom (en vivo). Ejercicios de consciencia\u00a0para expandir tu recibir Limpieza energ\u00e9tica\u00a0de todo aquello que impide\u00a0\u00a0facilidad con el dinero, dejaremos ir juicios y puntos de vista limitantes.","rel":"","context":"Entrada similar","block_context":{"text":"Entrada similar","link":""},"img":{"alt_text":"","src":"https:\/\/i0.wp.com\/multiofertasvip.com\/wp-content\/uploads\/2024\/02\/rocio-salgado-1.png?fit=200%2C200&ssl=1&resize=350%2C200","width":350,"height":200},"classes":[]},{"id":34711,"url":"https:\/\/multiofertasvip.com\/?product=inicia-un-ano-prospero-%e2%9c%a8-la-energia-de-la-prosperidad-infinita-elma-galvan","url_meta":{"origin":34598,"position":5},"title":"Inicia un a\u00f1o pr\u00f3spero \u2728 La Energ\u00eda de la prosperidad infinita-Elma Galvan","author":"multiofertasvip","date":"enero 9, 2026","format":false,"excerpt":"\"Inicia un a\u00f1o pr\u00f3spero\" 7 Flujos Energ\u00e9ticos en vivo \u00bfY si este a\u00f1o pudiera comenzar desde la expansi\u00f3n, el recibir y la magia\u2026 en lugar del esfuerzo?Esta experiencia energ\u00e9tica te conecta con tu poder creador a trav\u00e9s de 7 Flujos Energ\u00e9ticos + SOP (Sinfon\u00eda de Posibilidades) taster grupal, en vivo\u2026","rel":"","context":"Entrada similar","block_context":{"text":"Entrada similar","link":""},"img":{"alt_text":"","src":"https:\/\/i0.wp.com\/multiofertasvip.com\/wp-content\/uploads\/2026\/01\/energia-de-la-prosperidad-infinita.jpg?fit=200%2C200&ssl=1&resize=350%2C200","width":350,"height":200},"classes":[]}],"jetpack_sharing_enabled":true,"jetpack_likes_enabled":true,"_links":{"self":[{"href":"https:\/\/multiofertasvip.com\/index.php?rest_route=\/wp\/v2\/product\/34598","targetHints":{"allow":["GET"]}}],"collection":[{"href":"https:\/\/multiofertasvip.com\/index.php?rest_route=\/wp\/v2\/product"}],"about":[{"href":"https:\/\/multiofertasvip.com\/index.php?rest_route=\/wp\/v2\/types\/product"}],"version-history":[{"count":1,"href":"https:\/\/multiofertasvip.com\/index.php?rest_route=\/wp\/v2\/product\/34598\/revisions"}],"predecessor-version":[{"id":34601,"href":"https:\/\/multiofertasvip.com\/index.php?rest_route=\/wp\/v2\/product\/34598\/revisions\/34601"}],"wp:featuredmedia":[{"embeddable":true,"href":"https:\/\/multiofertasvip.com\/index.php?rest_route=\/wp\/v2\/media\/34600"}],"wp:attachment":[{"href":"https:\/\/multiofertasvip.com\/index.php?rest_route=%2Fwp%2Fv2%2Fmedia&parent=34598"}],"wp:term":[{"taxonomy":"product_brand","embeddable":true,"href":"https:\/\/multiofertasvip.com\/index.php?rest_route=%2Fwp%2Fv2%2Fproduct_brand&post=34598"},{"taxonomy":"product_cat","embeddable":true,"href":"https:\/\/multiofertasvip.com\/index.php?rest_route=%2Fwp%2Fv2%2Fproduct_cat&post=34598"},{"taxonomy":"product_tag","embeddable":true,"href":"https:\/\/multiofertasvip.com\/index.php?rest_route=%2Fwp%2Fv2%2Fproduct_tag&post=34598"}],"curies":[{"name":"wp","href":"https:\/\/api.w.org\/{rel}","templated":true}]}}