{"id":34127,"date":"2025-08-07T11:59:09","date_gmt":"2025-08-07T17:29:09","guid":{"rendered":"https:\/\/multiofertasvip.com\/?post_type=product&#038;p=34127"},"modified":"2025-08-07T13:13:55","modified_gmt":"2025-08-07T18:43:55","slug":"curso-de-soul-communication-1-diana-arbol","status":"publish","type":"product","link":"https:\/\/multiofertasvip.com\/?product=curso-de-soul-communication-1-diana-arbol","title":{"rendered":"Curso de Soul Communication 1-Diana Arbol"},"content":{"rendered":"<p>Esta potente herramienta de autoconocimiento, que es el acceso a los Registros Ak\u00e1shicos, me ha llevado a profundizar en la tradicional Oraci\u00f3n Sagrada y descubrir adem\u00e1s otras 9 t\u00e9cnicas m\u00e1s de acceso a los Registros, creando as\u00ed el Curso Soul Communication 1: curso online de Registros Ak\u00e1shicos.<br \/>\nCon ellas podemos acceder a nuestro Akasha en nuestro cotidiano, en cualquier circunstancia en la que nos encontremos, para utilizarla como br\u00fajula hacia la manifestaci\u00f3n de nuestro Prop\u00f3sito de vida, nuestro Ikigai.<br \/>\nDesde el 2010 vengo ofreciendo los cursos online y presenciales de Registros Ak\u00e1shicos. En ellos profundizo a trav\u00e9s de mi propia experiencia y mi conocimiento de otras terapias, como las Constelaciones Familiares, la Radiestesia, o la Kinesiolog\u00eda.<\/p>\n<p>Mi visi\u00f3n es una versi\u00f3n ampliada, pr\u00e1ctica y sencilla de lo que significa acceder a nuestros Registros Ak\u00e1shicos en nuestra vida diaria.<br \/>\nAdem\u00e1s, para comprender en profundidad de qu\u00e9 se tratan, investigu\u00e9 en el aspecto cient\u00edfico a trav\u00e9s de los Campos Morfogen\u00e9ticos y el Campo Unificado.<\/p>\n<p>Pero tambi\u00e9n el aspecto m\u00e1s pr\u00e1ctico e importante:<\/p>\n<p>Saber distinguir las voces internas: nuestra Alma, nuestro Ego y nuestra Consciencia. Para comprender a qu\u00e9 \u201cvoces\u201d hay que hacer caso en cada momento.<br \/>\nY lo reun\u00ed todo en un solo lugar, para que el curso realmente sea 100% \u00fatil y pr\u00e1ctico.<\/p>\n<p>Al ser tan distinto a los que se ofrec\u00edan normalmente, mi propio Akasha me sugiri\u00f3 cambiar de nombre al curso y por eso, ahora se denomina Soul Communication. Porque se trata de saber escuchar y aprender a establecer un di\u00e1logo con nuestra Alma en nuestra vida diaria.<br \/>\n\u00bfQu\u00e9 vas a aprender?<br \/>\nEl primer nivel se aprende a c\u00f3mo acceder a esa informaci\u00f3n sagrada, y adem\u00e1s est\u00e1 enfocado en aprender a romper las limitantes barreras que el ego nos impone para que no nos creamos la informaci\u00f3n que nos llega.<\/p>\n<p>As\u00ed que este primer nivel est\u00e1 muy centrado en aprender diversas maneras de acceso y c\u00f3mo derribar ese muro de dudas y aprender a dilucidar y a confiar en que la informaci\u00f3n que nos llega es ver\u00eddica.<br \/>\nEn este curso no se aprende a\u00fan a realizar abrir los Registros de otras personas, pero s\u00ed a poder facilitar la informaci\u00f3n a trav\u00e9s de nuestro propio Registro.<\/p>\n<p>Para poder hacer lecturas profesionales, debes haber cursado el primer y segundo niveles.<\/p>\n<p>Cu\u00e1ndo comenzar\u00e1s a ver resultados<br \/>\nDesde la primera pr\u00e1ctica notar\u00e1s como tu consciencia e intuici\u00f3n aumentan progresivamente: tanto de los acontecimientos de tu pasado, desde los que podr\u00e1s distinguir tus vidas anteriores, como ser consciente de c\u00f3mo cada momento presente es una decisi\u00f3n que puedes tomar desde tu Alma, no desde tu Ego.<br \/>\nEntonces tu vida comenzar\u00e1 a cambiar, hacia un lugar de mayor consciencia y sinton\u00eda con su verdadero Prop\u00f3sito.<\/p>\n<p>Progresivamente ir\u00e1s integrando 10 t\u00e9cnicas distintas para poder acceder a la informaci\u00f3n de tu Registro Ak\u00e1shico para poder acceder a \u00e9l de la manera m\u00e1s f\u00e1cil y pr\u00e1ctica en tu vida diaria y que se convierta en la br\u00fajula que gu\u00ede siempre tus pasos hacia la prosperidad y plenitud.<br \/>\n\ue97b<\/p>\n","protected":false},"excerpt":{"rendered":"<p>Esta potente herramienta de autoconocimiento, que es el acceso a los Registros Ak\u00e1shicos, me ha llevado a profundizar en la tradicional Oraci\u00f3n Sagrada y descubrir adem\u00e1s otras 9 t\u00e9cnicas m\u00e1s de acceso a los Registros, creando as\u00ed el Curso Soul Communication 1: curso online de Registros Ak\u00e1shicos. Con ellas podemos acceder a nuestro Akasha en [&#8230;]\n","protected":false},"featured_media":34129,"template":"","meta":{"_monsterinsights_skip_tracking":false,"_monsterinsights_sitenote_active":false,"_monsterinsights_sitenote_note":"","_monsterinsights_sitenote_category":0,"jetpack_post_was_ever_published":false,"jetpack_publicize_message":"","jetpack_publicize_feature_enabled":true,"jetpack_social_post_already_shared":true,"jetpack_social_options":{"image_generator_settings":{"template":"highway","default_image_id":0,"font":"","enabled":false},"version":2}},"product_brand":[],"product_cat":[32],"product_tag":[263,142,260,211,254,119,251,215,257,249,243,230,182,226,253,236,229,143,228,232,258,234,262,239,220,265,219,225,240,238,140,242,235,244,266,267,248,210,245,212,250,227,255,264,252,217,216,233,261,73,237,231,247,221,246,222,223,224,259,241,256,218,213,214,53],"class_list":{"0":"post-34127","1":"product","2":"type-product","3":"status-publish","4":"has-post-thumbnail","6":"product_cat-sanacion","7":"product_tag-animales","8":"product_tag-avanzado","9":"product_tag-biden","10":"product_tag-billetes","11":"product_tag-bitcoin","12":"product_tag-carrera","13":"product_tag-china","14":"product_tag-christopher-olivarrieta","15":"product_tag-cine","16":"product_tag-coranavirus","17":"product_tag-cultura","18":"product_tag-cursos","19":"product_tag-dinero","20":"product_tag-dios","21":"product_tag-dolar","22":"product_tag-enric-corbera","23":"product_tag-ensenanza-en-casa","24":"product_tag-entidades","25":"product_tag-escuela","26":"product_tag-especialidad","27":"product_tag-estrenos","28":"product_tag-estudios","29":"product_tag-facebook","30":"product_tag-famosos","31":"product_tag-free","32":"product_tag-gatos","33":"product_tag-gratis","34":"product_tag-guerra","35":"product_tag-humor","36":"product_tag-internet","37":"product_tag-jose-palomo","38":"product_tag-juegos","39":"product_tag-lavin","40":"product_tag-manga","41":"product_tag-mercado-libre","42":"product_tag-mercado-pago","43":"product_tag-meteorologia","44":"product_tag-moneda","45":"product_tag-musica","46":"product_tag-nuevo","47":"product_tag-omnicron","48":"product_tag-oracion","49":"product_tag-peliculas","50":"product_tag-perros","51":"product_tag-peso","52":"product_tag-porn","53":"product_tag-porno","54":"product_tag-profesional","55":"product_tag-putin","56":"product_tag-salud","57":"product_tag-sexo","58":"product_tag-talleres","59":"product_tag-television","60":"product_tag-terapias","61":"product_tag-trabajo","62":"product_tag-ucrania","63":"product_tag-ukrania","64":"product_tag-usa","65":"product_tag-vacuna","66":"product_tag-viajes","67":"product_tag-videos","68":"product_tag-xxx","69":"product_tag-youtube","70":"product_tag-youtube-yuen-guadalajara","71":"product_tag-yuen","73":"first","74":"instock","75":"downloadable","76":"virtual","77":"purchasable","78":"product-type-simple"},"jetpack_publicize_connections":[],"jetpack-related-posts":[{"id":34131,"url":"https:\/\/multiofertasvip.com\/?product=curso-de-soul-communication-2-diana-arbol","url_meta":{"origin":34127,"position":0},"title":"Curso de Soul Communication 2-Diana Arbol","author":"multiofertasvip","date":"agosto 7, 2025","format":false,"excerpt":"Despu\u00e9s de haber integrado las 9 t\u00e9cnicas de acceso al Registro Ak\u00e1shico, aprender\u00e1s a acompa\u00f1ar a otros hacia el descubrimiento de su Ikigai, del descubrimiento del sentido de lo ocurrido en su vida, de sus relaciones, de los aprendizajes que a\u00fan necesita hacer, as\u00ed como del Origen y Prop\u00f3sito de\u2026","rel":"","context":"Entrada similar","block_context":{"text":"Entrada similar","link":""},"img":{"alt_text":"","src":"https:\/\/i0.wp.com\/multiofertasvip.com\/wp-content\/uploads\/2025\/08\/Ikigai2.png?fit=200%2C200&ssl=1&resize=350%2C200","width":350,"height":200},"classes":[]},{"id":30468,"url":"https:\/\/multiofertasvip.com\/?product=curso-lector-de-registros-akashicos-nivel-1-2-y-3","url_meta":{"origin":34127,"position":1},"title":"Curso Lector de Registros Akashicos Nivel 1, 2 y 3","author":"multiofertasvip","date":"octubre 5, 2022","format":false,"excerpt":"\u00a0 \u00a0 \u00a0 \u00a0","rel":"","context":"Entrada similar","block_context":{"text":"Entrada similar","link":""},"img":{"alt_text":"","src":"https:\/\/i0.wp.com\/multiofertasvip.com\/wp-content\/uploads\/2022\/10\/rakashicos.jpg?fit=200%2C200&ssl=1&resize=350%2C200","width":350,"height":200},"classes":[]},{"id":34695,"url":"https:\/\/multiofertasvip.com\/?product=consulta-tus-registros-akashicos-assaya","url_meta":{"origin":34127,"position":2},"title":"Consulta tus REGISTROS AKASHICOS-Assaya","author":"multiofertasvip","date":"enero 8, 2026","format":false,"excerpt":"Temario \u2665 Los Registros Akashicos son la \" la Biblioteca Et\u00e9rica\" donde est\u00e1 toda la informaci\u00f3n de todo, de todos y de siempre ... desde que empezaste con tu ciclo de encarnaciones. \u2665 Consultando tus Registros Akashikos puedes ver informaci\u00f3n importante que te permite entender porque est\u00e1s pasando por ciertas\u2026","rel":"","context":"Entrada similar","block_context":{"text":"Entrada similar","link":""},"img":{"alt_text":"","src":"https:\/\/i0.wp.com\/multiofertasvip.com\/wp-content\/uploads\/2026\/01\/registros-akashicos.jpg?fit=200%2C200&ssl=1&resize=350%2C200","width":350,"height":200},"classes":[]},{"id":35085,"url":"https:\/\/multiofertasvip.com\/?product=diplomado-en-registros-akashicos-de-lector-a-maestro-tienditadelalma","url_meta":{"origin":34127,"position":3},"title":"Diplomado en Registros Ak\u00e1shicos (de Lector a Maestro)-Tienditadelalma","author":"multiofertasvip","date":"marzo 15, 2026","format":false,"excerpt":"\u00a0 \u00a0 \u00a0 \u00a0","rel":"","context":"Entrada similar","block_context":{"text":"Entrada similar","link":""},"img":{"alt_text":"","src":"https:\/\/i0.wp.com\/multiofertasvip.com\/wp-content\/uploads\/2026\/03\/registros-akashicos-1-y-2.jpg?fit=200%2C200&ssl=1&resize=350%2C200","width":350,"height":200},"classes":[]},{"id":30672,"url":"https:\/\/multiofertasvip.com\/?product=metodo-ahava-radiestesia-diferencial-y-efectiva-adriana-echeverri","url_meta":{"origin":34127,"position":4},"title":"M\u00e9todo AHAVA &#8211; Radiestesia Diferencial y Efectiva-Adriana Echeverri","author":"multiofertasvip","date":"enero 9, 2023","format":false,"excerpt":"\u00a1MIRA TODO LO QUE TE LLEVAS! M\u00f3dulo 1: Acercamiento a la Radiestesia: \u00a0 Fundamentos de radiestesia Instrumentos radiest\u00e9sicos P\u00e9ndulo: fundamentos, programaci\u00f3n y trabajo con p\u00e9ndulo Norte magn\u00e9tico y forma correcta de hacer preguntas Gr\u00e1ficos de radiestesia: fundamentos y s funcionamiento Bi\u00f3metros: fundamentos, funcionamiento y creaci\u00f3n Testigos: crear, limpiar y potencializar\u2026","rel":"","context":"Entrada similar","block_context":{"text":"Entrada similar","link":""},"img":{"alt_text":"","src":"https:\/\/i0.wp.com\/productoselite.net\/wp-content\/uploads\/2022\/12\/Acercamiento-a-la-radiestesia.jpg?resize=350%2C200&ssl=1","width":350,"height":200},"classes":[]},{"id":35209,"url":"https:\/\/multiofertasvip.com\/?product=mastermind-la-mente-maestra-eduardo-dharma-yoel-2","url_meta":{"origin":34127,"position":5},"title":"Mastermind La Mente Maestra Eduardo Dharma Yoel","author":"multiofertasvip","date":"marzo 20, 2026","format":false,"excerpt":"\u00a0 \u00a0 \u00a0 \u00a0 \u00a0 \u00a0 \u00a0","rel":"","context":"Entrada similar","block_context":{"text":"Entrada similar","link":""},"img":{"alt_text":"","src":"https:\/\/i0.wp.com\/multiofertasvip.com\/wp-content\/uploads\/2026\/03\/mastermind.png?fit=200%2C200&ssl=1&resize=350%2C200","width":350,"height":200},"classes":[]}],"jetpack_sharing_enabled":false,"jetpack_likes_enabled":false,"_links":{"self":[{"href":"https:\/\/multiofertasvip.com\/index.php?rest_route=\/wp\/v2\/product\/34127","targetHints":{"allow":["GET"]}}],"collection":[{"href":"https:\/\/multiofertasvip.com\/index.php?rest_route=\/wp\/v2\/product"}],"about":[{"href":"https:\/\/multiofertasvip.com\/index.php?rest_route=\/wp\/v2\/types\/product"}],"version-history":[{"count":1,"href":"https:\/\/multiofertasvip.com\/index.php?rest_route=\/wp\/v2\/product\/34127\/revisions"}],"predecessor-version":[{"id":34130,"href":"https:\/\/multiofertasvip.com\/index.php?rest_route=\/wp\/v2\/product\/34127\/revisions\/34130"}],"wp:featuredmedia":[{"embeddable":true,"href":"https:\/\/multiofertasvip.com\/index.php?rest_route=\/wp\/v2\/media\/34129"}],"wp:attachment":[{"href":"https:\/\/multiofertasvip.com\/index.php?rest_route=%2Fwp%2Fv2%2Fmedia&parent=34127"}],"wp:term":[{"taxonomy":"product_brand","embeddable":true,"href":"https:\/\/multiofertasvip.com\/index.php?rest_route=%2Fwp%2Fv2%2Fproduct_brand&post=34127"},{"taxonomy":"product_cat","embeddable":true,"href":"https:\/\/multiofertasvip.com\/index.php?rest_route=%2Fwp%2Fv2%2Fproduct_cat&post=34127"},{"taxonomy":"product_tag","embeddable":true,"href":"https:\/\/multiofertasvip.com\/index.php?rest_route=%2Fwp%2Fv2%2Fproduct_tag&post=34127"}],"curies":[{"name":"wp","href":"https:\/\/api.w.org\/{rel}","templated":true}]}}