{"id":34072,"date":"2025-06-25T14:40:27","date_gmt":"2025-06-25T20:10:27","guid":{"rendered":"https:\/\/multiofertasvip.com\/?post_type=product&#038;p=34072"},"modified":"2025-06-25T14:44:56","modified_gmt":"2025-06-25T20:14:56","slug":"curso-intensivo-disolviendo-la-procrastinacion-mariana-fresnedo","status":"publish","type":"product","link":"https:\/\/multiofertasvip.com\/?product=curso-intensivo-disolviendo-la-procrastinacion-mariana-fresnedo","title":{"rendered":"Curso Intensivo Disolviendo la Procrastinaci\u00f3n Mariana Fresnedo"},"content":{"rendered":"<p>Si vives dejando todo para despu\u00e9s y constantemente te criticas a ti mismo por no tomar acci\u00f3n, pero no sabes c\u00f3mo salir de ese bucle interminable de &#8220;lo har\u00e9 despu\u00e9s&#8221;&#8230;<\/p>\n<p>\u00danete al Intensivo Disolviendo la Procrastinaci\u00f3n y toma la oportunidad de descubrir la ra\u00edz de la procrastinaci\u00f3n.<\/p>\n<p>Digamos adi\u00f3s a las excusas y hola a la acci\u00f3n.<br \/>\nESTE INTENSIVO ES PARA TI S\u00cd:<br \/>\nQuieres transformar el concepto que tienes del tiempo eliminando la presi\u00f3n que te genera.<br \/>\nNecesitas salir del espiral de pocas posibilidades y por lo tanto de las pocas acciones alineadas a tu visi\u00f3n.<br \/>\nQuieres empezar a crear pero te cuesta demasiado tomar acci\u00f3n.<br \/>\nEst\u00e1s listx para reconectar con tu compromiso personal.<br \/>\nQuieres aprender herramientas para cuando aparezca la procrastinaci\u00f3n.<br \/>\nDeseas priorizar con lo que es verdaderamente relevante en tu vida y est\u00e1s decididx a atravesar la incomodidad que supone atreverte a moverte de lugar.<br \/>\nQuieres encontrar la manera en la que sea ligero para ti trabajar.<br \/>\nNecesitas salirte del ciclo de la desmotivaci\u00f3n que aparece en tu vida y encontrar la ra\u00edz por la que esto sucede.<br \/>\nQuieres comprometerte a cambiar tus h\u00e1bitos y patrones de pensamiento.<br \/>\n\u00bfQu\u00e9 logras cuando eliminas la procrastinaci\u00f3n de tu d\u00eda a d\u00eda?<br \/>\nSaber qu\u00e9 hacer si la procrastinaci\u00f3n se vuelve a activar.<\/p>\n<p>Esto es poderoso, porque al saber que puedes hacer algo, ya no te paraliza.<br \/>\nEncuentras la motivaci\u00f3n que necesitas para ir hacia tu prop\u00f3sito y desencadenar un flow de energ\u00eda creativa en tu vida.<br \/>\nSaber c\u00f3mo conectar con la pasi\u00f3n por crear.<br \/>\nQue el s\u00edndrome del impostor deje de frenar tus proyectos y ambiciones.<br \/>\nEncontrar distintas maneras de poner tu energ\u00eda a trabajar en tus metas y sue\u00f1os.<br \/>\nDejar de agotar todo el tiempo disponible trabajando sin parar para tener tiempo de sobra para descansar sin culpa.<br \/>\nIniciar un nuevo camino en el que la procrastinaci\u00f3n ya no es la protagonista de tu vida.<br \/>\nDeshacerte de las fugas energ\u00e9ticas que te impiden poner las manos a la obra.<\/p>\n","protected":false},"excerpt":{"rendered":"<p>Si vives dejando todo para despu\u00e9s y constantemente te criticas a ti mismo por no tomar acci\u00f3n, pero no sabes c\u00f3mo salir de ese bucle interminable de &#8220;lo har\u00e9 despu\u00e9s&#8221;&#8230; \u00danete al Intensivo Disolviendo la Procrastinaci\u00f3n y toma la oportunidad de descubrir la ra\u00edz de la procrastinaci\u00f3n. Digamos adi\u00f3s a las excusas y hola a [&#8230;]\n","protected":false},"featured_media":34074,"template":"","meta":{"_monsterinsights_skip_tracking":false,"_monsterinsights_sitenote_active":false,"_monsterinsights_sitenote_note":"","_monsterinsights_sitenote_category":0,"jetpack_post_was_ever_published":false,"jetpack_publicize_message":"","jetpack_publicize_feature_enabled":true,"jetpack_social_post_already_shared":true,"jetpack_social_options":{"image_generator_settings":{"template":"highway","default_image_id":0,"font":"","enabled":false},"version":2}},"product_brand":[],"product_cat":[96,32],"product_tag":[263,142,260,211,254,119,251,215,257,249,243,230,182,226,253,236,229,143,228,232,258,234,262,239,220,265,219,225,240,238,140,242,235,244,266,267,248,210,245,212,250,227,255,264,252,217,216,233,261,73,237,231,247,221,246,222,223,224,259,241,256,218,213,214,53],"class_list":{"0":"post-34072","1":"product","2":"type-product","3":"status-publish","4":"has-post-thumbnail","6":"product_cat-biomagnetismo","7":"product_cat-sanacion","8":"product_tag-animales","9":"product_tag-avanzado","10":"product_tag-biden","11":"product_tag-billetes","12":"product_tag-bitcoin","13":"product_tag-carrera","14":"product_tag-china","15":"product_tag-christopher-olivarrieta","16":"product_tag-cine","17":"product_tag-coranavirus","18":"product_tag-cultura","19":"product_tag-cursos","20":"product_tag-dinero","21":"product_tag-dios","22":"product_tag-dolar","23":"product_tag-enric-corbera","24":"product_tag-ensenanza-en-casa","25":"product_tag-entidades","26":"product_tag-escuela","27":"product_tag-especialidad","28":"product_tag-estrenos","29":"product_tag-estudios","30":"product_tag-facebook","31":"product_tag-famosos","32":"product_tag-free","33":"product_tag-gatos","34":"product_tag-gratis","35":"product_tag-guerra","36":"product_tag-humor","37":"product_tag-internet","38":"product_tag-jose-palomo","39":"product_tag-juegos","40":"product_tag-lavin","41":"product_tag-manga","42":"product_tag-mercado-libre","43":"product_tag-mercado-pago","44":"product_tag-meteorologia","45":"product_tag-moneda","46":"product_tag-musica","47":"product_tag-nuevo","48":"product_tag-omnicron","49":"product_tag-oracion","50":"product_tag-peliculas","51":"product_tag-perros","52":"product_tag-peso","53":"product_tag-porn","54":"product_tag-porno","55":"product_tag-profesional","56":"product_tag-putin","57":"product_tag-salud","58":"product_tag-sexo","59":"product_tag-talleres","60":"product_tag-television","61":"product_tag-terapias","62":"product_tag-trabajo","63":"product_tag-ucrania","64":"product_tag-ukrania","65":"product_tag-usa","66":"product_tag-vacuna","67":"product_tag-viajes","68":"product_tag-videos","69":"product_tag-xxx","70":"product_tag-youtube","71":"product_tag-youtube-yuen-guadalajara","72":"product_tag-yuen","74":"first","75":"instock","76":"downloadable","77":"virtual","78":"purchasable","79":"product-type-simple"},"jetpack_publicize_connections":[],"jetpack-related-posts":[{"id":35339,"url":"https:\/\/multiofertasvip.com\/?product=plan-40-dias-para-vivir-con-abundancia-sergio-fernandez-2","url_meta":{"origin":34072,"position":0},"title":"Plan 40 d\u00edas para Vivir con Abundancia \u2013 S\u00e9rgio Fern\u00e1ndez","author":"multiofertasvip","date":"abril 1, 2026","format":false,"excerpt":"\u00a0 \u00a0 \u00a0 \u00a0 \u00a0 \u00a0 \u00a0","rel":"","context":"Entrada similar","block_context":{"text":"Entrada similar","link":""},"img":{"alt_text":"","src":"https:\/\/i0.wp.com\/multiofertasvip.com\/wp-content\/uploads\/2026\/04\/plan-40-dias.jpg?fit=200%2C200&ssl=1&resize=350%2C200","width":350,"height":200},"classes":[]},{"id":35359,"url":"https:\/\/multiofertasvip.com\/?product=masterclass-como-manifestar-y-crear-la-vida-de-tus-suenos-lain-garcia-calvo-2","url_meta":{"origin":34072,"position":1},"title":"MasterClass Como Manifestar Y Crear La Vida De Tus Sue\u00f1os \u2013 Lain Garc\u00eda Calvo","author":"multiofertasvip","date":"abril 1, 2026","format":false,"excerpt":"\u00a0 \u00a0 \u00a0 \u00a0 \u00a0 \u00a0 \u00a0","rel":"","context":"Entrada similar","block_context":{"text":"Entrada similar","link":""},"img":{"alt_text":"","src":"https:\/\/i0.wp.com\/multiofertasvip.com\/wp-content\/uploads\/2026\/04\/como-manifestar.jpg?fit=200%2C200&ssl=1&resize=350%2C200","width":350,"height":200},"classes":[]},{"id":33515,"url":"https:\/\/multiofertasvip.com\/?product=felicidad-sin-deudas-3-0-tatiana-arias","url_meta":{"origin":34072,"position":2},"title":"Felicidad Sin Deudas 3.0 Tatiana Arias","author":"multiofertasvip","date":"diciembre 19, 2024","format":false,"excerpt":"Felicidad sin Deudas 3.0 \u00a0\u201cHas Pensado Alguna Vez en Qu\u00e9 Har\u00edas Si el Dinero No Fuera un Problema\u201d \u00bfC\u00f3mo Ser\u00eda Tu Vida si No Tuvieras que Volver a Preocuparte por Pagar Deudas o por estar en D\u00e9ficit? \u00bfC\u00f3mo ser\u00eda tu vida si tuvieras Tranquilidad Financiera? \u00a0 \u00a0 \u00a0 \u00a0 \u00a0\u2026","rel":"","context":"Entrada similar","block_context":{"text":"Entrada similar","link":""},"img":{"alt_text":"","src":"https:\/\/i0.wp.com\/s3.amazonaws.com\/kajabi-storefronts-production\/site\/1912\/images\/nkf9h440ROCq75GCbBy2_Screen%20Shot%202016-06-05%20at%209.53.10%20PM.png?resize=350%2C200&ssl=1","width":350,"height":200},"classes":[]},{"id":33510,"url":"https:\/\/multiofertasvip.com\/?product=academia-de-riqueza-tatiana-arias","url_meta":{"origin":34072,"position":3},"title":"Academia de Riqueza Tatiana Arias","author":"multiofertasvip","date":"diciembre 19, 2024","format":false,"excerpt":"La \u00danica Comunidad del Mercado Hispano\u2026 La\u00a0F\u00f3rmula Paso a Paso\u00a0para Crear Riqueza y poder vivir en plena Libertad y Tranquilidad Financiera (te encuentres en la situaci\u00f3n que te encuentres).\u00a0\u00a0Aprende c\u00f3mo hacer para que el dinero\u00a0trabaje para ti hoy mismo. \u00a0\u00a0Lo que conseguir\u00e1s con este programa pr\u00e1ctico y concreto \u00a1Felicitaciones! Hoy\u2026","rel":"","context":"Entrada similar","block_context":{"text":"Entrada similar","link":""},"img":{"alt_text":"","src":"https:\/\/i0.wp.com\/multiofertasvip.com\/wp-content\/uploads\/2024\/12\/academia-de-riqueza.jpg?fit=200%2C200&ssl=1&resize=350%2C200","width":350,"height":200},"classes":[]},{"id":35491,"url":"https:\/\/multiofertasvip.com\/?product=creando-riqueza-11-y-12-de-abril-2026-seminario-de-inversiones-alejandro-cardona-2","url_meta":{"origin":34072,"position":4},"title":"Creando Riqueza 11 y 12 de Abril 2026 \u2013 Seminario de inversiones-Alejandro Cardona","author":"multiofertasvip","date":"abril 14, 2026","format":false,"excerpt":"Este entrenamiento intensivo est\u00e1 dise\u00f1ado para quienes buscan llevar sus finanzas al siguiente nivel y comenzar a invertir de manera estrat\u00e9gica en la bolsa de valores. A lo largo de este seminario, se abordan los principios fundamentales para identificar oportunidades reales de inversi\u00f3n, comprender el comportamiento del mercado y tomar\u2026","rel":"","context":"Entrada similar","block_context":{"text":"Entrada similar","link":""},"img":{"alt_text":"","src":"https:\/\/i0.wp.com\/multiofertasvip.com\/wp-content\/uploads\/2023\/04\/seminario-de-inversionistas.jpg?fit=200%2C200&ssl=1&resize=350%2C200","width":350,"height":200},"classes":[]},{"id":34495,"url":"https:\/\/multiofertasvip.com\/?product=marthas-menopause-movement-2025-martha-debayle","url_meta":{"origin":34072,"position":5},"title":"Martha&#8217;s Menopause Movement 2025-Martha Debayle","author":"multiofertasvip","date":"octubre 27, 2025","format":false,"excerpt":"Chicas!!! Si algo amamos es darles la informaci\u00f3n m\u00e1s top y rigurosa para que tomen las riendas de su vida. Y si hay un tema urgente, crucial y que se ha vivido en la desinformaci\u00f3n es la menopausia.\u00a0Pero gracias a Martha\u2019s Menopause Movement se acab\u00f3 eso de esperar en silencio\u2026","rel":"","context":"Entrada similar","block_context":{"text":"Entrada similar","link":""},"img":{"alt_text":"","src":"https:\/\/i0.wp.com\/multiofertasvip.com\/wp-content\/uploads\/2025\/10\/MENOPAUSE.png?fit=200%2C200&ssl=1&resize=350%2C200","width":350,"height":200},"classes":[]}],"jetpack_sharing_enabled":false,"jetpack_likes_enabled":false,"_links":{"self":[{"href":"https:\/\/multiofertasvip.com\/index.php?rest_route=\/wp\/v2\/product\/34072","targetHints":{"allow":["GET"]}}],"collection":[{"href":"https:\/\/multiofertasvip.com\/index.php?rest_route=\/wp\/v2\/product"}],"about":[{"href":"https:\/\/multiofertasvip.com\/index.php?rest_route=\/wp\/v2\/types\/product"}],"version-history":[{"count":2,"href":"https:\/\/multiofertasvip.com\/index.php?rest_route=\/wp\/v2\/product\/34072\/revisions"}],"predecessor-version":[{"id":34077,"href":"https:\/\/multiofertasvip.com\/index.php?rest_route=\/wp\/v2\/product\/34072\/revisions\/34077"}],"wp:featuredmedia":[{"embeddable":true,"href":"https:\/\/multiofertasvip.com\/index.php?rest_route=\/wp\/v2\/media\/34074"}],"wp:attachment":[{"href":"https:\/\/multiofertasvip.com\/index.php?rest_route=%2Fwp%2Fv2%2Fmedia&parent=34072"}],"wp:term":[{"taxonomy":"product_brand","embeddable":true,"href":"https:\/\/multiofertasvip.com\/index.php?rest_route=%2Fwp%2Fv2%2Fproduct_brand&post=34072"},{"taxonomy":"product_cat","embeddable":true,"href":"https:\/\/multiofertasvip.com\/index.php?rest_route=%2Fwp%2Fv2%2Fproduct_cat&post=34072"},{"taxonomy":"product_tag","embeddable":true,"href":"https:\/\/multiofertasvip.com\/index.php?rest_route=%2Fwp%2Fv2%2Fproduct_tag&post=34072"}],"curies":[{"name":"wp","href":"https:\/\/api.w.org\/{rel}","templated":true}]}}