{"id":33984,"date":"2025-05-30T13:30:01","date_gmt":"2025-05-30T19:00:01","guid":{"rendered":"https:\/\/multiofertasvip.com\/?post_type=product&#038;p=33984"},"modified":"2025-06-24T18:01:17","modified_gmt":"2025-06-24T23:31:17","slug":"terapia-biomagnetismo-mapas-mentales-paolo","status":"publish","type":"product","link":"https:\/\/multiofertasvip.com\/?product=terapia-biomagnetismo-mapas-mentales-paolo","title":{"rendered":"Terapia Biomagnetismo Mapas Mentales-Paolo"},"content":{"rendered":"<p>Descubre c\u00f3mo transformar tu salud y bienestar con esta gu\u00eda visual completa de biomagnetismo. Dise\u00f1ada para facilitar el aprendizaje y aplicaci\u00f3n del biomagnetismo, esta herramienta incluye m\u00e1s de 100 mapas mentales que desglosan desde conceptos fundamentales hasta protocolos avanzados de tratamiento.<\/p>\n<p>Cada mapa mental est\u00e1 cuidadosamente organizado para que puedas entender y aplicar las t\u00e9cnicas de manera sencilla y sin complicaciones. Desde la lista de pares magn\u00e9ticos hasta las recomendaciones de uso y tratamientos espec\u00edficos, esta gu\u00eda convierte la teor\u00eda en pr\u00e1ctica, permiti\u00e9ndote equilibrar tu energ\u00eda, mejorar tu bienestar y aliviar diversas afecciones de forma natural.<\/p>\n<p>Ideal tanto para principiantes como para aquellos con experiencia en terapias alternativas, &#8220;Terapia de Biomagnetismo&#8221; es la referencia visual definitiva para quienes buscan una forma accesible y efectiva de integrar el biomagnetismo en su vida diaria.<\/p>\n","protected":false},"excerpt":{"rendered":"<p>Descubre c\u00f3mo transformar tu salud y bienestar con esta gu\u00eda visual completa de biomagnetismo. Dise\u00f1ada para facilitar el aprendizaje y aplicaci\u00f3n del biomagnetismo, esta herramienta incluye m\u00e1s de 100 mapas mentales que desglosan desde conceptos fundamentales hasta protocolos avanzados de tratamiento. Cada mapa mental est\u00e1 cuidadosamente organizado para que puedas entender y aplicar las t\u00e9cnicas [&#8230;]\n","protected":false},"featured_media":33987,"template":"","meta":{"_monsterinsights_skip_tracking":false,"_monsterinsights_sitenote_active":false,"_monsterinsights_sitenote_note":"","_monsterinsights_sitenote_category":0,"jetpack_post_was_ever_published":false,"jetpack_publicize_message":"","jetpack_publicize_feature_enabled":true,"jetpack_social_post_already_shared":true,"jetpack_social_options":{"image_generator_settings":{"template":"highway","default_image_id":0,"font":"","enabled":false},"version":2}},"product_brand":[],"product_cat":[96],"product_tag":[263,142,260,211,254,119,251,215,257,249,243,230,182,226,253,236,229,143,228,232,258,234,262,239,220,265,219,225,240,238,140,242,235,244,266,267,248,210,245,212,250,227,255,264,252,217,216,233,261,73,237,231,247,221,246,222,223,224,259,241,256,218,213,214,53],"class_list":{"0":"post-33984","1":"product","2":"type-product","3":"status-publish","4":"has-post-thumbnail","6":"product_cat-biomagnetismo","7":"product_tag-animales","8":"product_tag-avanzado","9":"product_tag-biden","10":"product_tag-billetes","11":"product_tag-bitcoin","12":"product_tag-carrera","13":"product_tag-china","14":"product_tag-christopher-olivarrieta","15":"product_tag-cine","16":"product_tag-coranavirus","17":"product_tag-cultura","18":"product_tag-cursos","19":"product_tag-dinero","20":"product_tag-dios","21":"product_tag-dolar","22":"product_tag-enric-corbera","23":"product_tag-ensenanza-en-casa","24":"product_tag-entidades","25":"product_tag-escuela","26":"product_tag-especialidad","27":"product_tag-estrenos","28":"product_tag-estudios","29":"product_tag-facebook","30":"product_tag-famosos","31":"product_tag-free","32":"product_tag-gatos","33":"product_tag-gratis","34":"product_tag-guerra","35":"product_tag-humor","36":"product_tag-internet","37":"product_tag-jose-palomo","38":"product_tag-juegos","39":"product_tag-lavin","40":"product_tag-manga","41":"product_tag-mercado-libre","42":"product_tag-mercado-pago","43":"product_tag-meteorologia","44":"product_tag-moneda","45":"product_tag-musica","46":"product_tag-nuevo","47":"product_tag-omnicron","48":"product_tag-oracion","49":"product_tag-peliculas","50":"product_tag-perros","51":"product_tag-peso","52":"product_tag-porn","53":"product_tag-porno","54":"product_tag-profesional","55":"product_tag-putin","56":"product_tag-salud","57":"product_tag-sexo","58":"product_tag-talleres","59":"product_tag-television","60":"product_tag-terapias","61":"product_tag-trabajo","62":"product_tag-ucrania","63":"product_tag-ukrania","64":"product_tag-usa","65":"product_tag-vacuna","66":"product_tag-viajes","67":"product_tag-videos","68":"product_tag-xxx","69":"product_tag-youtube","70":"product_tag-youtube-yuen-guadalajara","71":"product_tag-yuen","73":"first","74":"instock","75":"downloadable","76":"virtual","77":"purchasable","78":"product-type-simple"},"jetpack_publicize_connections":[],"jetpack-related-posts":[{"id":35258,"url":"https:\/\/multiofertasvip.com\/?product=curso-basico-de-biomagnetismo-celia-garcia-2","url_meta":{"origin":33984,"position":0},"title":"Curso B\u00e1sico de Biomagnetismo Celia Garc\u00eda","author":"multiofertasvip","date":"marzo 29, 2026","format":false,"excerpt":"\u00a0 \u00a0 \u00a0 \u00a0 \u00a0 \u00a0 \u00a0","rel":"","context":"Entrada similar","block_context":{"text":"Entrada similar","link":""},"img":{"alt_text":"Curso B\u00e1sico de Biomagnetismo","src":"https:\/\/i0.wp.com\/cursoslux.com\/wp-content\/uploads\/2026\/03\/curso-basico-de-biomagnetismo.jpg?resize=350%2C200&ssl=1","width":350,"height":200},"classes":[]},{"id":31040,"url":"https:\/\/multiofertasvip.com\/?product=terapia-magnetica-para-mascotas-fabiana-perrone","url_meta":{"origin":33984,"position":1},"title":"Terapia magn\u00e9tica para mascotas-Fabiana Perrone","author":"multiofertasvip","date":"octubre 31, 2023","format":false,"excerpt":"TERAPIA MAGN\u00c9TICA PARA MASCOTAS \u00abTerapia magn\u00e9tica para mascotas: el camino hacia una salud m\u00e1s plena\u00bb \u2193\u2193MIRA EL VIDEO CON ATENCI\u00d3N\u2193\u2193 \u00bfQU\u00c9 ES LA TERAPIA MAGN\u00c9TICA PARA ANIMALES? La\u00a0terapia biomagn\u00e9tica para mascotas\u00a0busca identificar y corregir posibles\u00a0desequilibrios energ\u00e9ticos\u00a0que puedan estar afectando la salud y el bienestar de los animales. Se puede aplicar\u2026","rel":"","context":"Entrada similar","block_context":{"text":"Entrada similar","link":""},"img":{"alt_text":"","src":"","width":0,"height":0},"classes":[]},{"id":31033,"url":"https:\/\/multiofertasvip.com\/?product=biomagnetismo-medico-niveles-i-y-ii-dr-pierre-trillos","url_meta":{"origin":33984,"position":2},"title":"Biomagnetismo M\u00e9dico Niveles I y II-Dr. Pierre Trillos","author":"multiofertasvip","date":"octubre 30, 2023","format":false,"excerpt":"El biomagnetismo es un enfoque revolucionario, cient\u00edfico y terap\u00e9utico del bienestar que difiere de la medicina tradicional, la homeopat\u00eda, las hierbas y las terapias naturales, pero es perfectamente compatible con cualquier otra t\u00e9cnica tradicional o alternativa. Se trata de uno de los usos alternativos de los imanes, que representa un\u2026","rel":"","context":"Entrada similar","block_context":{"text":"Entrada similar","link":""},"img":{"alt_text":"","src":"https:\/\/i0.wp.com\/multiofertasvip.com\/wp-content\/uploads\/2023\/10\/Captura-300x126.jpg?resize=350%2C200&ssl=1","width":350,"height":200},"classes":[]},{"id":33804,"url":"https:\/\/multiofertasvip.com\/?product=curso-metodo-resecado-y-tecnologias-mentales-para-la-sanacion-carlos-zamora","url_meta":{"origin":33984,"position":3},"title":"Curso M\u00e9todo Resecado y Tecnolog\u00edas Mentales para la sanaci\u00f3n-Carlos Zamora","author":"multiofertasvip","date":"abril 25, 2025","format":false,"excerpt":"Curso M\u00e9todo Resecado y Tecnolog\u00edas Mentales para la sanaci\u00f3n Curso de Sanaci\u00f3n Bioenerg\u00e9tica \ud83d\udccc Con la T\u00e9cnica de Resecado puedes tratar todo tipo de desequilibrio del cuerpo con gran eficacia. \ud83d\udc49 Si tienes conocimientos de otras terapias , Biomagnetismo, acupuntura, sanaciones bioenerg\u00e9ticas, puedes incluirlas en Resecado y tener mayor \u00e9xito\u2026","rel":"","context":"Entrada similar","block_context":{"text":"Entrada similar","link":""},"img":{"alt_text":"","src":"https:\/\/i0.wp.com\/multiofertasvip.com\/wp-content\/uploads\/2025\/04\/resecado.png?fit=200%2C200&ssl=1&resize=350%2C200","width":350,"height":200},"classes":[]},{"id":29967,"url":"https:\/\/multiofertasvip.com\/?product=curso-par-magnetico-enfoque-pums-en-video-mariana-del-hoyo","url_meta":{"origin":33984,"position":4},"title":"Curso Par Magnetico Enfoque PUMS En Video-Mariana del Hoyo","author":"multiofertasvip","date":"junio 27, 2021","format":false,"excerpt":"Este es un curso muy completo y con mucha informaci\u00f3n, no necesitaas hacer oto nivel de PAR BIOMAGNETICO, podras iniciarte en metodo PUMS optimizacion en rastreos.","rel":"","context":"Entrada similar","block_context":{"text":"Entrada similar","link":""},"img":{"alt_text":"","src":"https:\/\/i0.wp.com\/multiofertasvip.com\/wp-content\/uploads\/2021\/06\/bio.jpg?fit=200%2C200&ssl=1&resize=350%2C200","width":350,"height":200},"classes":[]},{"id":32697,"url":"https:\/\/multiofertasvip.com\/?product=curso-en-video-aplicacion-de-imanes-con-un-sentido-practico-tcm-martha-garza-gonzalez","url_meta":{"origin":33984,"position":5},"title":"Curso en Video- Aplicacion de Imanes con un Sentido Practico-TCM Martha Garza Gonz\u00e1lez","author":"multiofertasvip","date":"abril 3, 2024","format":false,"excerpt":"TEMAS INCLUIDOS: Curso de Biomagnetismo formado por 8 temas: 0.- Introducci\u00f3n al Biomagnetismo; Disponible sin costo. 1.- Control de glucosa y Diabetes con imanes; 2.- Trastorno por d\u00e9ficit de Atenci\u00f3n e Hiperactividad; 3.- Tratamiento con imanes en padecimientos de la mujer; 4.- Tratamiento con imanes para Reactivar el Sistema Metab\u00f3lico\u2026","rel":"","context":"Entrada similar","block_context":{"text":"Entrada similar","link":""},"img":{"alt_text":"","src":"https:\/\/i0.wp.com\/multiofertasvip.com\/wp-content\/uploads\/2024\/04\/WEB-SEMINARIO-MAY2018-A-1.jpg?fit=200%2C200&ssl=1&resize=350%2C200","width":350,"height":200},"classes":[]}],"jetpack_sharing_enabled":false,"jetpack_likes_enabled":false,"_links":{"self":[{"href":"https:\/\/multiofertasvip.com\/index.php?rest_route=\/wp\/v2\/product\/33984","targetHints":{"allow":["GET"]}}],"collection":[{"href":"https:\/\/multiofertasvip.com\/index.php?rest_route=\/wp\/v2\/product"}],"about":[{"href":"https:\/\/multiofertasvip.com\/index.php?rest_route=\/wp\/v2\/types\/product"}],"version-history":[{"count":1,"href":"https:\/\/multiofertasvip.com\/index.php?rest_route=\/wp\/v2\/product\/33984\/revisions"}],"predecessor-version":[{"id":33988,"href":"https:\/\/multiofertasvip.com\/index.php?rest_route=\/wp\/v2\/product\/33984\/revisions\/33988"}],"wp:featuredmedia":[{"embeddable":true,"href":"https:\/\/multiofertasvip.com\/index.php?rest_route=\/wp\/v2\/media\/33987"}],"wp:attachment":[{"href":"https:\/\/multiofertasvip.com\/index.php?rest_route=%2Fwp%2Fv2%2Fmedia&parent=33984"}],"wp:term":[{"taxonomy":"product_brand","embeddable":true,"href":"https:\/\/multiofertasvip.com\/index.php?rest_route=%2Fwp%2Fv2%2Fproduct_brand&post=33984"},{"taxonomy":"product_cat","embeddable":true,"href":"https:\/\/multiofertasvip.com\/index.php?rest_route=%2Fwp%2Fv2%2Fproduct_cat&post=33984"},{"taxonomy":"product_tag","embeddable":true,"href":"https:\/\/multiofertasvip.com\/index.php?rest_route=%2Fwp%2Fv2%2Fproduct_tag&post=33984"}],"curies":[{"name":"wp","href":"https:\/\/api.w.org\/{rel}","templated":true}]}}