{"id":33754,"date":"2025-04-04T10:36:24","date_gmt":"2025-04-04T16:06:24","guid":{"rendered":"https:\/\/multiofertasvip.com\/?post_type=product&#038;p=33754"},"modified":"2025-04-04T10:44:23","modified_gmt":"2025-04-04T16:14:23","slug":"certificacion-en-coaching-cuantico-con-pnl-edmundo-velasco","status":"publish","type":"product","link":"https:\/\/multiofertasvip.com\/?product=certificacion-en-coaching-cuantico-con-pnl-edmundo-velasco","title":{"rendered":"Certificaci\u00f3n en Coaching Cu\u00e1ntico con PNL-Edmundo Velasco"},"content":{"rendered":"<p class=\"_mb-5\" role=\"paragraph\">Convi\u00e9rtete en Coach Internacional Certificado con Programaci\u00f3n Neuroling\u00fc\u00edstica y en menos d 60 d\u00edas haz del Coaching tu principal fuente de ingresos.<\/p>\n<p class=\"_mb-5\" role=\"paragraph\">La certificaci\u00f3n que ense\u00f1ar\u00e1 los conocimientos de vanguardia aprendiendo a aplicar las t\u00e9cnicas de PNL en las sesiones de Coaching y lograr resultados fuera de lo com\u00fan, por encima del promedio.<\/p>\n<p class=\"_mb-5\" role=\"paragraph\">Impartido por Edmundo Velasco.<\/p>\n","protected":false},"excerpt":{"rendered":"<p>Convi\u00e9rtete en Coach Internacional Certificado con Programaci\u00f3n Neuroling\u00fc\u00edstica y en menos d 60 d\u00edas haz del Coaching tu principal fuente de ingresos. La certificaci\u00f3n que ense\u00f1ar\u00e1 los conocimientos de vanguardia aprendiendo a aplicar las t\u00e9cnicas de PNL en las sesiones de Coaching y lograr resultados fuera de lo com\u00fan, por encima del promedio. Impartido por [&#8230;]\n","protected":false},"featured_media":33757,"template":"","meta":{"_monsterinsights_skip_tracking":false,"_monsterinsights_sitenote_active":false,"_monsterinsights_sitenote_note":"","_monsterinsights_sitenote_category":0,"jetpack_post_was_ever_published":false,"jetpack_publicize_message":"","jetpack_publicize_feature_enabled":true,"jetpack_social_post_already_shared":true,"jetpack_social_options":{"image_generator_settings":{"template":"highway","default_image_id":0,"font":"","enabled":false},"version":2}},"product_brand":[],"product_cat":[272],"product_tag":[263,142,260,211,254,119,251,215,257,249,243,230,182,226,253,236,229,143,228,232,258,234,262,239,220,265,219,225,240,238,140,242,235,244,266,267,248,210,245,212,250,227,255,264,252,217,216,233,261,73,237,231,247,221,246,222,223,224,259,241,256,218,213,214,53],"class_list":{"0":"post-33754","1":"product","2":"type-product","3":"status-publish","4":"has-post-thumbnail","6":"product_cat-pnl","7":"product_tag-animales","8":"product_tag-avanzado","9":"product_tag-biden","10":"product_tag-billetes","11":"product_tag-bitcoin","12":"product_tag-carrera","13":"product_tag-china","14":"product_tag-christopher-olivarrieta","15":"product_tag-cine","16":"product_tag-coranavirus","17":"product_tag-cultura","18":"product_tag-cursos","19":"product_tag-dinero","20":"product_tag-dios","21":"product_tag-dolar","22":"product_tag-enric-corbera","23":"product_tag-ensenanza-en-casa","24":"product_tag-entidades","25":"product_tag-escuela","26":"product_tag-especialidad","27":"product_tag-estrenos","28":"product_tag-estudios","29":"product_tag-facebook","30":"product_tag-famosos","31":"product_tag-free","32":"product_tag-gatos","33":"product_tag-gratis","34":"product_tag-guerra","35":"product_tag-humor","36":"product_tag-internet","37":"product_tag-jose-palomo","38":"product_tag-juegos","39":"product_tag-lavin","40":"product_tag-manga","41":"product_tag-mercado-libre","42":"product_tag-mercado-pago","43":"product_tag-meteorologia","44":"product_tag-moneda","45":"product_tag-musica","46":"product_tag-nuevo","47":"product_tag-omnicron","48":"product_tag-oracion","49":"product_tag-peliculas","50":"product_tag-perros","51":"product_tag-peso","52":"product_tag-porn","53":"product_tag-porno","54":"product_tag-profesional","55":"product_tag-putin","56":"product_tag-salud","57":"product_tag-sexo","58":"product_tag-talleres","59":"product_tag-television","60":"product_tag-terapias","61":"product_tag-trabajo","62":"product_tag-ucrania","63":"product_tag-ukrania","64":"product_tag-usa","65":"product_tag-vacuna","66":"product_tag-viajes","67":"product_tag-videos","68":"product_tag-xxx","69":"product_tag-youtube","70":"product_tag-youtube-yuen-guadalajara","71":"product_tag-yuen","73":"first","74":"instock","75":"downloadable","76":"virtual","77":"purchasable","78":"product-type-simple"},"jetpack_publicize_connections":[],"jetpack-related-posts":[{"id":30781,"url":"https:\/\/multiofertasvip.com\/?product=sistema-de-renovacion-total-edmundo-velasco","url_meta":{"origin":33754,"position":0},"title":"Sistema de RENOVACI\u00d3N TOTAL-Edmundo Velasco","author":"multiofertasvip","date":"marzo 14, 2023","format":false,"excerpt":"\u00a0 El nuevo sistema en donde el Master Coach Edmundo Velasco y la Dra. Elsa \u00c1vila te entregan todos sus conocimientos y experiencia para RENOVARTE Un concepto \u00fanico. El sistema con los cursos y contenidos m\u00e1s valiosos de Edmundo Velasco y Elsa \u00c1vila recopilados en un s\u00f3lo producto para ayudarte\u2026","rel":"","context":"Entrada similar","block_context":{"text":"Entrada similar","link":""},"img":{"alt_text":"","src":"https:\/\/i0.wp.com\/multiofertasvip.com\/wp-content\/uploads\/2023\/03\/sistema-de-renovacion-total-carpetas-235x300.jpg?resize=350%2C200&ssl=1","width":350,"height":200},"classes":[]},{"id":30647,"url":"https:\/\/multiofertasvip.com\/?product=pnl-y-ley-de-atraccion-edmundo-velasco","url_meta":{"origin":33754,"position":1},"title":"PNL y Ley de Atracci\u00f3n-Edmundo Velasco","author":"multiofertasvip","date":"diciembre 7, 2022","format":false,"excerpt":"\u00a0 PNL y ley de atracci\u00f3n.\u00a0Los secretos del poder de creaci\u00f3n El consciente y el inconsciente,\u00a0\u00bfqu\u00e9 es y c\u00f3mo funcionan en la ley de atracci\u00f3n? C\u00f3mo aplicar las t\u00e9cnicas\u00a0para obtener resultados de abundancia en tu vida C\u00f3mo aplicar las t\u00e9cnicas\u00a0para obtener resultados de abundancia en tu vida \u00bfQu\u00e9 es la\u2026","rel":"","context":"Entrada similar","block_context":{"text":"Entrada similar","link":""},"img":{"alt_text":"","src":"https:\/\/i0.wp.com\/multiofertasvip.com\/wp-content\/uploads\/2022\/12\/PNL-y-ley-de-atraccion-edmundo-velasco-carpetas-300x198.jpg?resize=350%2C200&ssl=1","width":350,"height":200},"classes":[]},{"id":30175,"url":"https:\/\/multiofertasvip.com\/?product=instructores-de-reconversion-cdmx-2018","url_meta":{"origin":33754,"position":2},"title":"Instructores de Reconversi\u00f3n, CDMX 2018","author":"multiofertasvip","date":"diciembre 28, 2021","format":false,"excerpt":"Autor:\u00a0Edmundo Velasco Formato:\u00a0mp4 (video) Cantidad videos:\u00a0111 Peso total:\u00a050.1 GB","rel":"","context":"Entrada similar","block_context":{"text":"Entrada similar","link":""},"img":{"alt_text":"","src":"https:\/\/i0.wp.com\/multiofertasvip.com\/wp-content\/uploads\/2021\/12\/instructores-de-reconversion.jpg?fit=200%2C200&ssl=1&resize=350%2C200","width":350,"height":200},"classes":[]},{"id":30677,"url":"https:\/\/multiofertasvip.com\/?product=anclas-para-el-exito-edmundo-velasco","url_meta":{"origin":33754,"position":3},"title":"Anclas para el \u00e9xito Edmundo Velasco","author":"multiofertasvip","date":"enero 19, 2023","format":false,"excerpt":"\u00a0 Prep\u00e1rate para el 2023\u00a0 Descubre la poderosa t\u00e9cnica de Programaci\u00f3n Neuroling\u00fc\u00edstica que entra a tu mente inconsciente y te permite lograr resultados sobresalientes en todas las \u00e1reas de tu vida,\u00a0aunque en alg\u00fan momento hayas cre\u00eddo que alcanzar el \u00e9xito era imposible. \u2013\u00a0El \u00e9xito es para unos pocos afortunados.\u2013\u00a0No lo\u2026","rel":"","context":"Entrada similar","block_context":{"text":"Entrada similar","link":""},"img":{"alt_text":"","src":"https:\/\/i0.wp.com\/multiofertasvip.com\/wp-content\/uploads\/2023\/01\/anclas-para-el-exito-.jpg?fit=200%2C200&ssl=1&resize=350%2C200","width":350,"height":200},"classes":[]},{"id":33075,"url":"https:\/\/multiofertasvip.com\/?product=master-coach-en-programacion-neurolinguistica-inteligencia-emocional-y-desarrollo-personal-juan-jose-saltos","url_meta":{"origin":33754,"position":4},"title":"Master Coach en Programaci\u00f3n Neuroling\u00fc\u00edstica, Inteligencia Emocional y Desarrollo Personal- Juan Jos\u00e9 Saltos","author":"multiofertasvip","date":"agosto 19, 2024","format":false,"excerpt":"Convi\u00e9rtete en un Experto del Desarrollo Personal\u00a0con t\u00e9cnicas de Programaci\u00f3n Neuroling\u00fc\u00edstica y Coaching 100% aplicables en ti y en los dem\u00e1s, y as\u00ed iniciar tu negocio o implementar en tu profesi\u00f3n actual. Toma el control de tu vida personal y profesional\u00a0aplicando t\u00e9cnicas para mejorar tu inteligencia emocional, relaciones personales, comunicaci\u00f3n\u2026","rel":"","context":"Entrada similar","block_context":{"text":"Entrada similar","link":""},"img":{"alt_text":"","src":"https:\/\/i0.wp.com\/multiofertasvip.com\/wp-content\/uploads\/2024\/08\/pnl.jpg?fit=200%2C200&ssl=1&resize=350%2C200","width":350,"height":200},"classes":[]},{"id":34618,"url":"https:\/\/multiofertasvip.com\/?product=codigos-mentales-edmundo-velasco","url_meta":{"origin":33754,"position":5},"title":"C\u00f3digos Mentales Edmundo Velasco","author":"multiofertasvip","date":"diciembre 15, 2025","format":false,"excerpt":"\u00a1Descubre el poder de los C\u00f3digos Mentales! Este curso transformador te ense\u00f1ar\u00e1 a desbloquear tu potencial interior y a reprogramar tu mente para alcanzar tus objetivos. A trav\u00e9s de t\u00e9cnicas efectivas, aprender\u00e1s a superar creencias limitantes, mejorar tu autoestima y potenciar tu creatividad. Perfecto para cualquier persona que busque un\u2026","rel":"","context":"Entrada similar","block_context":{"text":"Entrada similar","link":""},"img":{"alt_text":"","src":"https:\/\/i0.wp.com\/multiofertasvip.com\/wp-content\/uploads\/2025\/12\/codigos-mentales.png?fit=200%2C200&ssl=1&resize=350%2C200","width":350,"height":200},"classes":[]}],"jetpack_sharing_enabled":false,"jetpack_likes_enabled":false,"_links":{"self":[{"href":"https:\/\/multiofertasvip.com\/index.php?rest_route=\/wp\/v2\/product\/33754","targetHints":{"allow":["GET"]}}],"collection":[{"href":"https:\/\/multiofertasvip.com\/index.php?rest_route=\/wp\/v2\/product"}],"about":[{"href":"https:\/\/multiofertasvip.com\/index.php?rest_route=\/wp\/v2\/types\/product"}],"version-history":[{"count":2,"href":"https:\/\/multiofertasvip.com\/index.php?rest_route=\/wp\/v2\/product\/33754\/revisions"}],"predecessor-version":[{"id":33760,"href":"https:\/\/multiofertasvip.com\/index.php?rest_route=\/wp\/v2\/product\/33754\/revisions\/33760"}],"wp:featuredmedia":[{"embeddable":true,"href":"https:\/\/multiofertasvip.com\/index.php?rest_route=\/wp\/v2\/media\/33757"}],"wp:attachment":[{"href":"https:\/\/multiofertasvip.com\/index.php?rest_route=%2Fwp%2Fv2%2Fmedia&parent=33754"}],"wp:term":[{"taxonomy":"product_brand","embeddable":true,"href":"https:\/\/multiofertasvip.com\/index.php?rest_route=%2Fwp%2Fv2%2Fproduct_brand&post=33754"},{"taxonomy":"product_cat","embeddable":true,"href":"https:\/\/multiofertasvip.com\/index.php?rest_route=%2Fwp%2Fv2%2Fproduct_cat&post=33754"},{"taxonomy":"product_tag","embeddable":true,"href":"https:\/\/multiofertasvip.com\/index.php?rest_route=%2Fwp%2Fv2%2Fproduct_tag&post=33754"}],"curies":[{"name":"wp","href":"https:\/\/api.w.org\/{rel}","templated":true}]}}