{"id":33622,"date":"2025-01-30T13:51:00","date_gmt":"2025-01-30T19:21:00","guid":{"rendered":"https:\/\/multiofertasvip.com\/?post_type=product&#038;p=33622"},"modified":"2025-01-30T14:41:22","modified_gmt":"2025-01-30T20:11:22","slug":"el-reto-de-la-abundancia-marisa-peer","status":"publish","type":"product","link":"https:\/\/multiofertasvip.com\/?product=el-reto-de-la-abundancia-marisa-peer","title":{"rendered":"El Reto de la Abundancia-Marisa Peer"},"content":{"rendered":"<div class=\"elementor-element elementor-element-48b0a182 e-flex e-con-boxed e-con e-parent e-lazyloaded\" data-id=\"48b0a182\" data-element_type=\"container\" data-settings=\"{&quot;background_background&quot;:&quot;classic&quot;}\">\n<div class=\"e-con-inner\">\n<div class=\"elementor-element elementor-element-607a2f40 elementor-widget elementor-widget-text-editor\" data-id=\"607a2f40\" data-element_type=\"widget\" data-widget_type=\"text-editor.default\">El reto de 21 d\u00edas para la abundancia es un desaf\u00edo donde aprender\u00e1s a atraer la prosperidad. Dejar\u00e1s de preocuparte por tu estabilidad financiera para siempre. En este desaf\u00edo eliminar\u00e1s tus bloqueos hacia el dinero para que finalmente puedas experimentar \u00e9xito, prosperidad y bienestar en tu vida.<\/div>\n<\/div>\n<div data-id=\"607a2f40\" data-element_type=\"widget\" data-widget_type=\"text-editor.default\">\n<div class=\"hot-collapse__item\">\n<div><\/div>\n<div class=\"hot-collapse__title\">\n<div class=\"accordion__item\" tabindex=\"0\" role=\"button\" aria-label=\"Contenido INTRODUCCI\u00d3N - Prep\u00e1rate para el \u00e9xito\">\n<div class=\"accordion__heading\">\n<div>CONTENIDO:<\/div>\n<div><\/div>\n<div class=\"_d-flex _flex-row _align-items-baseline\"><span class=\"accordion__section\">01 <\/span><span style=\"font-size: 14.4px;\">INTRODUCCI\u00d3N &#8211; Prep\u00e1rate para el \u00e9xito<\/span><\/div>\n<\/div>\n<\/div>\n<\/div>\n<div class=\"hot-collapse__arrow\"><\/div>\n<\/div>\n<div class=\"hot-collapse__item\">\n<div class=\"hot-collapse__title\">\n<div class=\"accordion__item\" tabindex=\"0\" role=\"button\" aria-label=\"Contenido Etapa 1 Los fundamentos\">\n<div class=\"accordion__heading\">\n<div class=\"_d-flex _flex-row _align-items-baseline\"><span class=\"accordion__section\">02 <\/span><span style=\"font-size: 14.4px;\">Etapa 1 Los fundamentos<\/span><\/div>\n<\/div>\n<\/div>\n<\/div>\n<div class=\"hot-collapse__arrow\"><\/div>\n<\/div>\n<div class=\"hot-collapse__item--collapsed\">\n<div><span style=\"font-size: 14.4px;\">03 <\/span><span style=\"font-size: 14.4px;\">Etapa 2 Descubre tus bloqueos con el dinero y elim\u00ednalos<\/span><\/div>\n<\/div>\n<div class=\"hot-collapse__item\">\n<div class=\"hot-collapse__arrow\"><\/div>\n<\/div>\n<div class=\"hot-collapse__item\">\n<div class=\"hot-collapse__title\">\n<div class=\"accordion__item\" tabindex=\"0\" role=\"button\" aria-label=\"Contenido Etapa 3 Mejora tus creencias sobre el dinero\">\n<div class=\"accordion__heading\">\n<div class=\"_d-flex _flex-row _align-items-baseline\"><span class=\"accordion__section\">04 <\/span><span style=\"font-size: 14.4px;\">Etapa 3 Mejora tus creencias sobre el dinero<\/span><\/div>\n<\/div>\n<\/div>\n<\/div>\n<div class=\"hot-collapse__arrow\"><\/div>\n<\/div>\n<div class=\"hot-collapse__item--collapsed\">\n<div><span style=\"font-size: 14.4px;\">05 <\/span><span style=\"font-size: 14.4px;\">Etapa 4 Accede a tu futuro de abundancia<\/span><\/div>\n<\/div>\n<\/div>\n<\/div>\n<div class=\"elementor-element elementor-element-58bd1839 e-flex e-con-boxed e-con e-parent e-lazyloaded\" data-id=\"58bd1839\" data-element_type=\"container\">\n<div class=\"e-con-inner\">\n<div class=\"elementor-element elementor-element-1cec781c e-con-full e-flex e-con e-child\" data-id=\"1cec781c\" data-element_type=\"container\"><\/div>\n<\/div>\n<\/div>\n<div class=\"elementor-element elementor-element-53e7be54 e-flex e-con-boxed e-con e-parent e-lazyloaded\" data-id=\"53e7be54\" data-element_type=\"container\" data-settings=\"{&quot;background_background&quot;:&quot;classic&quot;}\">\n<div class=\"e-con-inner\">\n<div class=\"elementor-element elementor-element-4f08c0ee elementor-widget elementor-widget-text-editor animated fadeInLeft\" data-id=\"4f08c0ee\" data-element_type=\"widget\" data-settings=\"{&quot;_animation&quot;:&quot;fadeInLeft&quot;}\" data-widget_type=\"text-editor.default\">\n<div class=\"elementor-widget-container\">\n<p>&nbsp;<\/p>\n<\/div>\n<\/div>\n<\/div>\n<\/div>\n","protected":false},"excerpt":{"rendered":"<p>El reto de 21 d\u00edas para la abundancia es un desaf\u00edo donde aprender\u00e1s a atraer la prosperidad. Dejar\u00e1s de preocuparte por tu estabilidad financiera para siempre. En este desaf\u00edo eliminar\u00e1s tus bloqueos hacia el dinero para que finalmente puedas experimentar \u00e9xito, prosperidad y bienestar en tu vida. CONTENIDO: 01 INTRODUCCI\u00d3N &#8211; Prep\u00e1rate para el \u00e9xito [&#8230;]\n","protected":false},"featured_media":33626,"template":"","meta":{"_monsterinsights_skip_tracking":false,"_monsterinsights_sitenote_active":false,"_monsterinsights_sitenote_note":"","_monsterinsights_sitenote_category":0,"jetpack_post_was_ever_published":false,"jetpack_publicize_message":"","jetpack_publicize_feature_enabled":true,"jetpack_social_post_already_shared":true,"jetpack_social_options":{"image_generator_settings":{"template":"highway","default_image_id":0,"font":"","enabled":false},"version":2}},"product_brand":[],"product_cat":[46],"product_tag":[263,142,260,211,254,119,251,215,257,249,243,230,182,226,253,236,229,143,228,232,258,234,262,239,220,265,219,225,240,238,140,242,235,244,266,267,248,210,245,212,250,227,255,264,252,217,216,233,261,73,237,231,247,221,246,222,223,224,259,241,256,218,213,214,53],"class_list":{"0":"post-33622","1":"product","2":"type-product","3":"status-publish","4":"has-post-thumbnail","6":"product_cat-superacion","7":"product_tag-animales","8":"product_tag-avanzado","9":"product_tag-biden","10":"product_tag-billetes","11":"product_tag-bitcoin","12":"product_tag-carrera","13":"product_tag-china","14":"product_tag-christopher-olivarrieta","15":"product_tag-cine","16":"product_tag-coranavirus","17":"product_tag-cultura","18":"product_tag-cursos","19":"product_tag-dinero","20":"product_tag-dios","21":"product_tag-dolar","22":"product_tag-enric-corbera","23":"product_tag-ensenanza-en-casa","24":"product_tag-entidades","25":"product_tag-escuela","26":"product_tag-especialidad","27":"product_tag-estrenos","28":"product_tag-estudios","29":"product_tag-facebook","30":"product_tag-famosos","31":"product_tag-free","32":"product_tag-gatos","33":"product_tag-gratis","34":"product_tag-guerra","35":"product_tag-humor","36":"product_tag-internet","37":"product_tag-jose-palomo","38":"product_tag-juegos","39":"product_tag-lavin","40":"product_tag-manga","41":"product_tag-mercado-libre","42":"product_tag-mercado-pago","43":"product_tag-meteorologia","44":"product_tag-moneda","45":"product_tag-musica","46":"product_tag-nuevo","47":"product_tag-omnicron","48":"product_tag-oracion","49":"product_tag-peliculas","50":"product_tag-perros","51":"product_tag-peso","52":"product_tag-porn","53":"product_tag-porno","54":"product_tag-profesional","55":"product_tag-putin","56":"product_tag-salud","57":"product_tag-sexo","58":"product_tag-talleres","59":"product_tag-television","60":"product_tag-terapias","61":"product_tag-trabajo","62":"product_tag-ucrania","63":"product_tag-ukrania","64":"product_tag-usa","65":"product_tag-vacuna","66":"product_tag-viajes","67":"product_tag-videos","68":"product_tag-xxx","69":"product_tag-youtube","70":"product_tag-youtube-yuen-guadalajara","71":"product_tag-yuen","73":"first","74":"instock","75":"downloadable","76":"virtual","77":"purchasable","78":"product-type-simple"},"jetpack_publicize_connections":[],"jetpack-related-posts":[{"id":33506,"url":"https:\/\/multiofertasvip.com\/?product=los-secretos-universales-del-dinero-edmundo-velazco","url_meta":{"origin":33622,"position":0},"title":"Los Secretos Universales del Dinero-Edmundo Velazco","author":"multiofertasvip","date":"diciembre 19, 2024","format":false,"excerpt":"Beneficios\u00a0del Programa: Transforma tu relaci\u00f3n con el dinero: Aprende a identificar y eliminar creencias limitantes que te han mantenido estancado y construye una mentalidad que atraiga abundancia. Acelera tu camino hacia la prosperidad: Aplicando t\u00e9cnicas avanzadas de PNL y F\u00edsica Cu\u00e1ntica para multiplicar hasta por cinco veces tu capacidad de\u2026","rel":"","context":"Entrada similar","block_context":{"text":"Entrada similar","link":""},"img":{"alt_text":"","src":"https:\/\/i0.wp.com\/multiofertasvip.com\/wp-content\/uploads\/2024\/12\/secretos.jpg?fit=200%2C200&ssl=1&resize=350%2C200","width":350,"height":200},"classes":[]},{"id":31073,"url":"https:\/\/multiofertasvip.com\/?product=magia-dinero-y-prosperidad-access-consciousness-elma-galvan","url_meta":{"origin":33622,"position":1},"title":"Magia Dinero y Prosperidad (Access Consciousness)-Elma Galvan","author":"multiofertasvip","date":"enero 2, 2024","format":false,"excerpt":"\u00bfTe imaginas vivir en un mundo donde tu magia personal te conecta con la prosperidad? \u00bfEst\u00e1s listo para tomar acci\u00f3n y comenzar tu viaje hacia una realidad m\u00e1s grandiosa con el dinero, prosperidad y abundancia? \u00bfTe gustar\u00eda aprender a atraer riqueza y abundancia con la magia que llevas dentro?\u00a0 Magia,\u2026","rel":"","context":"Entrada similar","block_context":{"text":"Entrada similar","link":""},"img":{"alt_text":"","src":"https:\/\/i0.wp.com\/multiofertasvip.com\/wp-content\/uploads\/2023\/12\/magia-dinero-y-prosperidad-access-consciousness-1.jpg?fit=200%2C200&ssl=1&resize=350%2C200","width":350,"height":200},"classes":[]},{"id":31169,"url":"https:\/\/multiofertasvip.com\/?product=vida-magnetica-atrayendo-dinero-a-tu-universo-elma-galvan","url_meta":{"origin":33622,"position":2},"title":"Vida magn\u00e9tica atrayendo dinero a tu universo Elma Galv\u00e1n","author":"multiofertasvip","date":"enero 8, 2024","format":false,"excerpt":"Vida magn\u00e9tica, atrayendo dinero a tu universo 5 jalones energ\u00e9ticos\u00a0+ S.O.P Taster grupal \u00a0 \u00bfQu\u00e9 creencias limitantes relacionadas con el dinero te est\u00e1n impidiendo actualizar una realidad m\u00e1s grandiosa? \u00bfTe gustar\u00eda transformar tu relaci\u00f3n con el dinero y la abundancia? \u00bfC\u00f3mo ser\u00eda convertirte en un im\u00e1n para el dinero y\u2026","rel":"","context":"Entrada similar","block_context":{"text":"Entrada similar","link":""},"img":{"alt_text":"","src":"https:\/\/i0.wp.com\/multiofertasvip.com\/wp-content\/uploads\/2024\/01\/vida-magnetica-atrayendo-dinero-a-tu-universo.jpg?fit=200%2C200&ssl=1&resize=350%2C200","width":350,"height":200},"classes":[]},{"id":34119,"url":"https:\/\/multiofertasvip.com\/?product=el-juego-espiritual-del-dinero-lida-arias","url_meta":{"origin":33622,"position":3},"title":"El Juego Espiritual del Dinero Lida Arias","author":"multiofertasvip","date":"agosto 6, 2025","format":false,"excerpt":"\u00a1Descubre el poderoso \u201cJuego Espiritual del Dinero\u201d y transforma tu relaci\u00f3n con la abundancia! \u00bfTe has preguntado alguna vez por qu\u00e9 algunas personas parecen atraer la riqueza de manera natural, mientras que otras luchan constantemente con sus finanzas? La respuesta no est\u00e1 \u00fanicamente en el trabajo duro o en la\u2026","rel":"","context":"Entrada similar","block_context":{"text":"Entrada similar","link":""},"img":{"alt_text":"","src":"https:\/\/i0.wp.com\/multiofertasvip.com\/wp-content\/uploads\/2025\/08\/JUEGO-ESPIRITUAL.jpg?fit=200%2C200&ssl=1&resize=350%2C200","width":350,"height":200},"classes":[]},{"id":30689,"url":"https:\/\/multiofertasvip.com\/?product=el-poder-de-la-abundancia-evolutiva-con-karen-hoyos","url_meta":{"origin":33622,"position":4},"title":"EL Poder de la Abundancia Evolutiva con KAREN HOYOS","author":"multiofertasvip","date":"enero 22, 2023","format":false,"excerpt":"Lo que aprender\u00e1s Encuentra las ra\u00edces que boquean tu Prosperidad. Sana tus relaciones, tu fuente de abundancia. C\u00f3mo enfrentar tus miedos. Suelta el pasado y crea un nuevo presente. Transforma tu relaci\u00f3n con el dinero y manifiesta lo que tanto te mereces. Aprende a utilizar tu fuerza interior creativa para\u2026","rel":"","context":"Entrada similar","block_context":{"text":"Entrada similar","link":""},"img":{"alt_text":"","src":"https:\/\/i0.wp.com\/multiofertasvip.com\/wp-content\/uploads\/2023\/01\/abundia.jpg?fit=200%2C200&ssl=1&resize=350%2C200","width":350,"height":200},"classes":[]},{"id":30616,"url":"https:\/\/multiofertasvip.com\/?product=mesa-radionica-de-ganesha-para-la-prosperidad-adriana-echeverri","url_meta":{"origin":33622,"position":5},"title":"Mesa Radi\u00f3nica de Ganesha para la prosperidad-Adriana Echeverri","author":"multiofertasvip","date":"noviembre 10, 2022","format":false,"excerpt":"\u00a0 \u00a0 \u00a0 \u00a0","rel":"","context":"Entrada similar","block_context":{"text":"Entrada similar","link":""},"img":{"alt_text":"","src":"https:\/\/i0.wp.com\/multiofertasvip.com\/wp-content\/uploads\/2022\/11\/ganesha.jpg?fit=200%2C200&ssl=1&resize=350%2C200","width":350,"height":200},"classes":[]}],"jetpack_sharing_enabled":false,"jetpack_likes_enabled":false,"_links":{"self":[{"href":"https:\/\/multiofertasvip.com\/index.php?rest_route=\/wp\/v2\/product\/33622","targetHints":{"allow":["GET"]}}],"collection":[{"href":"https:\/\/multiofertasvip.com\/index.php?rest_route=\/wp\/v2\/product"}],"about":[{"href":"https:\/\/multiofertasvip.com\/index.php?rest_route=\/wp\/v2\/types\/product"}],"version-history":[{"count":1,"href":"https:\/\/multiofertasvip.com\/index.php?rest_route=\/wp\/v2\/product\/33622\/revisions"}],"predecessor-version":[{"id":33627,"href":"https:\/\/multiofertasvip.com\/index.php?rest_route=\/wp\/v2\/product\/33622\/revisions\/33627"}],"wp:featuredmedia":[{"embeddable":true,"href":"https:\/\/multiofertasvip.com\/index.php?rest_route=\/wp\/v2\/media\/33626"}],"wp:attachment":[{"href":"https:\/\/multiofertasvip.com\/index.php?rest_route=%2Fwp%2Fv2%2Fmedia&parent=33622"}],"wp:term":[{"taxonomy":"product_brand","embeddable":true,"href":"https:\/\/multiofertasvip.com\/index.php?rest_route=%2Fwp%2Fv2%2Fproduct_brand&post=33622"},{"taxonomy":"product_cat","embeddable":true,"href":"https:\/\/multiofertasvip.com\/index.php?rest_route=%2Fwp%2Fv2%2Fproduct_cat&post=33622"},{"taxonomy":"product_tag","embeddable":true,"href":"https:\/\/multiofertasvip.com\/index.php?rest_route=%2Fwp%2Fv2%2Fproduct_tag&post=33622"}],"curies":[{"name":"wp","href":"https:\/\/api.w.org\/{rel}","templated":true}]}}