{"id":33595,"date":"2025-02-09T16:23:57","date_gmt":"2025-02-09T21:53:57","guid":{"rendered":"https:\/\/multiofertasvip.com\/?post_type=product&#038;p=33595"},"modified":"2025-05-12T14:45:35","modified_gmt":"2025-05-12T20:15:35","slug":"dinerologia-daniela-correa","status":"publish","type":"product","link":"https:\/\/multiofertasvip.com\/?product=dinerologia-daniela-correa","title":{"rendered":"Dinerologia-Daniela Correa"},"content":{"rendered":"<div class=\"elementor-element elementor-element-48b0a182 e-flex e-con-boxed e-con e-parent e-lazyloaded\" data-id=\"48b0a182\" data-element_type=\"container\" data-settings=\"{&quot;background_background&quot;:&quot;classic&quot;}\">\n<div class=\"e-con-inner\">\n<div class=\"elementor-element elementor-element-607a2f40 elementor-widget elementor-widget-text-editor\" data-id=\"607a2f40\" data-element_type=\"widget\" data-widget_type=\"text-editor.default\">\n<div class=\"elementor-widget-container\">\n<p>\u00bfTe encuentras haciendo cuentas cada fin de mes? \u00bfTrabajas, ganas, gastas\u2026\u00a0y vuelves a empezar, pero nunca es suficiente?<\/p>\n<\/div>\n<\/div>\n<\/div>\n<\/div>\n<div class=\"elementor-element elementor-element-7d44dc56 e-flex e-con-boxed e-con e-parent e-lazyloaded\" data-id=\"7d44dc56\" data-element_type=\"container\" data-settings=\"{&quot;background_background&quot;:&quot;classic&quot;}\">\n<div class=\"e-con-inner\">\n<div class=\"elementor-element elementor-element-4ab32663 elementor-widget elementor-widget-image\" data-id=\"4ab32663\" data-element_type=\"widget\" data-widget_type=\"image.default\">\n<div class=\"elementor-widget-container\"><img data-recalc-dims=\"1\" fetchpriority=\"high\" decoding=\"async\" class=\"attachment-full size-full wp-image-17\" src=\"https:\/\/i0.wp.com\/dinerologia.mx\/wp-content\/uploads\/2024\/11\/Sin-titulo-3.png?resize=1020%2C158&#038;ssl=1\" sizes=\"(max-width: 1600px) 100vw, 1600px\" srcset=\"https:\/\/dinerologia.mx\/wp-content\/uploads\/2024\/11\/Sin-titulo-3.png 1600w, https:\/\/dinerologia.mx\/wp-content\/uploads\/2024\/11\/Sin-titulo-3-300x47.png 300w, https:\/\/dinerologia.mx\/wp-content\/uploads\/2024\/11\/Sin-titulo-3-1024x159.png 1024w, https:\/\/dinerologia.mx\/wp-content\/uploads\/2024\/11\/Sin-titulo-3-768x119.png 768w, https:\/\/dinerologia.mx\/wp-content\/uploads\/2024\/11\/Sin-titulo-3-1536x238.png 1536w\" alt=\"\" width=\"1020\" height=\"158\" \/><\/div>\n<\/div>\n<div class=\"elementor-element elementor-element-783191fc elementor-widget elementor-widget-text-editor\" data-id=\"783191fc\" data-element_type=\"widget\" data-widget_type=\"text-editor.default\">\n<div class=\"elementor-widget-container\">\n<p>no es\u00a0el t\u00edpico curso\u00a0de finanzas. No es la cl\u00e1sica charla sobre \u201cahorra m\u00e1s\u201d o \u201cgasta menos\u201d. Es un curso en el que\u00a0desbloquear\u00e1s esas limitaciones mentales, emocionales y energ\u00e9ticas que, aunque no las veas, te frenan financieramente.<\/p>\n<\/div>\n<\/div>\n<\/div>\n<\/div>\n<div class=\"elementor-element elementor-element-3c823f8 e-flex e-con-boxed e-con e-parent e-lazyloaded\" data-id=\"3c823f8\" data-element_type=\"container\">\n<div class=\"e-con-inner\">\n<div class=\"elementor-element elementor-element-d00fd1 elementor-widget elementor-widget-text-editor\" data-id=\"d00fd1\" data-element_type=\"widget\" data-widget_type=\"text-editor.default\">\n<div class=\"elementor-widget-container\">\n<p>\u00bfTe<strong>\u00a0suena esto?<\/strong><\/p>\n<\/div>\n<\/div>\n<\/div>\n<\/div>\n<div class=\"elementor-element elementor-element-1c13b68d e-flex e-con-boxed e-con e-parent e-lazyloaded\" data-id=\"1c13b68d\" data-element_type=\"container\">\n<div class=\"e-con-inner\">\n<div class=\"elementor-element elementor-element-388afa17 e-con-full e-flex e-con e-child\" data-id=\"388afa17\" data-element_type=\"container\">\n<div class=\"elementor-element elementor-element-26cdf9bf elementor-widget elementor-widget-image\" data-id=\"26cdf9bf\" data-element_type=\"widget\" data-widget_type=\"image.default\">\n<div class=\"elementor-widget-container\"><img data-recalc-dims=\"1\" decoding=\"async\" class=\"attachment-large size-large wp-image-42\" src=\"https:\/\/i0.wp.com\/dinerologia.mx\/wp-content\/uploads\/2024\/11\/no-ahorros-1024x576.jpg?resize=1020%2C574&#038;ssl=1\" sizes=\"(max-width: 1024px) 100vw, 1024px\" srcset=\"https:\/\/dinerologia.mx\/wp-content\/uploads\/2024\/11\/no-ahorros-1024x576.jpg 1024w, https:\/\/dinerologia.mx\/wp-content\/uploads\/2024\/11\/no-ahorros-300x169.jpg 300w, https:\/\/dinerologia.mx\/wp-content\/uploads\/2024\/11\/no-ahorros-768x432.jpg 768w, https:\/\/dinerologia.mx\/wp-content\/uploads\/2024\/11\/no-ahorros.jpg 1280w\" alt=\"\" width=\"1020\" height=\"574\" \/><\/div>\n<\/div>\n<div class=\"elementor-element elementor-element-235ead60 elementor-widget elementor-widget-text-editor\" data-id=\"235ead60\" data-element_type=\"widget\" data-widget_type=\"text-editor.default\">\n<div class=\"elementor-widget-container\">\n<p>Ganas Dinero,\u00a0<strong>pero nunca logras ahorrar.<\/strong><\/p>\n<\/div>\n<\/div>\n<\/div>\n<div class=\"elementor-element elementor-element-2d4292c9 e-con-full e-flex e-con e-child\" data-id=\"2d4292c9\" data-element_type=\"container\">\n<div class=\"elementor-element elementor-element-77f441aa elementor-widget elementor-widget-image\" data-id=\"77f441aa\" data-element_type=\"widget\" data-widget_type=\"image.default\">\n<div class=\"elementor-widget-container\"><img data-recalc-dims=\"1\" decoding=\"async\" class=\"attachment-large size-large wp-image-43\" src=\"https:\/\/i0.wp.com\/dinerologia.mx\/wp-content\/uploads\/2024\/11\/avanzan-otros-1024x576.jpg?resize=1020%2C574&#038;ssl=1\" sizes=\"(max-width: 1024px) 100vw, 1024px\" srcset=\"https:\/\/dinerologia.mx\/wp-content\/uploads\/2024\/11\/avanzan-otros-1024x576.jpg 1024w, https:\/\/dinerologia.mx\/wp-content\/uploads\/2024\/11\/avanzan-otros-300x169.jpg 300w, https:\/\/dinerologia.mx\/wp-content\/uploads\/2024\/11\/avanzan-otros-768x432.jpg 768w, https:\/\/dinerologia.mx\/wp-content\/uploads\/2024\/11\/avanzan-otros.jpg 1280w\" alt=\"\" width=\"1020\" height=\"574\" \/><\/div>\n<\/div>\n<div class=\"elementor-element elementor-element-7fd64517 elementor-widget elementor-widget-text-editor\" data-id=\"7fd64517\" data-element_type=\"widget\" data-widget_type=\"text-editor.default\">\n<div class=\"elementor-widget-container\">\n<p>Ves c\u00f3mo otros avanzan econ\u00f3micamente\u00a0<strong>y t\u00fa sigues estancado.<\/strong><\/p>\n<\/div>\n<\/div>\n<\/div>\n<div class=\"elementor-element elementor-element-555eed1b e-con-full e-flex e-con e-child\" data-id=\"555eed1b\" data-element_type=\"container\">\n<div class=\"elementor-element elementor-element-2f0def69 elementor-widget elementor-widget-image\" data-id=\"2f0def69\" data-element_type=\"widget\" data-widget_type=\"image.default\">\n<div class=\"elementor-widget-container\"><img data-recalc-dims=\"1\" loading=\"lazy\" decoding=\"async\" class=\"attachment-large size-large wp-image-44\" src=\"https:\/\/i0.wp.com\/dinerologia.mx\/wp-content\/uploads\/2024\/11\/sin-planes-1024x576.jpg?resize=1020%2C574&#038;ssl=1\" sizes=\"(max-width: 1024px) 100vw, 1024px\" srcset=\"https:\/\/dinerologia.mx\/wp-content\/uploads\/2024\/11\/sin-planes-1024x576.jpg 1024w, https:\/\/dinerologia.mx\/wp-content\/uploads\/2024\/11\/sin-planes-300x169.jpg 300w, https:\/\/dinerologia.mx\/wp-content\/uploads\/2024\/11\/sin-planes-768x432.jpg 768w, https:\/\/dinerologia.mx\/wp-content\/uploads\/2024\/11\/sin-planes.jpg 1280w\" alt=\"\" width=\"1020\" height=\"574\" \/><\/div>\n<\/div>\n<div class=\"elementor-element elementor-element-1684284 elementor-widget elementor-widget-text-editor\" data-id=\"1684284\" data-element_type=\"widget\" data-widget_type=\"text-editor.default\">\n<div class=\"elementor-widget-container\">\n<p>Tienes muchos planes para ganar m\u00e1s dinero,\u00a0<strong>pero no concretas ninguno.<\/strong><\/p>\n<\/div>\n<\/div>\n<\/div>\n<\/div>\n<\/div>\n<div class=\"elementor-element elementor-element-58bd1839 e-flex e-con-boxed e-con e-parent e-lazyloaded\" data-id=\"58bd1839\" data-element_type=\"container\">\n<div class=\"e-con-inner\">\n<div class=\"elementor-element elementor-element-302e5eb8 e-con-full e-flex e-con e-child\" data-id=\"302e5eb8\" data-element_type=\"container\">\n<div class=\"elementor-element elementor-element-66251c43 elementor-widget elementor-widget-image\" data-id=\"66251c43\" data-element_type=\"widget\" data-widget_type=\"image.default\">\n<div class=\"elementor-widget-container\"><img data-recalc-dims=\"1\" loading=\"lazy\" decoding=\"async\" class=\"attachment-large size-large wp-image-45\" src=\"https:\/\/i0.wp.com\/dinerologia.mx\/wp-content\/uploads\/2024\/11\/emocional-1024x576.jpg?resize=1020%2C574&#038;ssl=1\" sizes=\"(max-width: 1024px) 100vw, 1024px\" srcset=\"https:\/\/dinerologia.mx\/wp-content\/uploads\/2024\/11\/emocional-1024x576.jpg 1024w, https:\/\/dinerologia.mx\/wp-content\/uploads\/2024\/11\/emocional-300x169.jpg 300w, https:\/\/dinerologia.mx\/wp-content\/uploads\/2024\/11\/emocional-768x432.jpg 768w, https:\/\/dinerologia.mx\/wp-content\/uploads\/2024\/11\/emocional.jpg 1280w\" alt=\"\" width=\"1020\" height=\"574\" \/><\/div>\n<\/div>\n<div class=\"elementor-element elementor-element-70df3144 elementor-widget elementor-widget-text-editor\" data-id=\"70df3144\" data-element_type=\"widget\" data-widget_type=\"text-editor.default\">\n<div class=\"elementor-widget-container\">\n<p>Quieres mejorar, pero te sientes bloqueado,\u00a0<strong>como si nada sirviera.<\/strong><\/p>\n<\/div>\n<\/div>\n<\/div>\n<div class=\"elementor-element elementor-element-78221b5b e-con-full e-flex e-con e-child\" data-id=\"78221b5b\" data-element_type=\"container\">\n<div class=\"elementor-element elementor-element-60f9f2ef elementor-widget elementor-widget-image\" data-id=\"60f9f2ef\" data-element_type=\"widget\" data-widget_type=\"image.default\">\n<div class=\"elementor-widget-container\"><img data-recalc-dims=\"1\" loading=\"lazy\" decoding=\"async\" class=\"attachment-large size-large wp-image-46\" src=\"https:\/\/i0.wp.com\/dinerologia.mx\/wp-content\/uploads\/2024\/11\/estres-1024x576.jpg?resize=1020%2C574&#038;ssl=1\" sizes=\"(max-width: 1024px) 100vw, 1024px\" srcset=\"https:\/\/dinerologia.mx\/wp-content\/uploads\/2024\/11\/estres-1024x576.jpg 1024w, https:\/\/dinerologia.mx\/wp-content\/uploads\/2024\/11\/estres-300x169.jpg 300w, https:\/\/dinerologia.mx\/wp-content\/uploads\/2024\/11\/estres-768x432.jpg 768w, https:\/\/dinerologia.mx\/wp-content\/uploads\/2024\/11\/estres.jpg 1280w\" alt=\"\" width=\"1020\" height=\"574\" \/><\/div>\n<\/div>\n<div class=\"elementor-element elementor-element-1d4aba0a elementor-widget elementor-widget-text-editor\" data-id=\"1d4aba0a\" data-element_type=\"widget\" data-widget_type=\"text-editor.default\">\n<div class=\"elementor-widget-container\">\n<p>\u00a0El estr\u00e9s del dinero te sigue\u00a0<strong>todos los d\u00edas.<\/strong><\/p>\n<\/div>\n<\/div>\n<\/div>\n<div class=\"elementor-element elementor-element-1cec781c e-con-full e-flex e-con e-child\" data-id=\"1cec781c\" data-element_type=\"container\">\n<div class=\"elementor-element elementor-element-66acb443 elementor-widget elementor-widget-image\" data-id=\"66acb443\" data-element_type=\"widget\" data-widget_type=\"image.default\">\n<div class=\"elementor-widget-container\"><img data-recalc-dims=\"1\" loading=\"lazy\" decoding=\"async\" class=\"attachment-large size-large wp-image-47\" src=\"https:\/\/i0.wp.com\/dinerologia.mx\/wp-content\/uploads\/2024\/11\/DEUDAS-1024x576.jpg?resize=1020%2C574&#038;ssl=1\" sizes=\"(max-width: 1024px) 100vw, 1024px\" srcset=\"https:\/\/dinerologia.mx\/wp-content\/uploads\/2024\/11\/DEUDAS-1024x576.jpg 1024w, https:\/\/dinerologia.mx\/wp-content\/uploads\/2024\/11\/DEUDAS-300x169.jpg 300w, https:\/\/dinerologia.mx\/wp-content\/uploads\/2024\/11\/DEUDAS-768x432.jpg 768w, https:\/\/dinerologia.mx\/wp-content\/uploads\/2024\/11\/DEUDAS.jpg 1280w\" alt=\"\" width=\"1020\" height=\"574\" \/><\/div>\n<\/div>\n<div class=\"elementor-element elementor-element-222c644f elementor-widget elementor-widget-text-editor\" data-id=\"222c644f\" data-element_type=\"widget\" data-widget_type=\"text-editor.default\">\n<div class=\"elementor-widget-container\">\n<p>Las deudas son una constante en la vida, independientemente de cu\u00e1nto\u00a0<strong>aumenten tus ingresos<\/strong>.<\/p>\n<\/div>\n<\/div>\n<\/div>\n<\/div>\n<\/div>\n<div class=\"elementor-element elementor-element-5da80eb3 e-flex e-con-boxed e-con e-parent e-lazyloaded\" data-id=\"5da80eb3\" data-element_type=\"container\" data-settings=\"{&quot;background_background&quot;:&quot;classic&quot;}\">\n<div class=\"e-con-inner\">\n<div class=\"elementor-element elementor-element-751d6a24 elementor-widget elementor-widget-image\" data-id=\"751d6a24\" data-element_type=\"widget\" data-widget_type=\"image.default\">\n<div class=\"elementor-widget-container\"><img data-recalc-dims=\"1\" fetchpriority=\"high\" decoding=\"async\" class=\"attachment-full size-full wp-image-17\" src=\"https:\/\/i0.wp.com\/dinerologia.mx\/wp-content\/uploads\/2024\/11\/Sin-titulo-3.png?resize=1020%2C158&#038;ssl=1\" sizes=\"(max-width: 1600px) 100vw, 1600px\" srcset=\"https:\/\/dinerologia.mx\/wp-content\/uploads\/2024\/11\/Sin-titulo-3.png 1600w, https:\/\/dinerologia.mx\/wp-content\/uploads\/2024\/11\/Sin-titulo-3-300x47.png 300w, https:\/\/dinerologia.mx\/wp-content\/uploads\/2024\/11\/Sin-titulo-3-1024x159.png 1024w, https:\/\/dinerologia.mx\/wp-content\/uploads\/2024\/11\/Sin-titulo-3-768x119.png 768w, https:\/\/dinerologia.mx\/wp-content\/uploads\/2024\/11\/Sin-titulo-3-1536x238.png 1536w\" alt=\"\" width=\"1020\" height=\"158\" \/><\/div>\n<\/div>\n<div class=\"elementor-element elementor-element-345c344c elementor-widget elementor-widget-text-editor\" data-id=\"345c344c\" data-element_type=\"widget\" data-widget_type=\"text-editor.default\">\n<div class=\"elementor-widget-container\">\n<p>es para ti si ya est\u00e1s harto de esa historia repetitiva.<\/p>\n<\/div>\n<\/div>\n<\/div>\n<\/div>\n<div class=\"elementor-element elementor-element-53e7be54 e-flex e-con-boxed e-con e-parent e-lazyloaded\" data-id=\"53e7be54\" data-element_type=\"container\" data-settings=\"{&quot;background_background&quot;:&quot;classic&quot;}\">\n<div class=\"e-con-inner\">\n<div class=\"elementor-element elementor-element-35f89891 elementor-widget elementor-widget-text-editor\" data-id=\"35f89891\" data-element_type=\"widget\" data-widget_type=\"text-editor.default\">\n<div class=\"elementor-widget-container\">\n<p>\u00bfQU\u00c9 TE DARA DINEROLOG\u00cdA ?<\/p>\n<\/div>\n<\/div>\n<div class=\"elementor-element elementor-element-2d44b343 elementor-widget elementor-widget-text-editor animated fadeInRight\" data-id=\"2d44b343\" data-element_type=\"widget\" data-settings=\"{&quot;_animation&quot;:&quot;fadeInRight&quot;}\" data-widget_type=\"text-editor.default\">\n<div class=\"elementor-widget-container\">\n<p><b>Mentalidad Financiera Transformada:<\/b>\u00a0Aprender\u00e1n a reconocer y cambiar creencias limitantes sobre el dinero, abri\u00e9ndose a una mentalidad de abundancia que impulsa sus finanzas de forma genuina.<\/p>\n<p>&nbsp;<\/p>\n<\/div>\n<\/div>\n<div class=\"elementor-element elementor-element-3c3c1680 elementor-widget elementor-widget-text-editor animated fadeInLeft\" data-id=\"3c3c1680\" data-element_type=\"widget\" data-settings=\"{&quot;_animation&quot;:&quot;fadeInLeft&quot;}\" data-widget_type=\"text-editor.default\">\n<div class=\"elementor-widget-container\">\n<p><b>Gesti\u00f3n Financiera Intuitiva y Sostenible:<\/b>\u00a0Desarrollar\u00e1n una relaci\u00f3n sana con su econom\u00eda personal, aplicando pr\u00e1cticas que les permitan tomar decisiones con claridad, confianza y prop\u00f3sito.<\/p>\n<\/div>\n<\/div>\n<div class=\"elementor-element elementor-element-65234c60 elementor-widget elementor-widget-text-editor animated fadeInRight\" data-id=\"65234c60\" data-element_type=\"widget\" data-settings=\"{&quot;_animation&quot;:&quot;fadeInRight&quot;}\" data-widget_type=\"text-editor.default\">\n<div class=\"elementor-widget-container\">\n<p><b>Planificaci\u00f3n Financiera Alineada:<\/b>\u00a0Recibir\u00e1n gu\u00edas pr\u00e1cticas para estructurar metas financieras que reflejen sus aspiraciones personales y profesionales, enfoc\u00e1ndose en crecimiento a largo plazo.<\/p>\n<\/div>\n<\/div>\n<div class=\"elementor-element elementor-element-792e5a5f elementor-widget elementor-widget-text-editor animated fadeInLeft\" data-id=\"792e5a5f\" data-element_type=\"widget\" data-settings=\"{&quot;_animation&quot;:&quot;fadeInLeft&quot;}\" data-widget_type=\"text-editor.default\">\n<div class=\"elementor-widget-container\">\n<p><b>Empoderamiento Financiero y Energ\u00e9tico:<\/b>\u00a0Acceder\u00e1n a herramientas de consciencia para elevar su frecuencia energ\u00e9tica en torno al dinero, liberando bloqueos y abri\u00e9ndose a nuevas oportunidades de prosperidad.<\/p>\n<\/div>\n<\/div>\n<div class=\"elementor-element elementor-element-4f08c0ee elementor-widget elementor-widget-text-editor animated fadeInLeft\" data-id=\"4f08c0ee\" data-element_type=\"widget\" data-settings=\"{&quot;_animation&quot;:&quot;fadeInLeft&quot;}\" data-widget_type=\"text-editor.default\">\n<div class=\"elementor-widget-container\">\n<p><b>Conexi\u00f3n con su Prop\u00f3sito:<\/b>\u00a0Dinerolog\u00eda va m\u00e1s all\u00e1 de la educaci\u00f3n financiera, ayud\u00e1ndoles a descubrir c\u00f3mo el dinero puede ser una herramienta para vivir en mayor coherencia con su prop\u00f3sito y sus elecciones fundamentales.<\/p>\n<p>&nbsp;<\/p>\n<\/div>\n<\/div>\n<\/div>\n<\/div>\n","protected":false},"excerpt":{"rendered":"<p>\u00bfTe encuentras haciendo cuentas cada fin de mes? \u00bfTrabajas, ganas, gastas\u2026\u00a0y vuelves a empezar, pero nunca es suficiente? no es\u00a0el t\u00edpico curso\u00a0de finanzas. No es la cl\u00e1sica charla sobre \u201cahorra m\u00e1s\u201d o \u201cgasta menos\u201d. Es un curso en el que\u00a0desbloquear\u00e1s esas limitaciones mentales, emocionales y energ\u00e9ticas que, aunque no las veas, te frenan financieramente. \u00bfTe\u00a0suena [&#8230;]\n","protected":false},"featured_media":33597,"template":"","meta":{"_monsterinsights_skip_tracking":false,"_monsterinsights_sitenote_active":false,"_monsterinsights_sitenote_note":"","_monsterinsights_sitenote_category":0,"jetpack_post_was_ever_published":false,"jetpack_publicize_message":"","jetpack_publicize_feature_enabled":true,"jetpack_social_post_already_shared":true,"jetpack_social_options":{"image_generator_settings":{"template":"highway","default_image_id":0,"font":"","enabled":false},"version":2}},"product_brand":[],"product_cat":[46],"product_tag":[263,142,260,211,254,119,251,215,257,249,243,230,182,226,253,236,229,143,228,232,258,234,262,239,220,265,219,225,240,238,140,242,235,244,266,267,248,210,245,212,250,227,255,264,252,217,216,233,261,73,237,231,247,221,246,222,223,224,259,241,256,218,213,214,53],"class_list":{"0":"post-33595","1":"product","2":"type-product","3":"status-publish","4":"has-post-thumbnail","6":"product_cat-superacion","7":"product_tag-animales","8":"product_tag-avanzado","9":"product_tag-biden","10":"product_tag-billetes","11":"product_tag-bitcoin","12":"product_tag-carrera","13":"product_tag-china","14":"product_tag-christopher-olivarrieta","15":"product_tag-cine","16":"product_tag-coranavirus","17":"product_tag-cultura","18":"product_tag-cursos","19":"product_tag-dinero","20":"product_tag-dios","21":"product_tag-dolar","22":"product_tag-enric-corbera","23":"product_tag-ensenanza-en-casa","24":"product_tag-entidades","25":"product_tag-escuela","26":"product_tag-especialidad","27":"product_tag-estrenos","28":"product_tag-estudios","29":"product_tag-facebook","30":"product_tag-famosos","31":"product_tag-free","32":"product_tag-gatos","33":"product_tag-gratis","34":"product_tag-guerra","35":"product_tag-humor","36":"product_tag-internet","37":"product_tag-jose-palomo","38":"product_tag-juegos","39":"product_tag-lavin","40":"product_tag-manga","41":"product_tag-mercado-libre","42":"product_tag-mercado-pago","43":"product_tag-meteorologia","44":"product_tag-moneda","45":"product_tag-musica","46":"product_tag-nuevo","47":"product_tag-omnicron","48":"product_tag-oracion","49":"product_tag-peliculas","50":"product_tag-perros","51":"product_tag-peso","52":"product_tag-porn","53":"product_tag-porno","54":"product_tag-profesional","55":"product_tag-putin","56":"product_tag-salud","57":"product_tag-sexo","58":"product_tag-talleres","59":"product_tag-television","60":"product_tag-terapias","61":"product_tag-trabajo","62":"product_tag-ucrania","63":"product_tag-ukrania","64":"product_tag-usa","65":"product_tag-vacuna","66":"product_tag-viajes","67":"product_tag-videos","68":"product_tag-xxx","69":"product_tag-youtube","70":"product_tag-youtube-yuen-guadalajara","71":"product_tag-yuen","73":"first","74":"instock","75":"downloadable","76":"virtual","77":"purchasable","78":"product-type-simple"},"jetpack_publicize_connections":[],"jetpack-related-posts":[],"jetpack_sharing_enabled":false,"jetpack_likes_enabled":false,"_links":{"self":[{"href":"https:\/\/multiofertasvip.com\/index.php?rest_route=\/wp\/v2\/product\/33595","targetHints":{"allow":["GET"]}}],"collection":[{"href":"https:\/\/multiofertasvip.com\/index.php?rest_route=\/wp\/v2\/product"}],"about":[{"href":"https:\/\/multiofertasvip.com\/index.php?rest_route=\/wp\/v2\/types\/product"}],"version-history":[{"count":1,"href":"https:\/\/multiofertasvip.com\/index.php?rest_route=\/wp\/v2\/product\/33595\/revisions"}],"predecessor-version":[{"id":33598,"href":"https:\/\/multiofertasvip.com\/index.php?rest_route=\/wp\/v2\/product\/33595\/revisions\/33598"}],"wp:featuredmedia":[{"embeddable":true,"href":"https:\/\/multiofertasvip.com\/index.php?rest_route=\/wp\/v2\/media\/33597"}],"wp:attachment":[{"href":"https:\/\/multiofertasvip.com\/index.php?rest_route=%2Fwp%2Fv2%2Fmedia&parent=33595"}],"wp:term":[{"taxonomy":"product_brand","embeddable":true,"href":"https:\/\/multiofertasvip.com\/index.php?rest_route=%2Fwp%2Fv2%2Fproduct_brand&post=33595"},{"taxonomy":"product_cat","embeddable":true,"href":"https:\/\/multiofertasvip.com\/index.php?rest_route=%2Fwp%2Fv2%2Fproduct_cat&post=33595"},{"taxonomy":"product_tag","embeddable":true,"href":"https:\/\/multiofertasvip.com\/index.php?rest_route=%2Fwp%2Fv2%2Fproduct_tag&post=33595"}],"curies":[{"name":"wp","href":"https:\/\/api.w.org\/{rel}","templated":true}]}}