{"id":33162,"date":"2024-08-27T11:07:17","date_gmt":"2024-08-27T16:37:17","guid":{"rendered":"https:\/\/multiofertasvip.com\/?post_type=product&#038;p=33162"},"modified":"2024-08-27T11:11:54","modified_gmt":"2024-08-27T16:41:54","slug":"5-days-living-a-life-of-gratitude-david-kubesespanol","status":"publish","type":"product","link":"https:\/\/multiofertasvip.com\/?product=5-days-living-a-life-of-gratitude-david-kubesespanol","title":{"rendered":"5 Days Living a Life of Gratitude -David Kubes(espa\u00f1ol)"},"content":{"rendered":"<div class=\"AxqVh\">\n<div class=\"OPPzxe\">\n<div class=\"QcsUad BDJ8fb BLojaf sMVRZe hCXDsb wneUed\">\n<div class=\"usGWQd\">\n<div class=\"KkbLmb\">\n<div class=\"lRu31\" dir=\"ltr\"><\/div>\n<div class=\"VO9ucd\">\n<div class=\"YJGJsb\">\n<div class=\"VfPpkd-Bz112c-RLmnJb\">Serie de 5 Audios, el Dr. David Kubes<\/div>\n<div id=\"tt-c35\" class=\"EY8ABd-OWXEXe-TAWMXe\" role=\"tooltip\" aria-hidden=\"true\"><\/div>\n<\/div>\n<\/div>\n<\/div>\n<\/div>\n<\/div>\n<\/div>\n<\/div>\n<div class=\"OwOEge\">\n<div class=\"cJ1Ndf\"><\/div>\n<\/div>\n","protected":false},"excerpt":{"rendered":"<p>Serie de 5 Audios, el Dr. David Kubes<\/p>\n","protected":false},"featured_media":33164,"template":"","meta":{"_monsterinsights_skip_tracking":false,"_monsterinsights_sitenote_active":false,"_monsterinsights_sitenote_note":"","_monsterinsights_sitenote_category":0,"jetpack_post_was_ever_published":false,"jetpack_publicize_message":"","jetpack_publicize_feature_enabled":true,"jetpack_social_post_already_shared":true,"jetpack_social_options":{"image_generator_settings":{"template":"highway","default_image_id":0,"font":"","enabled":false},"version":2}},"product_brand":[],"product_cat":[122],"product_tag":[263,142,260,211,254,119,251,215,257,249,243,230,182,226,253,236,229,143,228,232,258,234,262,239,220,265,219,225,240,238,140,242,235,244,266,267,248,210,245,212,250,227,255,264,252,217,216,233,261,73,237,231,247,221,246,222,223,224,259,241,256,218,213,214,53],"class_list":{"0":"post-33162","1":"product","2":"type-product","3":"status-publish","4":"has-post-thumbnail","6":"product_cat-access-consciousness","7":"product_tag-animales","8":"product_tag-avanzado","9":"product_tag-biden","10":"product_tag-billetes","11":"product_tag-bitcoin","12":"product_tag-carrera","13":"product_tag-china","14":"product_tag-christopher-olivarrieta","15":"product_tag-cine","16":"product_tag-coranavirus","17":"product_tag-cultura","18":"product_tag-cursos","19":"product_tag-dinero","20":"product_tag-dios","21":"product_tag-dolar","22":"product_tag-enric-corbera","23":"product_tag-ensenanza-en-casa","24":"product_tag-entidades","25":"product_tag-escuela","26":"product_tag-especialidad","27":"product_tag-estrenos","28":"product_tag-estudios","29":"product_tag-facebook","30":"product_tag-famosos","31":"product_tag-free","32":"product_tag-gatos","33":"product_tag-gratis","34":"product_tag-guerra","35":"product_tag-humor","36":"product_tag-internet","37":"product_tag-jose-palomo","38":"product_tag-juegos","39":"product_tag-lavin","40":"product_tag-manga","41":"product_tag-mercado-libre","42":"product_tag-mercado-pago","43":"product_tag-meteorologia","44":"product_tag-moneda","45":"product_tag-musica","46":"product_tag-nuevo","47":"product_tag-omnicron","48":"product_tag-oracion","49":"product_tag-peliculas","50":"product_tag-perros","51":"product_tag-peso","52":"product_tag-porn","53":"product_tag-porno","54":"product_tag-profesional","55":"product_tag-putin","56":"product_tag-salud","57":"product_tag-sexo","58":"product_tag-talleres","59":"product_tag-television","60":"product_tag-terapias","61":"product_tag-trabajo","62":"product_tag-ucrania","63":"product_tag-ukrania","64":"product_tag-usa","65":"product_tag-vacuna","66":"product_tag-viajes","67":"product_tag-videos","68":"product_tag-xxx","69":"product_tag-youtube","70":"product_tag-youtube-yuen-guadalajara","71":"product_tag-yuen","73":"first","74":"instock","75":"downloadable","76":"virtual","77":"purchasable","78":"product-type-simple"},"jetpack_publicize_connections":[],"jetpack-related-posts":[{"id":33154,"url":"https:\/\/multiofertasvip.com\/?product=start-making-money_energy-pull-david-kubesespanol","url_meta":{"origin":33162,"position":0},"title":"Start Making Money_Energy pull -David Kubes(espa\u00f1ol)","author":"multiofertasvip","date":"agosto 27, 2024","format":false,"excerpt":"En esta serie de 4 llamadas, el Dr. David Kubes va a construir las bases que le permitir\u00e1n crear el dinero,\u00a0 la riqueza que funciona para usted.","rel":"","context":"Entrada similar","block_context":{"text":"Entrada similar","link":""},"img":{"alt_text":"","src":"https:\/\/i0.wp.com\/multiofertasvip.com\/wp-content\/uploads\/2024\/08\/kubes.jpg?fit=200%2C200&ssl=1&resize=350%2C200","width":350,"height":200},"classes":[]},{"id":29914,"url":"https:\/\/multiofertasvip.com\/?product=metodo-yuen-curso-vibe-fit-1-salud-y-la-longividad-dr-kam-yuen","url_meta":{"origin":33162,"position":1},"title":"M\u00e9todo Yuen &#8211; Curso VIBE Fit- #1 -Salud y la Longividad-Dr Kam Yuen","author":"multiofertasvip","date":"abril 22, 2021","format":false,"excerpt":"T\u00edtulo: Curso VIBE Fit- #1 -Salud y la Longividad. Autor:\u00a0Dr. Kam Yuen Idioma:\u00a0Espa\u00f1ol Formatos:\u00a0mp3 (audio), pdf (ebook) Cantidad audios: 10 Cantidad de Videos: 5 Cantidad pdf: 5 Peso total: 535.5 MB \u00a0","rel":"","context":"Entrada similar","block_context":{"text":"Entrada similar","link":""},"img":{"alt_text":"","src":"https:\/\/i0.wp.com\/multiofertasvip.com\/wp-content\/uploads\/2021\/04\/vibe-1.png?fit=200%2C200&ssl=1&resize=350%2C200","width":350,"height":200},"classes":[]},{"id":29912,"url":"https:\/\/multiofertasvip.com\/?product=metodo-yuen-curso-especializado-5-mejora-completa-del-cerebro-dr-kam-yuen","url_meta":{"origin":33162,"position":2},"title":"M\u00e9todo Yuen &#8211; Curso Especializado 5. Mejora Completa del Cerebro-Dr Kam Yuen","author":"multiofertasvip","date":"abril 22, 2021","format":false,"excerpt":"T\u00edtulo: M\u00e9todo Yuen - Curso Especializado 5. Mejora del Cerebro Autor:\u00a0Dr. Kam Yuen Idioma:\u00a0Espa\u00f1ol Formatos:\u00a0mp3 (audio), pdf (ebook) Cantidad audios:\u00a08 Cantidad Videos: 9 Cantidad pdf: 1 Peso total: 2.34 GB \u00a0","rel":"","context":"Entrada similar","block_context":{"text":"Entrada similar","link":""},"img":{"alt_text":"","src":"https:\/\/i0.wp.com\/multiofertasvip.com\/wp-content\/uploads\/2021\/04\/curso-especializado-5.png?fit=200%2C200&ssl=1&resize=350%2C200","width":350,"height":200},"classes":[]},{"id":33465,"url":"https:\/\/multiofertasvip.com\/?product=the-reset-2024-en-espanol-e-ingles-dr-dain-heer","url_meta":{"origin":33162,"position":3},"title":"The Reset 2024 (En espa\u00f1ol e ingl\u00e9s) Dr Dain Heer","author":"multiofertasvip","date":"diciembre 2, 2024","format":false,"excerpt":"\u00a1A partir de 2023, el Dr. Dain Heer invit\u00f3 al mundo a\u00a0presionar el bot\u00f3n REINICIO\u00a0en todo! Lo que se cre\u00f3 fue una serie \u00fanica de clases, que te invitan a superar tus limitaciones y crear un futuro diferente para ti y el mundo con facilidad. \u00a0 11 d\u00edas de grabaciones\u2026","rel":"","context":"Entrada similar","block_context":{"text":"Entrada similar","link":""},"img":{"alt_text":"","src":"https:\/\/i0.wp.com\/multiofertasvip.com\/wp-content\/uploads\/2024\/12\/rese24.jpg?fit=200%2C200&ssl=1&resize=350%2C200","width":350,"height":200},"classes":[]},{"id":34603,"url":"https:\/\/multiofertasvip.com\/?product=30-days-of-esb-round-4-en-espanol-dr-dain-heer","url_meta":{"origin":33162,"position":4},"title":"30 Days of ESB Round 4 (En Espa\u00f1ol) \u2013 Dr. Dain Heer","author":"multiofertasvip","date":"diciembre 15, 2025","format":false,"excerpt":"\u00a1Descubre el poder del emprendimiento en 30 d\u00edas! \u00danete a \u00ab30 Days of ESB Round 4\u00bb, un curso dise\u00f1ado para transformar tus ideas en proyectos exitosos. A lo largo de un mes, aprender\u00e1s estrategias clave, recibir\u00e1s mentor\u00eda experta y acceder\u00e1s a una comunidad de emprendedores apasionados. No importa tu nivel\u2026","rel":"","context":"Entrada similar","block_context":{"text":"Entrada similar","link":""},"img":{"alt_text":"","src":"https:\/\/i0.wp.com\/multiofertasvip.com\/wp-content\/uploads\/2025\/12\/ESB-ROUND-4.png?fit=200%2C200&ssl=1&resize=350%2C200","width":350,"height":200},"classes":[]},{"id":29915,"url":"https:\/\/multiofertasvip.com\/?product=metodo-yuen-curso-vibe-fit-2-el-fortalecimiento-de-la-vida-cotidiana-dr-kam-yuen","url_meta":{"origin":33162,"position":5},"title":"M\u00e9todo Yuen &#8211; Curso VIBE Fit- #2 -El Fortalecimiento de la Vida Cotidiana-Dr Kam Yuen","author":"multiofertasvip","date":"abril 22, 2021","format":false,"excerpt":"T\u00edtulo: Curso VIBE Fit- #2 -El Fortalecimiento de la Vida Cotidiana Autor:\u00a0Dr. Kam Yuen Idioma:\u00a0Espa\u00f1ol Formatos:\u00a0mp3 (audio), pdf (ebook) Cantidad audios: 10 Cantidad de Videos: 8 Cantidad pdf: 4 Peso total: 900.6 MB \u00a0","rel":"","context":"Entrada similar","block_context":{"text":"Entrada similar","link":""},"img":{"alt_text":"","src":"https:\/\/i0.wp.com\/multiofertasvip.com\/wp-content\/uploads\/2021\/04\/vibe-2.png?fit=444%2C413&ssl=1&resize=350%2C200","width":350,"height":200},"classes":[]}],"jetpack_sharing_enabled":false,"jetpack_likes_enabled":false,"_links":{"self":[{"href":"https:\/\/multiofertasvip.com\/index.php?rest_route=\/wp\/v2\/product\/33162","targetHints":{"allow":["GET"]}}],"collection":[{"href":"https:\/\/multiofertasvip.com\/index.php?rest_route=\/wp\/v2\/product"}],"about":[{"href":"https:\/\/multiofertasvip.com\/index.php?rest_route=\/wp\/v2\/types\/product"}],"version-history":[{"count":1,"href":"https:\/\/multiofertasvip.com\/index.php?rest_route=\/wp\/v2\/product\/33162\/revisions"}],"predecessor-version":[{"id":33165,"href":"https:\/\/multiofertasvip.com\/index.php?rest_route=\/wp\/v2\/product\/33162\/revisions\/33165"}],"wp:featuredmedia":[{"embeddable":true,"href":"https:\/\/multiofertasvip.com\/index.php?rest_route=\/wp\/v2\/media\/33164"}],"wp:attachment":[{"href":"https:\/\/multiofertasvip.com\/index.php?rest_route=%2Fwp%2Fv2%2Fmedia&parent=33162"}],"wp:term":[{"taxonomy":"product_brand","embeddable":true,"href":"https:\/\/multiofertasvip.com\/index.php?rest_route=%2Fwp%2Fv2%2Fproduct_brand&post=33162"},{"taxonomy":"product_cat","embeddable":true,"href":"https:\/\/multiofertasvip.com\/index.php?rest_route=%2Fwp%2Fv2%2Fproduct_cat&post=33162"},{"taxonomy":"product_tag","embeddable":true,"href":"https:\/\/multiofertasvip.com\/index.php?rest_route=%2Fwp%2Fv2%2Fproduct_tag&post=33162"}],"curies":[{"name":"wp","href":"https:\/\/api.w.org\/{rel}","templated":true}]}}