{"id":33150,"date":"2024-08-26T11:52:05","date_gmt":"2024-08-26T17:22:05","guid":{"rendered":"https:\/\/multiofertasvip.com\/?post_type=product&#038;p=33150"},"modified":"2024-08-27T10:51:44","modified_gmt":"2024-08-27T16:21:44","slug":"intro-being-you-creating-money-with-ease-dr-dain-heer","status":"publish","type":"product","link":"https:\/\/multiofertasvip.com\/?product=intro-being-you-creating-money-with-ease-dr-dain-heer","title":{"rendered":"Intro Being You Creating Money with Ease-Dr. Dain Heer(Espa\u00f1ol)"},"content":{"rendered":"<div class=\"AxqVh\">\n<div class=\"OPPzxe\">\n<div class=\"QcsUad BDJ8fb BLojaf sMVRZe hCXDsb wneUed\">\n<div class=\"usGWQd\">\n<div class=\"KkbLmb\">\n<div class=\"lRu31\" dir=\"ltr\">\n<div id=\"ow2302\"><\/div>\n<\/div>\n<div class=\"VO9ucd\">\n<div class=\"YJGJsb\">\n<div class=\"VfPpkd-Bz112c-Jh9lGc\">\n<h3>\u00bfQu\u00e9 pasa si todo lo que te han ense\u00f1ado o has aprendido sobre el dinero, la riqueza y la abundancia est\u00e1 desactualizado o es incorrecto?<\/h3>\n<p>Durante esta clase nocturna, el Dr. Dain Heer le presentar\u00e1 una forma muy diferente de funcionar y ser en el \u00e1rea del dinero.<\/p>\n<p>\u00a1Bienvenido a\u00a0<em>Ser t\u00fa mismo: c\u00f3mo crear dinero f\u00e1cilmente<\/em>\u00a0con el Dr. Dain Heer!<\/p>\n<\/div>\n<h3 class=\"hidden-xs hidden-sm\">Descripci\u00f3n del Producto<\/h3>\n<p>&nbsp;<\/p>\n<p><strong>Duraci\u00f3n:<\/strong>\u00a0\u00a0 Clase de noche<\/p>\n<p><strong>Facilitador:<\/strong>\u00a0\u00a0 Dr. Dain Heer<\/p>\n<p><strong>Formato:\u00a0\u00a0<\/strong>V\u00eddeo bajo demanda (VOD) + MP3 + PDF Descargar<\/p>\n<p><strong>Prerrequisito:<\/strong>\u00a0\u00a0 Ninguno<\/p>\n<p><strong>Incluye Clearings:\u00a0<\/strong>\u00a0Clearings escritos y en audio<\/p>\n<p>&nbsp;<\/p>\n<h3><span data-sheets-value=\"{&quot;1&quot;:2,&quot;2&quot;:&quot;Are you looking for a description?\\n\\nWell, some of the special Access Consciousness\u00ae telecalls actually don\u2019t have a description. The title is all that is required to spark your knowing. You know if this class is for you, description or not. \\n\\nFollow your knowing.&quot;}\" data-sheets-userformat=\"{&quot;2&quot;:13057,&quot;3&quot;:{&quot;1&quot;:0},&quot;11&quot;:4,&quot;12&quot;:0,&quot;15&quot;:&quot;Arial&quot;,&quot;16&quot;:10}\"><em>En tiempos de gran agitaci\u00f3n y cambio, \u00bfqu\u00e9 pasar\u00eda si usted estuviera dispuesto a mirar las infinitas posibilidades en lugar de los problemas?<\/em><\/span><\/h3>\n<p>&nbsp;<\/p>\n<ul>\n<li><span data-sheets-value=\"{&quot;1&quot;:2,&quot;2&quot;:&quot;Are you looking for a description?\\n\\nWell, some of the special Access Consciousness\u00ae telecalls actually don\u2019t have a description. The title is all that is required to spark your knowing. You know if this class is for you, description or not. \\n\\nFollow your knowing.&quot;}\" data-sheets-userformat=\"{&quot;2&quot;:13057,&quot;3&quot;:{&quot;1&quot;:0},&quot;11&quot;:4,&quot;12&quot;:0,&quot;15&quot;:&quot;Arial&quot;,&quot;16&quot;:10}\">\u00bfY si en realidad se trata de qui\u00e9n est\u00e1s dispuesto a ser?<\/span><\/li>\n<li><span data-sheets-value=\"{&quot;1&quot;:2,&quot;2&quot;:&quot;Are you looking for a description?\\n\\nWell, some of the special Access Consciousness\u00ae telecalls actually don\u2019t have a description. The title is all that is required to spark your knowing. You know if this class is for you, description or not. \\n\\nFollow your knowing.&quot;}\" data-sheets-userformat=\"{&quot;2&quot;:13057,&quot;3&quot;:{&quot;1&quot;:0},&quot;11&quot;:4,&quot;12&quot;:0,&quot;15&quot;:&quot;Arial&quot;,&quot;16&quot;:10}\">\u00bfCu\u00e1nto est\u00e1s dispuesto a recibir?<\/span><\/li>\n<li><span data-sheets-value=\"{&quot;1&quot;:2,&quot;2&quot;:&quot;Are you looking for a description?\\n\\nWell, some of the special Access Consciousness\u00ae telecalls actually don\u2019t have a description. The title is all that is required to spark your knowing. You know if this class is for you, description or not. \\n\\nFollow your knowing.&quot;}\" data-sheets-userformat=\"{&quot;2&quot;:13057,&quot;3&quot;:{&quot;1&quot;:0},&quot;11&quot;:4,&quot;12&quot;:0,&quot;15&quot;:&quot;Arial&quot;,&quot;16&quot;:10}\">\u00bfY qu\u00e9 facilidad est\u00e1s dispuesto a dejar entrar en tu mundo?<br \/>\n<\/span><\/li>\n<\/ul>\n<p><span data-sheets-value=\"{&quot;1&quot;:2,&quot;2&quot;:&quot;Are you looking for a description?\\n\\nWell, some of the special Access Consciousness\u00ae telecalls actually don\u2019t have a description. The title is all that is required to spark your knowing. You know if this class is for you, description or not. \\n\\nFollow your knowing.&quot;}\" data-sheets-userformat=\"{&quot;2&quot;:13057,&quot;3&quot;:{&quot;1&quot;:0},&quot;11&quot;:4,&quot;12&quot;:0,&quot;15&quot;:&quot;Arial&quot;,&quot;16&quot;:10}\">\u00bfQu\u00e9 pasar\u00eda si, siendo t\u00fa mismo, generaras dinero con facilidad, te aportara m\u00e1s a ti, a todos los que te rodean y al mundo entero?<\/span><\/p>\n<p>Esto es lo que el Dr. Dain Heer explora en esta clase introductoria especial. \u00a1Todos son bienvenidos!<\/p>\n<blockquote><p><em>Un ser infinito est\u00e1 dispuesto a tener todo el dinero que necesite para crear la vida que realmente desea.<\/em><\/p>\n<p>\u2013Dr. Dain Heer<\/p><\/blockquote>\n<div class=\"VfPpkd-Bz112c-RLmnJb\"><\/div>\n<div id=\"ucc-7\" class=\"EY8ABd-OWXEXe-TAWMXe\" role=\"tooltip\" aria-hidden=\"true\"><\/div>\n<div>\n<div data-show-delay-ms=\"250\" data-append-to-body=\"true\" data-propagate-tooltip-mouseover-events=\"true\" data-anchor-corner=\"bottom-left\" data-enable-skip-handler=\"false\" data-popup-corner=\"top-left\">\n<div class=\"dig2sb\">\n<div class=\"VfPpkd-Bz112c-Jh9lGc\"><\/div>\n<div class=\"VfPpkd-Bz112c-RLmnJb\"><\/div>\n<\/div>\n<\/div>\n<\/div>\n<div class=\"VfPpkd-Bz112c-Jh9lGc\"><\/div>\n<div class=\"VfPpkd-Bz112c-RLmnJb\"><\/div>\n<div id=\"tt-c35\" class=\"EY8ABd-OWXEXe-TAWMXe\" role=\"tooltip\" aria-hidden=\"true\"><\/div>\n<\/div>\n<\/div>\n<\/div>\n<\/div>\n<\/div>\n<\/div>\n<\/div>\n<div class=\"OwOEge\">\n<div class=\"cJ1Ndf\"><\/div>\n<\/div>\n","protected":false},"excerpt":{"rendered":"<p>\u00bfQu\u00e9 pasa si todo lo que te han ense\u00f1ado o has aprendido sobre el dinero, la riqueza y la abundancia est\u00e1 desactualizado o es incorrecto? Durante esta clase nocturna, el Dr. Dain Heer le presentar\u00e1 una forma muy diferente de funcionar y ser en el \u00e1rea del dinero. \u00a1Bienvenido a\u00a0Ser t\u00fa mismo: c\u00f3mo crear dinero [&#8230;]\n","protected":false},"featured_media":33152,"template":"","meta":{"_monsterinsights_skip_tracking":false,"_monsterinsights_sitenote_active":false,"_monsterinsights_sitenote_note":"","_monsterinsights_sitenote_category":0,"jetpack_post_was_ever_published":false,"jetpack_publicize_message":"","jetpack_publicize_feature_enabled":true,"jetpack_social_post_already_shared":true,"jetpack_social_options":{"image_generator_settings":{"template":"highway","default_image_id":0,"font":"","enabled":false},"version":2}},"product_brand":[],"product_cat":[122],"product_tag":[263,142,260,211,254,119,251,215,257,249,243,230,182,226,253,236,229,143,228,232,258,234,262,239,220,265,219,225,240,238,140,242,235,244,266,267,248,210,245,212,250,227,255,264,252,217,216,233,261,73,237,231,247,221,246,222,223,224,259,241,256,218,213,214,53],"class_list":{"0":"post-33150","1":"product","2":"type-product","3":"status-publish","4":"has-post-thumbnail","6":"product_cat-access-consciousness","7":"product_tag-animales","8":"product_tag-avanzado","9":"product_tag-biden","10":"product_tag-billetes","11":"product_tag-bitcoin","12":"product_tag-carrera","13":"product_tag-china","14":"product_tag-christopher-olivarrieta","15":"product_tag-cine","16":"product_tag-coranavirus","17":"product_tag-cultura","18":"product_tag-cursos","19":"product_tag-dinero","20":"product_tag-dios","21":"product_tag-dolar","22":"product_tag-enric-corbera","23":"product_tag-ensenanza-en-casa","24":"product_tag-entidades","25":"product_tag-escuela","26":"product_tag-especialidad","27":"product_tag-estrenos","28":"product_tag-estudios","29":"product_tag-facebook","30":"product_tag-famosos","31":"product_tag-free","32":"product_tag-gatos","33":"product_tag-gratis","34":"product_tag-guerra","35":"product_tag-humor","36":"product_tag-internet","37":"product_tag-jose-palomo","38":"product_tag-juegos","39":"product_tag-lavin","40":"product_tag-manga","41":"product_tag-mercado-libre","42":"product_tag-mercado-pago","43":"product_tag-meteorologia","44":"product_tag-moneda","45":"product_tag-musica","46":"product_tag-nuevo","47":"product_tag-omnicron","48":"product_tag-oracion","49":"product_tag-peliculas","50":"product_tag-perros","51":"product_tag-peso","52":"product_tag-porn","53":"product_tag-porno","54":"product_tag-profesional","55":"product_tag-putin","56":"product_tag-salud","57":"product_tag-sexo","58":"product_tag-talleres","59":"product_tag-television","60":"product_tag-terapias","61":"product_tag-trabajo","62":"product_tag-ucrania","63":"product_tag-ukrania","64":"product_tag-usa","65":"product_tag-vacuna","66":"product_tag-viajes","67":"product_tag-videos","68":"product_tag-xxx","69":"product_tag-youtube","70":"product_tag-youtube-yuen-guadalajara","71":"product_tag-yuen","73":"first","74":"instock","75":"downloadable","76":"virtual","77":"purchasable","78":"product-type-simple"},"jetpack_publicize_connections":[],"jetpack-related-posts":[{"id":34860,"url":"https:\/\/multiofertasvip.com\/?product=the-money-class-dr-dain-heer","url_meta":{"origin":33150,"position":0},"title":"The Money Class-Dr. Dain Heer","author":"multiofertasvip","date":"febrero 26, 2026","format":false,"excerpt":"Curso La Clase de Dinero No es lo Que Pensabas Dain Heer Una serie de 4 llamadas con el Dr. Dain Heer. Este producto es una serie de 4 llamadas sobre dinero de mi programa Monstruos de Milagros. Juntos, creamos algo completamente diferente e inesperado. Y eso es decirlo suavemente.\u2026","rel":"","context":"Entrada similar","block_context":{"text":"Entrada similar","link":""},"img":{"alt_text":"","src":"https:\/\/i0.wp.com\/multiofertasvip.com\/wp-content\/uploads\/2026\/02\/money-class.jpg?fit=200%2C200&ssl=1&resize=350%2C200","width":350,"height":200},"classes":[]},{"id":34499,"url":"https:\/\/multiofertasvip.com\/?product=todo-es-posible-como-lo-consigo-dr-dain-heer","url_meta":{"origin":33150,"position":1},"title":"Todo es posible: \u00bfC\u00f3mo lo consigo?-Dr. Dain Heer","author":"multiofertasvip","date":"octubre 29, 2025","format":false,"excerpt":"\u00a1Bienvenidos a\u00a0\u00a0Todo es Posible - \u00bfC\u00f3mo lo Logro?\u00a0con el Dr. Dain Heer! \u00bfEmpiezas a darte cuenta de que existen otras posibilidades y opciones a tu alcance, pero simplemente no has sabido c\u00f3mo hacerlas realidad? Eso es precisamente lo que abordaremos en esta breve clase.","rel":"","context":"Entrada similar","block_context":{"text":"Entrada similar","link":""},"img":{"alt_text":"","src":"https:\/\/i0.wp.com\/multiofertasvip.com\/wp-content\/uploads\/2025\/10\/Everything_Is_Possible.jpg?fit=200%2C200&ssl=1&resize=350%2C200","width":350,"height":200},"classes":[]},{"id":33465,"url":"https:\/\/multiofertasvip.com\/?product=the-reset-2024-en-espanol-e-ingles-dr-dain-heer","url_meta":{"origin":33150,"position":2},"title":"The Reset 2024 (En espa\u00f1ol e ingl\u00e9s) Dr Dain Heer","author":"multiofertasvip","date":"diciembre 2, 2024","format":false,"excerpt":"\u00a1A partir de 2023, el Dr. Dain Heer invit\u00f3 al mundo a\u00a0presionar el bot\u00f3n REINICIO\u00a0en todo! Lo que se cre\u00f3 fue una serie \u00fanica de clases, que te invitan a superar tus limitaciones y crear un futuro diferente para ti y el mundo con facilidad. \u00a0 11 d\u00edas de grabaciones\u2026","rel":"","context":"Entrada similar","block_context":{"text":"Entrada similar","link":""},"img":{"alt_text":"","src":"https:\/\/i0.wp.com\/multiofertasvip.com\/wp-content\/uploads\/2024\/12\/rese24.jpg?fit=200%2C200&ssl=1&resize=350%2C200","width":350,"height":200},"classes":[]},{"id":32968,"url":"https:\/\/multiofertasvip.com\/?product=dna-unlocking-session-dr-dain-heer","url_meta":{"origin":33150,"position":3},"title":"DNA Unlocking Session-Dr. Dain Heer","author":"multiofertasvip","date":"julio 5, 2024","format":false,"excerpt":"La sesi\u00f3n de desbloqueo del ADN \u00a0\u00a0\u00a0\u00a0Grabaci\u00f3n de audio y video con el Dr. Dain Heer Esta es una sesi\u00f3n especial disponible para usted individualmente de la segunda ronda de sesiones ESB de 30 d\u00edas con el Dr. Dain Heer. Desafortunadamente no hay palabras para describir lo que crea esta\u2026","rel":"","context":"Entrada similar","block_context":{"text":"Entrada similar","link":""},"img":{"alt_text":"","src":"https:\/\/i0.wp.com\/kajabi-storefronts-production.kajabi-cdn.com\/kajabi-storefronts-production\/site\/5658\/images\/0FmIDhVTQoWUenWolsMa_wsPmaEUtSbCEHEsXl7MP_YOU_GIT_THIS.png?resize=350%2C200&ssl=1","width":350,"height":200},"classes":[]},{"id":33588,"url":"https:\/\/multiofertasvip.com\/?product=clase-global-de-barras-de-access-2024-dr-dain-heer","url_meta":{"origin":33150,"position":4},"title":"Clase Global de Barras de Access 2024 Dr. Dain Heer","author":"multiofertasvip","date":"enero 29, 2025","format":false,"excerpt":"Acomp\u00e1\u00f1ame junto con miles de personas al rededor del mundo a la \u00daNICA clase de Barras que puedes tomar en l\u00ednea. La \u00daNICA que har\u00e9 este a\u00f1o. Puedes tomarla EN L\u00cdNEA desde cualquier parte del mundo, o venir en persona a CIUDAD DE M\u00c9XICO. Las Barras cambiaron mi vida por\u2026","rel":"","context":"Entrada similar","block_context":{"text":"Entrada similar","link":""},"img":{"alt_text":"\u00a1\u00a1\u00daLTIMOS LUGARES para la clase Global de Barras de Access en CDMX con el Dr Dain Heer!!","src":"https:\/\/scontent.fmxl1-1.fna.fbcdn.net\/v\/t45.1600-4\/463639495_120214063292780558_9051828910810903756_n.jpg?stp=cp0_dst-jpg_p526x296_q75_spS444_tt6&_nc_cat=110&ccb=1-7&_nc_sid=c02adf&_nc_eui2=AeFKRaKftW9FUQcmPxm0Bp4C_14qf9y69lr_Xip_3Lr2WvFOcu5rW2MTDZ8B6rTF3y8H33BJd0PF8MgcL1PfWuAw&_nc_ohc=crn2Cnw61GcQ7kNvgFt3y-5&_nc_zt=1&_nc_ht=scontent.fmxl1-1.fna&_nc_gid=Alwg7MqfJtvOazMVB2Q4ofa&oh=00_AYAVHasnsnjDAsA51fiIXdc2pHYmS2GSstopfyBxaAcmFg&oe=67A07125","width":350,"height":200,"srcset":"https:\/\/scontent.fmxl1-1.fna.fbcdn.net\/v\/t45.1600-4\/463639495_120214063292780558_9051828910810903756_n.jpg?stp=cp0_dst-jpg_p526x296_q75_spS444_tt6&_nc_cat=110&ccb=1-7&_nc_sid=c02adf&_nc_eui2=AeFKRaKftW9FUQcmPxm0Bp4C_14qf9y69lr_Xip_3Lr2WvFOcu5rW2MTDZ8B6rTF3y8H33BJd0PF8MgcL1PfWuAw&_nc_ohc=crn2Cnw61GcQ7kNvgFt3y-5&_nc_zt=1&_nc_ht=scontent.fmxl1-1.fna&_nc_gid=Alwg7MqfJtvOazMVB2Q4ofa&oh=00_AYAVHasnsnjDAsA51fiIXdc2pHYmS2GSstopfyBxaAcmFg&oe=67A07125 1x, https:\/\/scontent.fmxl1-1.fna.fbcdn.net\/v\/t45.1600-4\/463639495_120214063292780558_9051828910810903756_n.jpg?stp=cp0_dst-jpg_p526x296_q75_spS444_tt6&_nc_cat=110&ccb=1-7&_nc_sid=c02adf&_nc_eui2=AeFKRaKftW9FUQcmPxm0Bp4C_14qf9y69lr_Xip_3Lr2WvFOcu5rW2MTDZ8B6rTF3y8H33BJd0PF8MgcL1PfWuAw&_nc_ohc=crn2Cnw61GcQ7kNvgFt3y-5&_nc_zt=1&_nc_ht=scontent.fmxl1-1.fna&_nc_gid=Alwg7MqfJtvOazMVB2Q4ofa&oh=00_AYAVHasnsnjDAsA51fiIXdc2pHYmS2GSstopfyBxaAcmFg&oe=67A07125 1.5x"},"classes":[]},{"id":32972,"url":"https:\/\/multiofertasvip.com\/?product=breaking-free-from-the-norm-dr-dain-heer","url_meta":{"origin":33150,"position":5},"title":"Breaking Free from the Norm-Dr. Dain Heer","author":"multiofertasvip","date":"julio 5, 2024","format":false,"excerpt":"Liberarse de la norma: Clearing Loop \u00a0\u00a0\u00a0Bucle de limpieza de audio\u00a0\u00a0con el Dr. Dain Heer \u00bfCu\u00e1nto te ha costado encajar en las normas del mundo que te rodea? Y cuando eso no ha funcionado, \u00bfcu\u00e1nto ha luchado por ser diferente a esas normas? \u00bfEs ahora el momento de liberarte del\u2026","rel":"","context":"Entrada similar","block_context":{"text":"Entrada similar","link":""},"img":{"alt_text":"","src":"https:\/\/i0.wp.com\/kajabi-storefronts-production.kajabi-cdn.com\/kajabi-storefronts-production\/site\/5658\/images\/jFx0ZS2rTx6AWgc3IYCg_lmC7KdPRLCuGs818494g_CLERING_LOOPS.png?resize=350%2C200&ssl=1","width":350,"height":200},"classes":[]}],"jetpack_sharing_enabled":false,"jetpack_likes_enabled":false,"_links":{"self":[{"href":"https:\/\/multiofertasvip.com\/index.php?rest_route=\/wp\/v2\/product\/33150","targetHints":{"allow":["GET"]}}],"collection":[{"href":"https:\/\/multiofertasvip.com\/index.php?rest_route=\/wp\/v2\/product"}],"about":[{"href":"https:\/\/multiofertasvip.com\/index.php?rest_route=\/wp\/v2\/types\/product"}],"version-history":[{"count":3,"href":"https:\/\/multiofertasvip.com\/index.php?rest_route=\/wp\/v2\/product\/33150\/revisions"}],"predecessor-version":[{"id":33161,"href":"https:\/\/multiofertasvip.com\/index.php?rest_route=\/wp\/v2\/product\/33150\/revisions\/33161"}],"wp:featuredmedia":[{"embeddable":true,"href":"https:\/\/multiofertasvip.com\/index.php?rest_route=\/wp\/v2\/media\/33152"}],"wp:attachment":[{"href":"https:\/\/multiofertasvip.com\/index.php?rest_route=%2Fwp%2Fv2%2Fmedia&parent=33150"}],"wp:term":[{"taxonomy":"product_brand","embeddable":true,"href":"https:\/\/multiofertasvip.com\/index.php?rest_route=%2Fwp%2Fv2%2Fproduct_brand&post=33150"},{"taxonomy":"product_cat","embeddable":true,"href":"https:\/\/multiofertasvip.com\/index.php?rest_route=%2Fwp%2Fv2%2Fproduct_cat&post=33150"},{"taxonomy":"product_tag","embeddable":true,"href":"https:\/\/multiofertasvip.com\/index.php?rest_route=%2Fwp%2Fv2%2Fproduct_tag&post=33150"}],"curies":[{"name":"wp","href":"https:\/\/api.w.org\/{rel}","templated":true}]}}