{"id":33127,"date":"2024-08-23T12:13:29","date_gmt":"2024-08-23T17:43:29","guid":{"rendered":"https:\/\/multiofertasvip.com\/?post_type=product&#038;p=33127"},"modified":"2024-08-23T12:17:53","modified_gmt":"2024-08-23T17:47:53","slug":"v-potency-de-empoderada-a-poderosa-daniela-correa","status":"publish","type":"product","link":"https:\/\/multiofertasvip.com\/?product=v-potency-de-empoderada-a-poderosa-daniela-correa","title":{"rendered":"V Potency \u2013 De empoderada a poderosa-Daniela Correa"},"content":{"rendered":"<p>\u00bfTe gustar\u00eda ir m\u00e1s all\u00e1 del simple empoderamiento? En este espacio, exploraremos juntas c\u00f3mo despertar tu energ\u00eda femenina, sanar heridas profundas, y liberar los patrones que han limitado tu grandeza.<\/p>\n<p>A trav\u00e9s de rituales poderosos, pr\u00e1cticas de sanaci\u00f3n, y herramientas transformadoras, te guiar\u00e9 en un viaje hacia la reconexi\u00f3n con tu esencia m\u00e1s pura y aut\u00e9ntica. Este no es solo un proceso de empoderamiento; es una invitaci\u00f3n a redescubrir la fuerza ilimitada que reside en ti, llev\u00e1ndote de ser una mujer empoderada a una diosa poderosa.<\/p>\n<p>Prep\u00e1rate para encender tu V Potency y transformar cada aspecto de tu vida desde el interior.<\/p>\n<p>\u00bfQui\u00e9n mas quiere venir a jugar?<\/p>\n","protected":false},"excerpt":{"rendered":"<p>\u00bfTe gustar\u00eda ir m\u00e1s all\u00e1 del simple empoderamiento? En este espacio, exploraremos juntas c\u00f3mo despertar tu energ\u00eda femenina, sanar heridas profundas, y liberar los patrones que han limitado tu grandeza. A trav\u00e9s de rituales poderosos, pr\u00e1cticas de sanaci\u00f3n, y herramientas transformadoras, te guiar\u00e9 en un viaje hacia la reconexi\u00f3n con tu esencia m\u00e1s pura y [&#8230;]\n","protected":false},"featured_media":33129,"template":"","meta":{"_monsterinsights_skip_tracking":false,"_monsterinsights_sitenote_active":false,"_monsterinsights_sitenote_note":"","_monsterinsights_sitenote_category":0,"jetpack_post_was_ever_published":false,"jetpack_publicize_message":"","jetpack_publicize_feature_enabled":true,"jetpack_social_post_already_shared":true,"jetpack_social_options":{"image_generator_settings":{"template":"highway","default_image_id":0,"font":"","enabled":false},"version":2}},"product_brand":[],"product_cat":[122],"product_tag":[263,142,260,211,254,119,251,215,257,249,243,230,182,226,253,236,229,143,228,232,258,234,262,239,220,265,219,225,240,238,140,242,235,244,266,267,248,210,245,212,250,227,255,264,252,217,216,233,261,73,237,231,247,221,246,222,223,224,259,241,256,218,213,214,53],"class_list":{"0":"post-33127","1":"product","2":"type-product","3":"status-publish","4":"has-post-thumbnail","6":"product_cat-access-consciousness","7":"product_tag-animales","8":"product_tag-avanzado","9":"product_tag-biden","10":"product_tag-billetes","11":"product_tag-bitcoin","12":"product_tag-carrera","13":"product_tag-china","14":"product_tag-christopher-olivarrieta","15":"product_tag-cine","16":"product_tag-coranavirus","17":"product_tag-cultura","18":"product_tag-cursos","19":"product_tag-dinero","20":"product_tag-dios","21":"product_tag-dolar","22":"product_tag-enric-corbera","23":"product_tag-ensenanza-en-casa","24":"product_tag-entidades","25":"product_tag-escuela","26":"product_tag-especialidad","27":"product_tag-estrenos","28":"product_tag-estudios","29":"product_tag-facebook","30":"product_tag-famosos","31":"product_tag-free","32":"product_tag-gatos","33":"product_tag-gratis","34":"product_tag-guerra","35":"product_tag-humor","36":"product_tag-internet","37":"product_tag-jose-palomo","38":"product_tag-juegos","39":"product_tag-lavin","40":"product_tag-manga","41":"product_tag-mercado-libre","42":"product_tag-mercado-pago","43":"product_tag-meteorologia","44":"product_tag-moneda","45":"product_tag-musica","46":"product_tag-nuevo","47":"product_tag-omnicron","48":"product_tag-oracion","49":"product_tag-peliculas","50":"product_tag-perros","51":"product_tag-peso","52":"product_tag-porn","53":"product_tag-porno","54":"product_tag-profesional","55":"product_tag-putin","56":"product_tag-salud","57":"product_tag-sexo","58":"product_tag-talleres","59":"product_tag-television","60":"product_tag-terapias","61":"product_tag-trabajo","62":"product_tag-ucrania","63":"product_tag-ukrania","64":"product_tag-usa","65":"product_tag-vacuna","66":"product_tag-viajes","67":"product_tag-videos","68":"product_tag-xxx","69":"product_tag-youtube","70":"product_tag-youtube-yuen-guadalajara","71":"product_tag-yuen","73":"first","74":"instock","75":"downloadable","76":"virtual","77":"purchasable","78":"product-type-simple"},"jetpack_publicize_connections":[],"jetpack-related-posts":[{"id":35194,"url":"https:\/\/multiofertasvip.com\/?product=el-oraculo-de-las-diosas-eduardo-dharma-yoel-2","url_meta":{"origin":33127,"position":0},"title":"El Or\u00e1culo de las Diosas \u2013 Eduardo Dharma Yoel","author":"multiofertasvip","date":"marzo 19, 2026","format":false,"excerpt":"\u00a0 \u00a0 \u00a0 \u00a0 \u00a0 \u00a0 \u00a0","rel":"","context":"Entrada similar","block_context":{"text":"Entrada similar","link":""},"img":{"alt_text":"","src":"https:\/\/i0.wp.com\/multiofertasvip.com\/wp-content\/uploads\/2026\/03\/del-oraculo-de-las-diosas.png?fit=200%2C200&ssl=1&resize=350%2C200","width":350,"height":200},"classes":[]},{"id":33038,"url":"https:\/\/multiofertasvip.com\/?product=desprogramandote-magia-con-moleculas-edicion-que-pinche-verguenza-daniela-correa","url_meta":{"origin":33127,"position":1},"title":"Desprogram\u00e1ndote + Magia con mol\u00e9culas Edici\u00f3n \u00a1Qu\u00e9 pinche verg\u00fcenza!-Daniela Correa","author":"multiofertasvip","date":"julio 31, 2024","format":false,"excerpt":"\u00bfEst\u00e1s listo para liberar la verg\u00fcenza que te ha mantenido atrapado y limitado tu vida? Es el momento de deshacerte de esas emociones que te han frenado y abrirte a una nueva forma de relacionarte contigo mismo y con los dem\u00e1s. La verg\u00fcenza es una emoci\u00f3n poderosa que puede paralizarte\u2026","rel":"","context":"Entrada similar","block_context":{"text":"Entrada similar","link":""},"img":{"alt_text":"","src":"https:\/\/i0.wp.com\/multiofertasvip.com\/wp-content\/uploads\/2024\/07\/verguenza.png?fit=200%2C200&ssl=1&resize=350%2C200","width":350,"height":200},"classes":[]},{"id":34119,"url":"https:\/\/multiofertasvip.com\/?product=el-juego-espiritual-del-dinero-lida-arias","url_meta":{"origin":33127,"position":2},"title":"El Juego Espiritual del Dinero Lida Arias","author":"multiofertasvip","date":"agosto 6, 2025","format":false,"excerpt":"\u00a1Descubre el poderoso \u201cJuego Espiritual del Dinero\u201d y transforma tu relaci\u00f3n con la abundancia! \u00bfTe has preguntado alguna vez por qu\u00e9 algunas personas parecen atraer la riqueza de manera natural, mientras que otras luchan constantemente con sus finanzas? La respuesta no est\u00e1 \u00fanicamente en el trabajo duro o en la\u2026","rel":"","context":"Entrada similar","block_context":{"text":"Entrada similar","link":""},"img":{"alt_text":"","src":"https:\/\/i0.wp.com\/multiofertasvip.com\/wp-content\/uploads\/2025\/08\/JUEGO-ESPIRITUAL.jpg?fit=200%2C200&ssl=1&resize=350%2C200","width":350,"height":200},"classes":[]},{"id":34082,"url":"https:\/\/multiofertasvip.com\/?product=creador-cuantico-miguel-santos-cosmico","url_meta":{"origin":33127,"position":3},"title":"Creador Cuantico Miguel Santos Cosmico","author":"multiofertasvip","date":"junio 25, 2025","format":false,"excerpt":"\u00bfTe gustar\u00eda descubrir herramientas poderosas para moldear tu futuro y crear una realidad alineada con tus sue\u00f1os? \u00a1Ha llegado el momento de ACTIVAR EL PORTAL DE CREACI\u00d3N CU\u00c1NTICA! EN ESTE CURSO APRENDER\u00c1S: C\u00f3mo se crea la REALIDAD C\u00f3mo abrir el PORTAL C\u00d3SMICO que Ilena el mundo f\u00edsico Los 3 ATAJOS\u2026","rel":"","context":"Entrada similar","block_context":{"text":"Entrada similar","link":""},"img":{"alt_text":"","src":"https:\/\/i0.wp.com\/multiofertasvip.com\/wp-content\/uploads\/2025\/06\/creador-cuantico.jpg?fit=200%2C200&ssl=1&resize=350%2C200","width":350,"height":200},"classes":[]},{"id":35450,"url":"https:\/\/multiofertasvip.com\/?product=neuropsicologia-femenina-mike-feroz","url_meta":{"origin":33127,"position":4},"title":"Neuropsicolog\u00eda Femenina \u2013 Mike Feroz","author":"multiofertasvip","date":"abril 13, 2026","format":false,"excerpt":"\u00a0 \u00a0 \u00a0 \u00a0 \u00a0 \u00a0 \u00a0","rel":"","context":"Entrada similar","block_context":{"text":"Entrada similar","link":""},"img":{"alt_text":"Neuropsicolog\u00eda Femenina","src":"https:\/\/i0.wp.com\/cursoslux.com\/wp-content\/uploads\/2026\/03\/neuropsicologia-femenina.jpg?resize=350%2C200&ssl=1","width":350,"height":200},"classes":[]},{"id":30865,"url":"https:\/\/multiofertasvip.com\/?product=access-bar-ejercicios-de-magia-con-moleculas-super-poderes-2023","url_meta":{"origin":33127,"position":5},"title":"Access Bar-Ejercicios de Magia con Mol\u00e9culas S\u00faper Poderes 2023-Daniela Correa","author":"multiofertasvip","date":"agosto 27, 2023","format":false,"excerpt":"Quienes han elegido Magia con Mol\u00e9culas han transformado su realidad reconociendo que las mol\u00e9culas est\u00e1n siempre dispuestas a cambiar. \u00bfEs ahora el momento de recibir de las mol\u00e9cula toda la contribuci\u00f3n que tienen para ti?\u2026 Percibe y preg\u00fantate \u00bfqu\u00e9 me gustar\u00eda recibir de ellas?\u2026 Imagina decir adi\u00f3s a tu mente\u2026","rel":"","context":"Entrada similar","block_context":{"text":"Entrada similar","link":""},"img":{"alt_text":"","src":"https:\/\/i0.wp.com\/multiofertasvip.com\/wp-content\/uploads\/2023\/06\/moleculas-super-poderes.jpg?fit=200%2C200&ssl=1&resize=350%2C200","width":350,"height":200},"classes":[]}],"jetpack_sharing_enabled":false,"jetpack_likes_enabled":false,"_links":{"self":[{"href":"https:\/\/multiofertasvip.com\/index.php?rest_route=\/wp\/v2\/product\/33127","targetHints":{"allow":["GET"]}}],"collection":[{"href":"https:\/\/multiofertasvip.com\/index.php?rest_route=\/wp\/v2\/product"}],"about":[{"href":"https:\/\/multiofertasvip.com\/index.php?rest_route=\/wp\/v2\/types\/product"}],"version-history":[{"count":1,"href":"https:\/\/multiofertasvip.com\/index.php?rest_route=\/wp\/v2\/product\/33127\/revisions"}],"predecessor-version":[{"id":33130,"href":"https:\/\/multiofertasvip.com\/index.php?rest_route=\/wp\/v2\/product\/33127\/revisions\/33130"}],"wp:featuredmedia":[{"embeddable":true,"href":"https:\/\/multiofertasvip.com\/index.php?rest_route=\/wp\/v2\/media\/33129"}],"wp:attachment":[{"href":"https:\/\/multiofertasvip.com\/index.php?rest_route=%2Fwp%2Fv2%2Fmedia&parent=33127"}],"wp:term":[{"taxonomy":"product_brand","embeddable":true,"href":"https:\/\/multiofertasvip.com\/index.php?rest_route=%2Fwp%2Fv2%2Fproduct_brand&post=33127"},{"taxonomy":"product_cat","embeddable":true,"href":"https:\/\/multiofertasvip.com\/index.php?rest_route=%2Fwp%2Fv2%2Fproduct_cat&post=33127"},{"taxonomy":"product_tag","embeddable":true,"href":"https:\/\/multiofertasvip.com\/index.php?rest_route=%2Fwp%2Fv2%2Fproduct_tag&post=33127"}],"curies":[{"name":"wp","href":"https:\/\/api.w.org\/{rel}","templated":true}]}}