{"id":33017,"date":"2024-07-29T15:11:32","date_gmt":"2024-07-29T20:41:32","guid":{"rendered":"https:\/\/multiofertasvip.com\/?post_type=product&#038;p=33017"},"modified":"2024-07-29T15:17:08","modified_gmt":"2024-07-29T20:47:08","slug":"divorcio-energetico-desfragmentacion-y-lazos-cuanticos-daniela-correa","status":"publish","type":"product","link":"https:\/\/multiofertasvip.com\/?product=divorcio-energetico-desfragmentacion-y-lazos-cuanticos-daniela-correa","title":{"rendered":"Divorcio energ\u00e9tico, desfragmentaci\u00f3n y lazos cu\u00e1nticos-Daniela Correa"},"content":{"rendered":"<p class=\"p1\"><strong>\u00a1\u00a1\u00a1Clase de s\u00e1bado por la tarde!!!<\/strong><\/p>\n<p>\u00bfC\u00f3mo ser\u00eda tu vida si te liberas de las ataduras del pasado y haces espacio para una nueva energ\u00eda en tu vida?<\/p>\n<p>\u00bfQue tal si eligieras sanar relaciones pasadas, liberar bloqueos energ\u00e9ticos y conectar con tu verdadero potencial a trav\u00e9s de magia cu\u00e1ntica?<\/p>\n<p>\u00bfQui\u00e9n m\u00e1s quiere venir a jugar?<\/p>\n<p>&nbsp;<\/p>\n","protected":false},"excerpt":{"rendered":"<p>\u00a1\u00a1\u00a1Clase de s\u00e1bado por la tarde!!! \u00bfC\u00f3mo ser\u00eda tu vida si te liberas de las ataduras del pasado y haces espacio para una nueva energ\u00eda en tu vida? \u00bfQue tal si eligieras sanar relaciones pasadas, liberar bloqueos energ\u00e9ticos y conectar con tu verdadero potencial a trav\u00e9s de magia cu\u00e1ntica? \u00bfQui\u00e9n m\u00e1s quiere venir a jugar? [&#8230;]\n","protected":false},"featured_media":33019,"template":"","meta":{"_monsterinsights_skip_tracking":false,"_monsterinsights_sitenote_active":false,"_monsterinsights_sitenote_note":"","_monsterinsights_sitenote_category":0,"jetpack_post_was_ever_published":false,"jetpack_publicize_message":"","jetpack_publicize_feature_enabled":true,"jetpack_social_post_already_shared":true,"jetpack_social_options":{"image_generator_settings":{"template":"highway","default_image_id":0,"font":"","enabled":false},"version":2}},"product_brand":[],"product_cat":[122],"product_tag":[263,142,260,211,254,119,251,215,257,249,243,230,182,226,253,236,229,143,228,232,258,234,262,239,220,265,219,225,240,238,140,242,235,244,266,267,248,210,245,212,250,227,255,264,252,217,216,233,261,73,237,231,247,221,246,222,223,224,259,241,256,218,213,214,53],"class_list":{"0":"post-33017","1":"product","2":"type-product","3":"status-publish","4":"has-post-thumbnail","6":"product_cat-access-consciousness","7":"product_tag-animales","8":"product_tag-avanzado","9":"product_tag-biden","10":"product_tag-billetes","11":"product_tag-bitcoin","12":"product_tag-carrera","13":"product_tag-china","14":"product_tag-christopher-olivarrieta","15":"product_tag-cine","16":"product_tag-coranavirus","17":"product_tag-cultura","18":"product_tag-cursos","19":"product_tag-dinero","20":"product_tag-dios","21":"product_tag-dolar","22":"product_tag-enric-corbera","23":"product_tag-ensenanza-en-casa","24":"product_tag-entidades","25":"product_tag-escuela","26":"product_tag-especialidad","27":"product_tag-estrenos","28":"product_tag-estudios","29":"product_tag-facebook","30":"product_tag-famosos","31":"product_tag-free","32":"product_tag-gatos","33":"product_tag-gratis","34":"product_tag-guerra","35":"product_tag-humor","36":"product_tag-internet","37":"product_tag-jose-palomo","38":"product_tag-juegos","39":"product_tag-lavin","40":"product_tag-manga","41":"product_tag-mercado-libre","42":"product_tag-mercado-pago","43":"product_tag-meteorologia","44":"product_tag-moneda","45":"product_tag-musica","46":"product_tag-nuevo","47":"product_tag-omnicron","48":"product_tag-oracion","49":"product_tag-peliculas","50":"product_tag-perros","51":"product_tag-peso","52":"product_tag-porn","53":"product_tag-porno","54":"product_tag-profesional","55":"product_tag-putin","56":"product_tag-salud","57":"product_tag-sexo","58":"product_tag-talleres","59":"product_tag-television","60":"product_tag-terapias","61":"product_tag-trabajo","62":"product_tag-ucrania","63":"product_tag-ukrania","64":"product_tag-usa","65":"product_tag-vacuna","66":"product_tag-viajes","67":"product_tag-videos","68":"product_tag-xxx","69":"product_tag-youtube","70":"product_tag-youtube-yuen-guadalajara","71":"product_tag-yuen","73":"first","74":"instock","75":"downloadable","76":"virtual","77":"purchasable","78":"product-type-simple"},"jetpack_publicize_connections":[],"jetpack-related-posts":[{"id":33348,"url":"https:\/\/multiofertasvip.com\/?product=tecnologia-multidimensional-mujer-holistica","url_meta":{"origin":33017,"position":0},"title":"Tecnolog\u00eda Multidimensional &#8211; Mujer Hol\u00edstica","author":"multiofertasvip","date":"noviembre 24, 2024","format":false,"excerpt":"TECNOLOG\u00cdA ENERG\u00c9TICA AVANZADA EL JUEGO DE LA CREACI\u00d3N DE LA REALIDAD IMAG\u00cdNATE SI PUDIERAS\u2026 \u29bf EXPANDIR EL TIEMPO \u29bf RECIBIR MENSAJES DE SERES DE LUZ DE OTRAS DIMENSIONES \u29bf HACER QUE TUS MANIFESTACIONES OCURRAN M\u00c1S R\u00c1PIDO \u29bf DIVERTIRTE JUGANDO CON LAS LEYES UNIVERSALES \u29bf CANALIZAR C\u00d3DIGOS SAGRADOS Y TECNOLOG\u00cdA MULTIDIMENSIONAL\u2026","rel":"","context":"Entrada similar","block_context":{"text":"Entrada similar","link":""},"img":{"alt_text":"","src":"https:\/\/i0.wp.com\/images.squarespace-cdn.com\/content\/v1\/6266ce5a7c74f51187c25b2e\/3a451be9-6819-4186-8008-27f7cf0a5395\/TM_IMAGEN.png?resize=350%2C200&ssl=1","width":350,"height":200,"srcset":"https:\/\/i0.wp.com\/images.squarespace-cdn.com\/content\/v1\/6266ce5a7c74f51187c25b2e\/3a451be9-6819-4186-8008-27f7cf0a5395\/TM_IMAGEN.png?resize=350%2C200&ssl=1 1x, https:\/\/i0.wp.com\/images.squarespace-cdn.com\/content\/v1\/6266ce5a7c74f51187c25b2e\/3a451be9-6819-4186-8008-27f7cf0a5395\/TM_IMAGEN.png?resize=525%2C300&ssl=1 1.5x, https:\/\/i0.wp.com\/images.squarespace-cdn.com\/content\/v1\/6266ce5a7c74f51187c25b2e\/3a451be9-6819-4186-8008-27f7cf0a5395\/TM_IMAGEN.png?resize=700%2C400&ssl=1 2x"},"classes":[]},{"id":34831,"url":"https:\/\/multiofertasvip.com\/?product=11-dias-de-milagros-cuanticos-financieros-alma-rendon","url_meta":{"origin":33017,"position":1},"title":"11 D\u00edas De Milagros Cu\u00e1nticos Financieros \u2013 Alma Rendon","author":"multiofertasvip","date":"febrero 19, 2026","format":false,"excerpt":"Este poderoso entrenamiento de 11 d\u00edas te gu\u00eda paso a paso a transformar tu energ\u00eda y reprogramar tus creencias sobre el dinero, la abundancia y el merecimiento. A trav\u00e9s de clases en video, procesos verbales y pr\u00e1cticas energ\u00e9ticas, acceder\u00e1s a herramientas cu\u00e1nticas que te permitir\u00e1n liberar bloqueos financieros, soltar la\u2026","rel":"","context":"Entrada similar","block_context":{"text":"Entrada similar","link":""},"img":{"alt_text":"","src":"https:\/\/i0.wp.com\/multiofertasvip.com\/wp-content\/uploads\/2026\/02\/11-dias-de-milagros-cuanticos.png?fit=200%2C200&ssl=1&resize=350%2C200","width":350,"height":200},"classes":[]},{"id":30775,"url":"https:\/\/multiofertasvip.com\/?product=metodo-yuen-nivel-2-manuel-marquez","url_meta":{"origin":33017,"position":2},"title":"Metodo yuen Nivel 2-Manuel Marquez","author":"multiofertasvip","date":"marzo 7, 2023","format":false,"excerpt":"El nivel 2 del M\u00e9todo Yuen se enfoca en la eliminaci\u00f3n de bloqueos energ\u00e9ticos m\u00e1s profundos y complejos. Algunos de los temas que podr\u00edas aprender incluyen: Ampliar tu capacidad de percepci\u00f3n energ\u00e9tica: Aprender\u00e1s a sintonizarte con diferentes tipos de energ\u00eda, incluyendo la energ\u00eda del cuerpo humano, el medio ambiente y\u2026","rel":"","context":"Entrada similar","block_context":{"text":"Entrada similar","link":""},"img":{"alt_text":"","src":"https:\/\/i0.wp.com\/multiofertasvip.com\/wp-content\/uploads\/2023\/03\/nivel-2.jpg?fit=200%2C200&ssl=1&resize=350%2C200","width":350,"height":200},"classes":[]},{"id":33785,"url":"https:\/\/multiofertasvip.com\/?product=constelaciones-cuanticas-nivel-1-mundo-pranico","url_meta":{"origin":33017,"position":3},"title":"Constelaciones Cu\u00e1nticas Nivel 1 Mundo Pr\u00e1nico","author":"multiofertasvip","date":"abril 15, 2025","format":false,"excerpt":"\u00bfQuieres aprender esta t\u00e9cnica de Sanaci\u00f3n sencilla y eficaz en la que se puede abordar cualquier \u00e1rea de la vida de tus clientes o de la tuya propia? \u00bfTe gustar\u00eda aprender a ser facilitador de las Constelaciones Cu\u00e1nticas? Entonces este Curso de Constelaciones Cu\u00e1nticas Nivel 1 es para ti. En\u2026","rel":"","context":"Entrada similar","block_context":{"text":"Entrada similar","link":""},"img":{"alt_text":"Familia Pr\u00e1nica","src":"https:\/\/i0.wp.com\/www.constelacionescuanticas.com\/wp-content\/uploads\/2021\/10\/FAMILIA-PRA%CC%81NICA_LOW-824x1024.webp?resize=350%2C200&ssl=1","width":350,"height":200,"srcset":"https:\/\/i0.wp.com\/www.constelacionescuanticas.com\/wp-content\/uploads\/2021\/10\/FAMILIA-PRA%CC%81NICA_LOW-824x1024.webp?resize=350%2C200&ssl=1 1x, https:\/\/i0.wp.com\/www.constelacionescuanticas.com\/wp-content\/uploads\/2021\/10\/FAMILIA-PRA%CC%81NICA_LOW-824x1024.webp?resize=525%2C300&ssl=1 1.5x, https:\/\/i0.wp.com\/www.constelacionescuanticas.com\/wp-content\/uploads\/2021\/10\/FAMILIA-PRA%CC%81NICA_LOW-824x1024.webp?resize=700%2C400&ssl=1 2x"},"classes":[]},{"id":34787,"url":"https:\/\/multiofertasvip.com\/?product=cirugias-cuanticas-nivel-1-diciembre-2025-paula-gil-actualizacion","url_meta":{"origin":33017,"position":4},"title":"Cirug\u00edas Cu\u00e1nticas Nivel 1 Diciembre 2025-Paula Gil actualizacion","author":"multiofertasvip","date":"febrero 10, 2026","format":false,"excerpt":"\u00bfTe gusta la energ\u00eda? \u00bfTienes habilidades con la energ\u00eda? \u00bfQuisieras aprenderlas para ti, para tu vida o para aplicarlas en alguien m\u00e1s? \u00bfSiempre has pensado que todo se puede cambiar? \u00a0 Existe una posibilidad grandiosa con las Cirug\u00edas Cu\u00e1nticas Las Cirug\u00edas Cu\u00e1nticas\u00ae\u00a0son una t\u00e9cnica de regeneraci\u00f3n a nivel cu\u00e1ntico que\u2026","rel":"","context":"Entrada similar","block_context":{"text":"Entrada similar","link":""},"img":{"alt_text":"","src":"https:\/\/i0.wp.com\/multiofertasvip.com\/wp-content\/uploads\/2026\/02\/NIVEL-1-CC.jpg?fit=200%2C200&ssl=1&resize=350%2C200","width":350,"height":200},"classes":[]},{"id":34448,"url":"https:\/\/multiofertasvip.com\/?product=muestra-grupal-cirugias-cuanticas-relacion-con-tu-madre-paula-gil","url_meta":{"origin":33017,"position":5},"title":"Muestra Grupal Cirug\u00edas Cu\u00e1nticas Relaci\u00f3n con tu madre-Paula Gil","author":"multiofertasvip","date":"febrero 10, 2026","format":false,"excerpt":"Hay muchas cosas a nivel energ\u00e9tico que pueden estar creando deudas. Las deudas no solamente son de dinero, pueden ser deudas energ\u00e9ticas, deudas emocionales, etc. Si has estado en deuda y te gustar\u00eda cambiarlo, te invito a\u00a0esta\u00a0sesi\u00f3n grupal de\u00a0Cirug\u00edas Cu\u00e1nticas\u00a0en la cual limpiaremos en much\u00edsimos niveles energ\u00e9ticos diferentes cosas que\u2026","rel":"","context":"Entrada similar","block_context":{"text":"Entrada similar","link":""},"img":{"alt_text":"","src":"https:\/\/i0.wp.com\/multiofertasvip.com\/wp-content\/uploads\/2025\/10\/relacion-madre.jpeg?fit=200%2C200&ssl=1&resize=350%2C200","width":350,"height":200},"classes":[]}],"jetpack_sharing_enabled":false,"jetpack_likes_enabled":false,"_links":{"self":[{"href":"https:\/\/multiofertasvip.com\/index.php?rest_route=\/wp\/v2\/product\/33017","targetHints":{"allow":["GET"]}}],"collection":[{"href":"https:\/\/multiofertasvip.com\/index.php?rest_route=\/wp\/v2\/product"}],"about":[{"href":"https:\/\/multiofertasvip.com\/index.php?rest_route=\/wp\/v2\/types\/product"}],"version-history":[{"count":1,"href":"https:\/\/multiofertasvip.com\/index.php?rest_route=\/wp\/v2\/product\/33017\/revisions"}],"predecessor-version":[{"id":33020,"href":"https:\/\/multiofertasvip.com\/index.php?rest_route=\/wp\/v2\/product\/33017\/revisions\/33020"}],"wp:featuredmedia":[{"embeddable":true,"href":"https:\/\/multiofertasvip.com\/index.php?rest_route=\/wp\/v2\/media\/33019"}],"wp:attachment":[{"href":"https:\/\/multiofertasvip.com\/index.php?rest_route=%2Fwp%2Fv2%2Fmedia&parent=33017"}],"wp:term":[{"taxonomy":"product_brand","embeddable":true,"href":"https:\/\/multiofertasvip.com\/index.php?rest_route=%2Fwp%2Fv2%2Fproduct_brand&post=33017"},{"taxonomy":"product_cat","embeddable":true,"href":"https:\/\/multiofertasvip.com\/index.php?rest_route=%2Fwp%2Fv2%2Fproduct_cat&post=33017"},{"taxonomy":"product_tag","embeddable":true,"href":"https:\/\/multiofertasvip.com\/index.php?rest_route=%2Fwp%2Fv2%2Fproduct_tag&post=33017"}],"curies":[{"name":"wp","href":"https:\/\/api.w.org\/{rel}","templated":true}]}}