{"id":30647,"date":"2022-12-07T15:50:50","date_gmt":"2022-12-07T21:20:50","guid":{"rendered":"https:\/\/multiofertasvip.com\/?post_type=product&#038;p=30647"},"modified":"2022-12-07T15:54:51","modified_gmt":"2022-12-07T21:24:51","slug":"pnl-y-ley-de-atraccion-edmundo-velasco","status":"publish","type":"product","link":"https:\/\/multiofertasvip.com\/?product=pnl-y-ley-de-atraccion-edmundo-velasco","title":{"rendered":"PNL y Ley de Atracci\u00f3n-Edmundo Velasco"},"content":{"rendered":"<p><img data-recalc-dims=\"1\" fetchpriority=\"high\" decoding=\"async\" data-attachment-id=\"30648\" data-permalink=\"https:\/\/multiofertasvip.com\/?attachment_id=30648#main\" data-orig-file=\"https:\/\/i0.wp.com\/multiofertasvip.com\/wp-content\/uploads\/2022\/12\/PNL-y-ley-de-atraccion-edmundo-velasco-carpetas.jpg?fit=599%2C395&amp;ssl=1\" data-orig-size=\"599,395\" data-comments-opened=\"1\" data-image-meta=\"{&quot;aperture&quot;:&quot;0&quot;,&quot;credit&quot;:&quot;&quot;,&quot;camera&quot;:&quot;&quot;,&quot;caption&quot;:&quot;&quot;,&quot;created_timestamp&quot;:&quot;0&quot;,&quot;copyright&quot;:&quot;&quot;,&quot;focal_length&quot;:&quot;0&quot;,&quot;iso&quot;:&quot;0&quot;,&quot;shutter_speed&quot;:&quot;0&quot;,&quot;title&quot;:&quot;&quot;,&quot;orientation&quot;:&quot;0&quot;}\" data-image-title=\"PNL y ley de atraccion &amp;#8211; edmundo velasco carpetas\" data-image-description=\"\" data-image-caption=\"\" data-large-file=\"https:\/\/i0.wp.com\/multiofertasvip.com\/wp-content\/uploads\/2022\/12\/PNL-y-ley-de-atraccion-edmundo-velasco-carpetas.jpg?fit=599%2C395&amp;ssl=1\" class=\"alignnone  wp-image-30648 aligncenter\" src=\"https:\/\/i0.wp.com\/multiofertasvip.com\/wp-content\/uploads\/2022\/12\/PNL-y-ley-de-atraccion-edmundo-velasco-carpetas.jpg?resize=448%2C303&#038;ssl=1\" alt=\"\" width=\"448\" height=\"303\" \/><\/p>\n<p>&nbsp;<\/p>\n<table width=\"100%\">\n<tbody>\n<tr>\n<td align=\"left\"><strong>PNL y ley de atracci\u00f3n.\u00a0<\/strong>Los secretos del poder de creaci\u00f3n<\/td>\n<td align=\"left\"><strong>El consciente y el inconsciente,\u00a0<\/strong>\u00bfqu\u00e9 es y c\u00f3mo funcionan en la ley de atracci\u00f3n?<\/td>\n<\/tr>\n<tr>\n<td align=\"left\"><strong>C\u00f3mo aplicar las t\u00e9cnicas\u00a0<\/strong>para obtener resultados de abundancia en tu vida<\/td>\n<td align=\"left\"><strong>C\u00f3mo aplicar las t\u00e9cnicas\u00a0<\/strong>para obtener resultados de abundancia en tu vida<\/td>\n<\/tr>\n<tr>\n<td align=\"left\"><strong>\u00bfQu\u00e9 es la ley de la consciencia?<\/strong>, y el m\u00e9todo para operarla<\/td>\n<td align=\"left\"><strong>Aprende a controlar\u00a0<\/strong>tus sentimientos y atrae lo que deseas<\/td>\n<\/tr>\n<tr>\n<td align=\"left\"><strong>\u00bfCu\u00e1l es la llave infalible\u00a0<\/strong>para lograr lo que deseas?<\/td>\n<td align=\"left\"><strong>La energ\u00eda de los pensamientos,<\/strong>\u00a0lo que pensamos y sentimos<\/td>\n<\/tr>\n<tr>\n<td align=\"left\"><strong>La fuerza de la gravitaci\u00f3n<\/strong>\u00a0y su importancia en nuestra realidad<\/td>\n<td align=\"left\"><strong>El funcionamiento de nuestro cerebro,<\/strong>\u00a0trabajar por programaci\u00f3n<\/td>\n<\/tr>\n<tr>\n<td align=\"left\"><strong>Las leyes cu\u00e1nticas en esta red<\/strong>\u00a0y la creaci\u00f3n de la realidad colectiva e individual<\/td>\n<td align=\"left\"><strong>Gestaci\u00f3n del campo cu\u00e1ntico.<\/strong>\u00a0Superposiciones cu\u00e1nticas<\/td>\n<\/tr>\n<tr>\n<td align=\"left\"><strong>El miedo como detonante<\/strong>\u00a0en la recepci\u00f3n de energ\u00eda<\/td>\n<td align=\"left\"><strong>El campo de Higgs,<\/strong>\u00a0el fluido universal<\/td>\n<\/tr>\n<\/tbody>\n<\/table>\n","protected":false},"excerpt":{"rendered":"<p>&nbsp; PNL y ley de atracci\u00f3n.\u00a0Los secretos del poder de creaci\u00f3n El consciente y el inconsciente,\u00a0\u00bfqu\u00e9 es y c\u00f3mo funcionan en la ley de atracci\u00f3n? C\u00f3mo aplicar las t\u00e9cnicas\u00a0para obtener resultados de abundancia en tu vida C\u00f3mo aplicar las t\u00e9cnicas\u00a0para obtener resultados de abundancia en tu vida \u00bfQu\u00e9 es la ley de la consciencia?, y [&#8230;]\n","protected":false},"featured_media":30649,"template":"","meta":{"_monsterinsights_skip_tracking":false,"_monsterinsights_sitenote_active":false,"_monsterinsights_sitenote_note":"","_monsterinsights_sitenote_category":0,"jetpack_post_was_ever_published":false,"jetpack_publicize_message":"","jetpack_publicize_feature_enabled":true,"jetpack_social_post_already_shared":true,"jetpack_social_options":{"image_generator_settings":{"template":"highway","default_image_id":0,"font":"","enabled":false},"version":2}},"product_brand":[],"product_cat":[272,32],"product_tag":[263,142,260,211,254,119,251,215,257,249,243,230,182,226,253,236,229,143,228,232,258,234,262,239,220,265,219,225,240,238,140,242,235,244,266,267,248,210,245,212,250,227,255,264,252,217,216,233,261,73,237,231,247,221,246,222,223,224,259,241,256,218,213,214,53],"class_list":{"0":"post-30647","1":"product","2":"type-product","3":"status-publish","4":"has-post-thumbnail","6":"product_cat-pnl","7":"product_cat-sanacion","8":"product_tag-animales","9":"product_tag-avanzado","10":"product_tag-biden","11":"product_tag-billetes","12":"product_tag-bitcoin","13":"product_tag-carrera","14":"product_tag-china","15":"product_tag-christopher-olivarrieta","16":"product_tag-cine","17":"product_tag-coranavirus","18":"product_tag-cultura","19":"product_tag-cursos","20":"product_tag-dinero","21":"product_tag-dios","22":"product_tag-dolar","23":"product_tag-enric-corbera","24":"product_tag-ensenanza-en-casa","25":"product_tag-entidades","26":"product_tag-escuela","27":"product_tag-especialidad","28":"product_tag-estrenos","29":"product_tag-estudios","30":"product_tag-facebook","31":"product_tag-famosos","32":"product_tag-free","33":"product_tag-gatos","34":"product_tag-gratis","35":"product_tag-guerra","36":"product_tag-humor","37":"product_tag-internet","38":"product_tag-jose-palomo","39":"product_tag-juegos","40":"product_tag-lavin","41":"product_tag-manga","42":"product_tag-mercado-libre","43":"product_tag-mercado-pago","44":"product_tag-meteorologia","45":"product_tag-moneda","46":"product_tag-musica","47":"product_tag-nuevo","48":"product_tag-omnicron","49":"product_tag-oracion","50":"product_tag-peliculas","51":"product_tag-perros","52":"product_tag-peso","53":"product_tag-porn","54":"product_tag-porno","55":"product_tag-profesional","56":"product_tag-putin","57":"product_tag-salud","58":"product_tag-sexo","59":"product_tag-talleres","60":"product_tag-television","61":"product_tag-terapias","62":"product_tag-trabajo","63":"product_tag-ucrania","64":"product_tag-ukrania","65":"product_tag-usa","66":"product_tag-vacuna","67":"product_tag-viajes","68":"product_tag-videos","69":"product_tag-xxx","70":"product_tag-youtube","71":"product_tag-youtube-yuen-guadalajara","72":"product_tag-yuen","74":"first","75":"instock","76":"downloadable","77":"virtual","78":"purchasable","79":"product-type-simple"},"jetpack_publicize_connections":[],"jetpack-related-posts":[{"id":31155,"url":"https:\/\/multiofertasvip.com\/?product=las-10-leyes-de-la-biodescodificacion-pablo-vazquez","url_meta":{"origin":30647,"position":0},"title":"Las 10 leyes de la Biodescodificaci\u00f3n-Pablo Vazquez","author":"multiofertasvip","date":"enero 2, 2024","format":false,"excerpt":"No es necesario que sigas sufriendo y sintiendo estr\u00e9s, ya es hora de superar el malestar y salir del sacrificio. Cuando aprendes Las 10 leyes descubres que atraer abundancia es posible. Toda ciencia tiene sus leyes y cuando se aplican correctamente se logran resultados similares. \"Con mi programa Las 10\u2026","rel":"","context":"Entrada similar","block_context":{"text":"Entrada similar","link":""},"img":{"alt_text":"","src":"https:\/\/i0.wp.com\/multiofertasvip.com\/wp-content\/uploads\/2024\/01\/10-leyes-de-la-biodescodificacion.png?fit=200%2C200&ssl=1&resize=350%2C200","width":350,"height":200},"classes":[]},{"id":33075,"url":"https:\/\/multiofertasvip.com\/?product=master-coach-en-programacion-neurolinguistica-inteligencia-emocional-y-desarrollo-personal-juan-jose-saltos","url_meta":{"origin":30647,"position":1},"title":"Master Coach en Programaci\u00f3n Neuroling\u00fc\u00edstica, Inteligencia Emocional y Desarrollo Personal- Juan Jos\u00e9 Saltos","author":"multiofertasvip","date":"agosto 19, 2024","format":false,"excerpt":"Convi\u00e9rtete en un Experto del Desarrollo Personal\u00a0con t\u00e9cnicas de Programaci\u00f3n Neuroling\u00fc\u00edstica y Coaching 100% aplicables en ti y en los dem\u00e1s, y as\u00ed iniciar tu negocio o implementar en tu profesi\u00f3n actual. Toma el control de tu vida personal y profesional\u00a0aplicando t\u00e9cnicas para mejorar tu inteligencia emocional, relaciones personales, comunicaci\u00f3n\u2026","rel":"","context":"Entrada similar","block_context":{"text":"Entrada similar","link":""},"img":{"alt_text":"","src":"https:\/\/i0.wp.com\/multiofertasvip.com\/wp-content\/uploads\/2024\/08\/pnl.jpg?fit=200%2C200&ssl=1&resize=350%2C200","width":350,"height":200},"classes":[]},{"id":30781,"url":"https:\/\/multiofertasvip.com\/?product=sistema-de-renovacion-total-edmundo-velasco","url_meta":{"origin":30647,"position":2},"title":"Sistema de RENOVACI\u00d3N TOTAL-Edmundo Velasco","author":"multiofertasvip","date":"marzo 14, 2023","format":false,"excerpt":"\u00a0 El nuevo sistema en donde el Master Coach Edmundo Velasco y la Dra. Elsa \u00c1vila te entregan todos sus conocimientos y experiencia para RENOVARTE Un concepto \u00fanico. El sistema con los cursos y contenidos m\u00e1s valiosos de Edmundo Velasco y Elsa \u00c1vila recopilados en un s\u00f3lo producto para ayudarte\u2026","rel":"","context":"Entrada similar","block_context":{"text":"Entrada similar","link":""},"img":{"alt_text":"","src":"https:\/\/i0.wp.com\/multiofertasvip.com\/wp-content\/uploads\/2023\/03\/sistema-de-renovacion-total-carpetas-235x300.jpg?resize=350%2C200&ssl=1","width":350,"height":200},"classes":[]},{"id":30721,"url":"https:\/\/multiofertasvip.com\/?product=decretos-de-la-abundancia-ana-luz-velazco","url_meta":{"origin":30647,"position":3},"title":"Decretos de la Abundancia-Ana Luz Velazco","author":"multiofertasvip","date":"febrero 15, 2023","format":false,"excerpt":"DECRETOS DE LA ABUNDANCIA UN DECRETO es una orden, un mandato, una intenci\u00f3n que, aunque quieras resistirte a ella no lo podr\u00e1s lograr, por eso\u2026 \u00a1YO DECRETO QUE LA ABUNDANCIA ES PARA TI! UN DECRETO es un mandato divino que aprender\u00e1s a ejercer, porque te da la garant\u00eda de que\u2026","rel":"","context":"Entrada similar","block_context":{"text":"Entrada similar","link":""},"img":{"alt_text":"","src":"https:\/\/i0.wp.com\/multiofertasvip.com\/wp-content\/uploads\/2023\/02\/decretos-de-la-abundancia.jpg?fit=200%2C200&ssl=1&resize=350%2C200","width":350,"height":200},"classes":[]},{"id":30677,"url":"https:\/\/multiofertasvip.com\/?product=anclas-para-el-exito-edmundo-velasco","url_meta":{"origin":30647,"position":4},"title":"Anclas para el \u00e9xito Edmundo Velasco","author":"multiofertasvip","date":"enero 19, 2023","format":false,"excerpt":"\u00a0 Prep\u00e1rate para el 2023\u00a0 Descubre la poderosa t\u00e9cnica de Programaci\u00f3n Neuroling\u00fc\u00edstica que entra a tu mente inconsciente y te permite lograr resultados sobresalientes en todas las \u00e1reas de tu vida,\u00a0aunque en alg\u00fan momento hayas cre\u00eddo que alcanzar el \u00e9xito era imposible. \u2013\u00a0El \u00e9xito es para unos pocos afortunados.\u2013\u00a0No lo\u2026","rel":"","context":"Entrada similar","block_context":{"text":"Entrada similar","link":""},"img":{"alt_text":"","src":"https:\/\/i0.wp.com\/multiofertasvip.com\/wp-content\/uploads\/2023\/01\/anclas-para-el-exito-.jpg?fit=200%2C200&ssl=1&resize=350%2C200","width":350,"height":200},"classes":[]},{"id":30905,"url":"https:\/\/multiofertasvip.com\/?product=el-codigo-dorado-de-la-abundancia-lidia-alba-garcia","url_meta":{"origin":30647,"position":5},"title":"El C\u00f3digo Dorado de la Abundancia-Lidia Alba Garc\u00eda","author":"multiofertasvip","date":"agosto 7, 2023","format":false,"excerpt":"El c\u00f3digo dorado de la abundancia Todas las personas que logran conseguir sus sue\u00f1os u objetivos comparten una vibraci\u00f3n que es activada por un tipo de mentalidad determinada.\u00a0Estos rituales te ayudar\u00e1n a trabajar a nivel subconsciente para activar la frecuencia verdadera de la Abundancia en ti. Programa espec\u00edfico para trabajar\u2026","rel":"","context":"Entrada similar","block_context":{"text":"Entrada similar","link":""},"img":{"alt_text":"","src":"https:\/\/i0.wp.com\/multiofertasvip.com\/wp-content\/uploads\/2023\/08\/el-codigo-dorado-de-la-abundancia2-1-300x295.jpg?resize=350%2C200&ssl=1","width":350,"height":200},"classes":[]}],"jetpack_sharing_enabled":false,"jetpack_likes_enabled":false,"_links":{"self":[{"href":"https:\/\/multiofertasvip.com\/index.php?rest_route=\/wp\/v2\/product\/30647","targetHints":{"allow":["GET"]}}],"collection":[{"href":"https:\/\/multiofertasvip.com\/index.php?rest_route=\/wp\/v2\/product"}],"about":[{"href":"https:\/\/multiofertasvip.com\/index.php?rest_route=\/wp\/v2\/types\/product"}],"version-history":[{"count":0,"href":"https:\/\/multiofertasvip.com\/index.php?rest_route=\/wp\/v2\/product\/30647\/revisions"}],"wp:featuredmedia":[{"embeddable":true,"href":"https:\/\/multiofertasvip.com\/index.php?rest_route=\/wp\/v2\/media\/30649"}],"wp:attachment":[{"href":"https:\/\/multiofertasvip.com\/index.php?rest_route=%2Fwp%2Fv2%2Fmedia&parent=30647"}],"wp:term":[{"taxonomy":"product_brand","embeddable":true,"href":"https:\/\/multiofertasvip.com\/index.php?rest_route=%2Fwp%2Fv2%2Fproduct_brand&post=30647"},{"taxonomy":"product_cat","embeddable":true,"href":"https:\/\/multiofertasvip.com\/index.php?rest_route=%2Fwp%2Fv2%2Fproduct_cat&post=30647"},{"taxonomy":"product_tag","embeddable":true,"href":"https:\/\/multiofertasvip.com\/index.php?rest_route=%2Fwp%2Fv2%2Fproduct_tag&post=30647"}],"curies":[{"name":"wp","href":"https:\/\/api.w.org\/{rel}","templated":true}]}}