{"id":30621,"date":"2022-11-10T15:43:53","date_gmt":"2022-11-10T21:13:53","guid":{"rendered":"https:\/\/multiofertasvip.com\/?post_type=product&#038;p=30621"},"modified":"2022-11-30T16:18:05","modified_gmt":"2022-11-30T21:48:05","slug":"maestro-de-proteccion-energetica-claudio-marquez","status":"publish","type":"product","link":"https:\/\/multiofertasvip.com\/?product=maestro-de-proteccion-energetica-claudio-marquez","title":{"rendered":"Maestro de Protecci\u00f3n Energ\u00e9tica-Claudio Marquez"},"content":{"rendered":"<p>Clase Especial y completa de 3 horas de duraci\u00f3n donde aprender\u00e1s distintas maneras de limpiar ambientes energ\u00e9ticamente a trav\u00e9s de s\u00edmbolos, mudras, limpiezas y cortes de negatividad con t\u00e9cnicas de origen japon\u00e9s.<\/p>\n<p>Workshop de protecci\u00f3n de personas, autodefensa emocional, sanaci\u00f3n de lugares, diferentes situaciones en las que hacen falta m\u00e9todos para estar protegidos de lo negativo. Para uno mismo, para otras personas o a distancia.<\/p>\n<p>Se entrega Manual del curso<\/p>\n<div>\n<p><strong>Curso guiado por Claudio Marquez<\/strong><\/p>\n<\/div>\n","protected":false},"excerpt":{"rendered":"<p>Clase Especial y completa de 3 horas de duraci\u00f3n donde aprender\u00e1s distintas maneras de limpiar ambientes energ\u00e9ticamente a trav\u00e9s de s\u00edmbolos, mudras, limpiezas y cortes de negatividad con t\u00e9cnicas de origen japon\u00e9s. Workshop de protecci\u00f3n de personas, autodefensa emocional, sanaci\u00f3n de lugares, diferentes situaciones en las que hacen falta m\u00e9todos para estar protegidos de lo [&#8230;]\n","protected":false},"featured_media":30622,"template":"","meta":{"_monsterinsights_skip_tracking":false,"_monsterinsights_sitenote_active":false,"_monsterinsights_sitenote_note":"","_monsterinsights_sitenote_category":0,"jetpack_post_was_ever_published":false,"jetpack_publicize_message":"","jetpack_publicize_feature_enabled":true,"jetpack_social_post_already_shared":true,"jetpack_social_options":{"image_generator_settings":{"template":"highway","default_image_id":0,"font":"","enabled":false},"version":2}},"product_brand":[],"product_cat":[289,32],"product_tag":[263,260,211,254,119,251,215,257,249,243,230,182,226,253,236,229,228,232,258,234,262,239,77,220,265,219,107,225,240,238,108,242,235,244,266,267,248,210,245,212,250,227,106,255,264,252,217,216,233,261,73,25,237,231,247,221,246,222,223,224,259,241,256,218,213,214,53],"class_list":{"0":"post-30621","1":"product","2":"type-product","3":"status-publish","4":"has-post-thumbnail","6":"product_cat-reiki","7":"product_cat-sanacion","8":"product_tag-animales","9":"product_tag-biden","10":"product_tag-billetes","11":"product_tag-bitcoin","12":"product_tag-carrera","13":"product_tag-china","14":"product_tag-christopher-olivarrieta","15":"product_tag-cine","16":"product_tag-coranavirus","17":"product_tag-cultura","18":"product_tag-cursos","19":"product_tag-dinero","20":"product_tag-dios","21":"product_tag-dolar","22":"product_tag-enric-corbera","23":"product_tag-ensenanza-en-casa","24":"product_tag-escuela","25":"product_tag-especialidad","26":"product_tag-estrenos","27":"product_tag-estudios","28":"product_tag-facebook","29":"product_tag-famosos","30":"product_tag-fortalecimientos","31":"product_tag-free","32":"product_tag-gatos","33":"product_tag-gratis","34":"product_tag-guadalajara","35":"product_tag-guerra","36":"product_tag-humor","37":"product_tag-internet","38":"product_tag-introduccion","39":"product_tag-juegos","40":"product_tag-lavin","41":"product_tag-manga","42":"product_tag-mercado-libre","43":"product_tag-mercado-pago","44":"product_tag-meteorologia","45":"product_tag-moneda","46":"product_tag-musica","47":"product_tag-nuevo","48":"product_tag-omnicron","49":"product_tag-oracion","50":"product_tag-osvaldo","51":"product_tag-peliculas","52":"product_tag-perros","53":"product_tag-peso","54":"product_tag-porn","55":"product_tag-porno","56":"product_tag-profesional","57":"product_tag-putin","58":"product_tag-salud","59":"product_tag-sanacion","60":"product_tag-sexo","61":"product_tag-talleres","62":"product_tag-television","63":"product_tag-terapias","64":"product_tag-trabajo","65":"product_tag-ucrania","66":"product_tag-ukrania","67":"product_tag-usa","68":"product_tag-vacuna","69":"product_tag-viajes","70":"product_tag-videos","71":"product_tag-xxx","72":"product_tag-youtube","73":"product_tag-youtube-yuen-guadalajara","74":"product_tag-yuen","76":"first","77":"instock","78":"downloadable","79":"virtual","80":"purchasable","81":"product-type-simple"},"jetpack_publicize_connections":[],"jetpack-related-posts":[{"id":30719,"url":"https:\/\/multiofertasvip.com\/?product=medicina-chamanica-alberto-villoldo","url_meta":{"origin":30621,"position":0},"title":"Medicina Chamanica Alberto Villoldo","author":"multiofertasvip","date":"febrero 15, 2023","format":false,"excerpt":"Los ingenieros del mundo sagrado Hace 50 000 a\u00f1os los chamanes comenzaron a investigar la curaci\u00f3n. Durante milenios, han acumulado sabidur\u00eda y han aprendido y entendido sobre el mundo y la medicina. Los chamanes reconocen el campo de energ\u00eda luminosa que rodea a las personas contiene informaci\u00f3n, el software de\u2026","rel":"","context":"Entrada similar","block_context":{"text":"Entrada similar","link":""},"img":{"alt_text":"","src":"https:\/\/i0.wp.com\/multiofertasvip.com\/wp-content\/uploads\/2023\/02\/medicina-chamanica.jpg?fit=200%2C200&ssl=1&resize=350%2C200","width":350,"height":200},"classes":[]},{"id":34827,"url":"https:\/\/multiofertasvip.com\/?product=protecciones-energeticas-alma-rendon","url_meta":{"origin":30621,"position":1},"title":"Protecciones Energ\u00e9ticas \u2013 Alma Rend\u00f3n","author":"multiofertasvip","date":"febrero 19, 2026","format":false,"excerpt":"Protecciones Energ\u00e9ticas es un taller profundo y transformador creado para ayudarte a proteger tu energ\u00eda de forma consciente, amorosa y efectiva, mientras elevas tu vibraci\u00f3n y aprendes a vivir desde una frecuencia alta y estable. Vivimos expuestos constantemente a cargas emocionales, energ\u00edas densas, miedos, creencias limitantes y entornos que drenan\u2026","rel":"","context":"Entrada similar","block_context":{"text":"Entrada similar","link":""},"img":{"alt_text":"","src":"https:\/\/i0.wp.com\/multiofertasvip.com\/wp-content\/uploads\/2026\/02\/protecciones-energeticas.png?fit=200%2C200&ssl=1&resize=350%2C200","width":350,"height":200},"classes":[]},{"id":30773,"url":"https:\/\/multiofertasvip.com\/?product=metodo-yuen-nivel-1-manuel-marquez","url_meta":{"origin":30621,"position":2},"title":"Metodo yuen Nivel 1-Manuel Marquez","author":"multiofertasvip","date":"marzo 7, 2023","format":false,"excerpt":"Algunas de las cosas que aprender\u00e1s en el nivel 1 de M\u00e9todo Yuen incluyen: Los principios fundamentales de la medicina energ\u00e9tica y c\u00f3mo se relacionan con la salud f\u00edsica y emocional. C\u00f3mo detectar los desequilibrios energ\u00e9ticos en el cuerpo utilizando t\u00e9cnicas manuales y la observaci\u00f3n visual. C\u00f3mo corregir los desequilibrios\u2026","rel":"","context":"Entrada similar","block_context":{"text":"Entrada similar","link":""},"img":{"alt_text":"","src":"https:\/\/i0.wp.com\/multiofertasvip.com\/wp-content\/uploads\/2023\/03\/nivel-1.png?fit=200%2C200&ssl=1&resize=350%2C200","width":350,"height":200},"classes":[]},{"id":30775,"url":"https:\/\/multiofertasvip.com\/?product=metodo-yuen-nivel-2-manuel-marquez","url_meta":{"origin":30621,"position":3},"title":"Metodo yuen Nivel 2-Manuel Marquez","author":"multiofertasvip","date":"marzo 7, 2023","format":false,"excerpt":"El nivel 2 del M\u00e9todo Yuen se enfoca en la eliminaci\u00f3n de bloqueos energ\u00e9ticos m\u00e1s profundos y complejos. Algunos de los temas que podr\u00edas aprender incluyen: Ampliar tu capacidad de percepci\u00f3n energ\u00e9tica: Aprender\u00e1s a sintonizarte con diferentes tipos de energ\u00eda, incluyendo la energ\u00eda del cuerpo humano, el medio ambiente y\u2026","rel":"","context":"Entrada similar","block_context":{"text":"Entrada similar","link":""},"img":{"alt_text":"","src":"https:\/\/i0.wp.com\/multiofertasvip.com\/wp-content\/uploads\/2023\/03\/nivel-2.jpg?fit=200%2C200&ssl=1&resize=350%2C200","width":350,"height":200},"classes":[]},{"id":30291,"url":"https:\/\/multiofertasvip.com\/?product=taller-para-quitar-karmas-y-maldiciones-manuel-marquez","url_meta":{"origin":30621,"position":4},"title":"Taller para quitar karmas y maldiciones-Manuel Marquez","author":"multiofertasvip","date":"marzo 31, 2022","format":false,"excerpt":"El taller para quitar karmas y maldiciones ser\u00e1 la mejor protecci\u00f3n que puedas tener para poder avanzar con tu vida y vivir en plenitud. Imparte: Manuel M\u00e1rquez, instructor certificado en M\u00e9todo Yuen. \u00bfAlguien no te paga? \u00bfTe llevabas bien con alguien y ahora ya no? \u00bfLleg\u00f3 la herencia y tu\u2026","rel":"","context":"Entrada similar","block_context":{"text":"Entrada similar","link":""},"img":{"alt_text":"","src":"https:\/\/i0.wp.com\/multiofertasvip.com\/wp-content\/uploads\/2022\/03\/karmas.png?fit=200%2C200&ssl=1&resize=350%2C200","width":350,"height":200},"classes":[]},{"id":30466,"url":"https:\/\/multiofertasvip.com\/?product=kototama-reiki-avanzado-sesiones-vibracionales-practicante-y-maestro","url_meta":{"origin":30621,"position":5},"title":"Kototama Reiki Avanzado sesiones vibracionales. Practicante y Maestro","author":"multiofertasvip","date":"octubre 5, 2022","format":false,"excerpt":"Curso para Practicantes Avanzados o Maestros de Reiki. Los 50 Sonidos de la Armon\u00eda Universal. Un curso de 3 horas de duraci\u00f3n para aprender a usar y combinar los sonidos primordiales y crear tus propios mantras. De accesosin limites para ver la cantidad de veces que precises. Material exclusivo \u00a0\u2026","rel":"","context":"Entrada similar","block_context":{"text":"Entrada similar","link":""},"img":{"alt_text":"","src":"https:\/\/i0.wp.com\/multiofertasvip.com\/wp-content\/uploads\/2022\/10\/catoma.jpg?fit=200%2C200&ssl=1&resize=350%2C200","width":350,"height":200},"classes":[]}],"jetpack_sharing_enabled":true,"jetpack_likes_enabled":true,"_links":{"self":[{"href":"https:\/\/multiofertasvip.com\/index.php?rest_route=\/wp\/v2\/product\/30621","targetHints":{"allow":["GET"]}}],"collection":[{"href":"https:\/\/multiofertasvip.com\/index.php?rest_route=\/wp\/v2\/product"}],"about":[{"href":"https:\/\/multiofertasvip.com\/index.php?rest_route=\/wp\/v2\/types\/product"}],"version-history":[{"count":0,"href":"https:\/\/multiofertasvip.com\/index.php?rest_route=\/wp\/v2\/product\/30621\/revisions"}],"wp:featuredmedia":[{"embeddable":true,"href":"https:\/\/multiofertasvip.com\/index.php?rest_route=\/wp\/v2\/media\/30622"}],"wp:attachment":[{"href":"https:\/\/multiofertasvip.com\/index.php?rest_route=%2Fwp%2Fv2%2Fmedia&parent=30621"}],"wp:term":[{"taxonomy":"product_brand","embeddable":true,"href":"https:\/\/multiofertasvip.com\/index.php?rest_route=%2Fwp%2Fv2%2Fproduct_brand&post=30621"},{"taxonomy":"product_cat","embeddable":true,"href":"https:\/\/multiofertasvip.com\/index.php?rest_route=%2Fwp%2Fv2%2Fproduct_cat&post=30621"},{"taxonomy":"product_tag","embeddable":true,"href":"https:\/\/multiofertasvip.com\/index.php?rest_route=%2Fwp%2Fv2%2Fproduct_tag&post=30621"}],"curies":[{"name":"wp","href":"https:\/\/api.w.org\/{rel}","templated":true}]}}