{"id":30470,"date":"2022-10-05T15:35:12","date_gmt":"2022-10-05T21:05:12","guid":{"rendered":"https:\/\/multiofertasvip.com\/?post_type=product&#038;p=30470"},"modified":"2022-10-05T16:02:43","modified_gmt":"2022-10-05T21:32:43","slug":"mesa-radionica-de-animales-adriana-echeverri","status":"publish","type":"product","link":"https:\/\/multiofertasvip.com\/?product=mesa-radionica-de-animales-adriana-echeverri","title":{"rendered":"Mesa Radi\u00f3nica de Animales-Adriana Echeverri"},"content":{"rendered":"<p>Desarrollado por\u00a0<strong>Adriana Echeverri<\/strong>, Terapeuta Integrativa, Master en Terapias Hol\u00edsticas. Grand Master Reiki, Hipnoterapeuta, Numer\u00f3loga Kabbal\u00edstica, Astr\u00f3loga, Facilitadora de Access Consciousness y DNB, Coach y Psic\u00f3loga Hol\u00edstica.<\/p>\n<p>Con<strong>\u00a0m\u00e1s de 8 a\u00f1os de experiencia y miles de almas tocadas<\/strong>\u00a0en Estados Unidos, Centro y Sur Am\u00e9rica, Espa\u00f1a y Australia a trav\u00e9s de los procesos terap\u00e9uticos individuales y los procesos formativos y transformativos grupales.<\/p>\n<p>A trav\u00e9s de sus cursos transmite los conocimientos para que sus alumnos tengan la capacidad de crear una vida m\u00e1s pr\u00f3spera, feliz y sana, y transformen sus dolores en oportunidades de superaci\u00f3n y crecimiento personal.<\/p>\n<p>&nbsp;<\/p>\n<div class=\"et_pb_section et_pb_section_0 et_pb_with_background et_section_regular\">\n<div class=\"et_pb_row et_pb_row_0\">\n<div class=\"et_pb_column et_pb_column_4_4 et_pb_column_0 et_pb_css_mix_blend_mode_passthrough et-last-child\">\n<div class=\"et_pb_module et_pb_text et_pb_text_0 et_pb_text_align_center et_pb_bg_layout_light\">\n<div class=\"et_pb_text_inner\">\n<p>\u00bfSab\u00edas que los animales absorben desequilibrios de sus due\u00f1os y de las personas que lo rodean y esto puede derivar en ellos una enfermedad?<\/p>\n<\/div>\n<\/div>\n<\/div>\n<\/div>\n<\/div>\n<div class=\"et_pb_section et_pb_section_1 et_pb_with_background et_section_regular\">\n<div class=\"et_pb_row et_pb_row_1\">\n<div class=\"et_pb_column et_pb_column_4_4 et_pb_column_1 et_pb_css_mix_blend_mode_passthrough et-last-child\">\n<div class=\"et_pb_module et_pb_code et_pb_code_0\">\n<div class=\"et_pb_code_inner\">\n<div class=\"fluid-width-video-wrapper\"><iframe src=\"https:\/\/player.vimeo.com\/video\/746599700?h=2806b09993\" name=\"fitvid0\" frameborder=\"0\" allowfullscreen=\"allowfullscreen\" data-mce-fragment=\"1\"><\/iframe><\/div>\n<\/div>\n<\/div>\n<div class=\"et_pb_module et_pb_text et_pb_text_1 et_pb_text_align_center et_pb_bg_layout_light\">\n<div class=\"et_pb_text_inner\">\n<p>Mira el video \ud83d\udc46<\/p>\n<\/div>\n<\/div>\n<\/div>\n<\/div>\n<\/div>\n<div class=\"et_pb_section et_pb_section_2 et_section_regular\">\n<div class=\"et_pb_row et_pb_row_2\">\n<div class=\"et_pb_column et_pb_column_4_4 et_pb_column_2 et_pb_css_mix_blend_mode_passthrough et-last-child\">\n<div class=\"et_pb_module et_pb_text et_pb_text_2 et_pb_text_align_center et_pb_bg_layout_light\">\n<div class=\"et_pb_text_inner\">\n<p>Cuando tenemos un problema de salud recurrimos a los m\u00e9dicos para tratarlo, desafortunadamente los animales tambi\u00e9n tienes estos padecimientos y no pueden pedir ayuda para curar sus dolores, por ello, es nuestro deber ayudarlos en la recuperaci\u00f3n de su salud y felicidad.<\/p>\n<\/div>\n<\/div>\n<div class=\"et_pb_module et_pb_text et_pb_text_3 et_pb_text_align_center et_pb_bg_layout_light\">\n<div class=\"et_pb_text_inner\">\n<p>&nbsp;<\/p>\n<p><strong>Este programa es para ti s\u00ed\u2026<\/strong><\/p>\n<p>\u2728 Amas los animales y te gustar\u00eda ofrecerles mayor bienestar y felicidad.<\/p>\n<p>\u2728 Deseas aportar a la sanaci\u00f3n de la Madre Tierra a trav\u00e9s de los animales.<\/p>\n<p>\u2728 Quieres apoyar a tus clientes en sus procesos humanos y espirituales a trav\u00e9s de sus animales de compa\u00f1\u00eda.<\/p>\n<p>\u2728 Si te gusta la Radiestesia y la Radi\u00f3nica y quieres tener un programa \u00fanico, novedoso y exclusivo en habla hispana que te permita ampliar tu portafolio de servicios y conseguir m\u00e1s clientes.<\/p>\n<\/div>\n<\/div>\n<\/div>\n<\/div>\n<div class=\"et_pb_row et_pb_row_3\">\n<div class=\"et_pb_column et_pb_column_4_4 et_pb_column_3 et_pb_css_mix_blend_mode_passthrough et-last-child\">\n<div class=\"et_pb_module et_pb_image et_pb_image_0\"><span class=\"et_pb_image_wrap \"><img data-recalc-dims=\"1\" fetchpriority=\"high\" decoding=\"async\" class=\"wp-image-4910\" title=\"Campeonato infantil de f\u00fatbol 11\" src=\"https:\/\/i0.wp.com\/productoselite.net\/wp-content\/uploads\/2022\/09\/Campeonato-infantil-de-futbol-11.jpg?resize=1020%2C1020&#038;ssl=1\" sizes=\"(min-width: 0px) and (max-width: 480px) 480px, (min-width: 481px) and (max-width: 980px) 980px, (min-width: 981px) 1080px, 100vw\" srcset=\"https:\/\/productoselite.net\/wp-content\/uploads\/2022\/09\/Campeonato-infantil-de-futbol-11.jpg 1080w, https:\/\/productoselite.net\/wp-content\/uploads\/2022\/09\/Campeonato-infantil-de-futbol-11-980x980.jpg 980w, https:\/\/productoselite.net\/wp-content\/uploads\/2022\/09\/Campeonato-infantil-de-futbol-11-480x480.jpg 480w\" alt=\"\" width=\"1020\" height=\"1020\" \/><\/span><\/div>\n<\/div>\n<\/div>\n<div class=\"et_pb_row et_pb_row_4\">\n<div class=\"et_pb_column et_pb_column_4_4 et_pb_column_4 et_pb_css_mix_blend_mode_passthrough et-last-child\">\n<div class=\"et_pb_module et_pb_text et_pb_text_4 et_pb_text_align_center et_pb_bg_layout_light\">\n<div class=\"et_pb_text_inner\">\n<p><strong>Con nuestro programa online\u00a0Mesa Radi\u00f3nica de Animales,\u00a0aprender\u00e1s a equilibrar y restaurar el bienestar f\u00edsico, emocional y energ\u00e9tico del animal, proporcion\u00e1ndole una mejor calidad de vida y salud en general.<\/strong><\/p>\n<\/div>\n<\/div>\n<div class=\"et_pb_module et_pb_image et_pb_image_1\"><span class=\"et_pb_image_wrap \"><img data-recalc-dims=\"1\" decoding=\"async\" class=\"wp-image-4913\" title=\"Mesa-Radi\u00f3nica-de-Animales-Sanaci\u00f3n-Cu\u00e1ntica-mockup-parrilla-min\" src=\"https:\/\/i0.wp.com\/productoselite.net\/wp-content\/uploads\/2022\/09\/Mesa-Radionica-de-Animales-Sanacion-Cuantica-mockup-parrilla-min.png?resize=500%2C339&#038;ssl=1\" sizes=\"(min-width: 0px) and (max-width: 480px) 480px, (min-width: 481px) 500px, 100vw\" srcset=\"https:\/\/productoselite.net\/wp-content\/uploads\/2022\/09\/Mesa-Radionica-de-Animales-Sanacion-Cuantica-mockup-parrilla-min.png 500w, https:\/\/productoselite.net\/wp-content\/uploads\/2022\/09\/Mesa-Radionica-de-Animales-Sanacion-Cuantica-mockup-parrilla-min-480x325.png 480w\" alt=\"\" width=\"500\" height=\"339\" \/><\/span><\/div>\n<\/div>\n<\/div>\n<\/div>\n<div class=\"et_pb_section et_pb_section_3 et_pb_with_background et_section_regular\">\n<div class=\"et_pb_row et_pb_row_5\">\n<div class=\"et_pb_column et_pb_column_4_4 et_pb_column_5 et_pb_css_mix_blend_mode_passthrough et-last-child\">\n<div class=\"et_pb_module et_pb_text et_pb_text_5 et_pb_text_align_center et_pb_bg_layout_light\">\n<div class=\"et_pb_text_inner\">\n<p><strong>\u00bfQU\u00c9 VAS A LOGRAR?<\/strong><\/p>\n<\/div>\n<\/div>\n<div class=\"et_pb_module et_pb_text et_pb_text_6 et_pb_text_align_center et_pb_bg_layout_light\">\n<div class=\"et_pb_text_inner\">\n<p>\u2705 Auxiliar en la recuperaci\u00f3n de cualquier animal.<\/p>\n<p>\u2705 Restaurar el aura de cualquier animal, dej\u00e1ndolo m\u00e1s receptivo a cosas buenas.<\/p>\n<p>\u2705 Equilibrar los chakras del animal, dej\u00e1ndolo m\u00e1s saludable y feliz.<\/p>\n<p>\u2705\u00a0Remover creencias limitantes que est\u00e9n perturbando la vida del animal.<\/p>\n<p>\u2705\u00a0Remover toda la energ\u00eda negativa del animal.<\/p>\n<p>\u2705\u00a0Resolver cuestiones de vidas pasadas que est\u00e9n influenciando en la encarnaci\u00f3n actual del animal.<\/p>\n<p>\u2705\u00a0Realizar un tratamiento completo que ayuda al bienestar emocional y promueve una \u00f3ptima salud f\u00edsica.<\/p>\n<p><strong><em>Al finalizar este programa ser\u00e1s PIONERO en el manejo de este poderoso instrumento de SANACI\u00d3N CU\u00c1NTICA.\u00a0<\/em><\/strong><\/p>\n<p>&nbsp;<\/p>\n<\/div>\n<\/div>\n<\/div>\n<\/div>\n<\/div>\n<div class=\"et_pb_section et_pb_section_4 et_pb_with_background et_section_regular\">\n<div class=\"et_pb_row et_pb_row_6\">\n<div class=\"et_pb_column et_pb_column_4_4 et_pb_column_6 et_pb_css_mix_blend_mode_passthrough et-last-child\">\n<div class=\"et_pb_module et_pb_text et_pb_text_7 et_pb_text_align_center et_pb_bg_layout_light\">\n<div class=\"et_pb_text_inner\">\n<p>\u00bfC\u00d3MO LO VAS A LOGRAR?<\/p>\n<\/div>\n<\/div>\n<div class=\"et_pb_module et_pb_text et_pb_text_8 et_pb_text_align_center et_pb_bg_layout_light\">\n<div class=\"et_pb_text_inner\">\n<p>Mediante m\u00e1s de 3 Horas en formato video Full HD distribuidas en el siguiente temario:<\/p>\n<\/div>\n<\/div>\n<\/div>\n<\/div>\n<div class=\"et_pb_row et_pb_row_7\">\n<div class=\"et_pb_column et_pb_column_1_2 et_pb_column_7 et_pb_css_mix_blend_mode_passthrough\">\n<div class=\"et_pb_module et_pb_text et_pb_text_9 et_pb_text_align_center et_pb_bg_layout_light\">\n<div class=\"et_pb_text_inner\">\n<p>Parte 1<\/p>\n<\/div>\n<\/div>\n<div class=\"et_pb_module et_pb_text et_pb_text_10 et_pb_text_align_center et_pb_bg_layout_light\">\n<div class=\"et_pb_text_inner\">\n<p>\u2728 Introducci\u00f3n, impresi\u00f3n de la tabla y aspectos generales<\/p>\n<p>\u2728 Recomendaciones iniciales<\/p>\n<p>\u2728 Activando el s\u00edmbolo de protecci\u00f3n Joshua<\/p>\n<p>\u2728 Abrir el portal de la mesa y conectar la energ\u00eda del terapeuta<\/p>\n<p>\u2728 Activar los comandos cu\u00e1nticos, herramienta aura y herramienta salto cu\u00e1ntico.<\/p>\n<\/div>\n<\/div>\n<\/div>\n<div class=\"et_pb_column et_pb_column_1_2 et_pb_column_8 et_pb_css_mix_blend_mode_passthrough et-last-child\">\n<div class=\"et_pb_module et_pb_text et_pb_text_11 et_pb_text_align_center et_pb_bg_layout_light\">\n<div class=\"et_pb_text_inner\">\n<p>Parte 2<\/p>\n<\/div>\n<\/div>\n<div class=\"et_pb_module et_pb_text et_pb_text_12 et_pb_text_align_center et_pb_bg_layout_light\">\n<div class=\"et_pb_text_inner\">\n<p>\u00a0\u2728 Herramienta cuerpo f\u00edsico y herramienta energ\u00eda vital<\/p>\n<p>\u2728 Herramienta chakras<\/p>\n<p>\u2728 Herramienta Llama Violeta, herramienta Espada de San Miguel y herramienta Ying Yang<\/p>\n<p>\u2728 Herramienta Egr\u00e9gora San Francisco de As\u00eds<\/p>\n<p>\u2728 Herramienta cuerpo astral energ\u00e9tico<\/p>\n<p>\u2728 Herramienta matriz crom\u00e1tica<\/p>\n<\/div>\n<\/div>\n<\/div>\n<\/div>\n<div class=\"et_pb_row et_pb_row_8\">\n<div class=\"et_pb_column et_pb_column_4_4 et_pb_column_9 et_pb_css_mix_blend_mode_passthrough et-last-child\">\n<div class=\"et_pb_module et_pb_text et_pb_text_13 et_pb_text_align_center et_pb_bg_layout_light\">\n<div class=\"et_pb_text_inner\">\n<p>Parte 3<\/p>\n<\/div>\n<\/div>\n<div class=\"et_pb_module et_pb_text et_pb_text_14 et_pb_text_align_center et_pb_bg_layout_light\">\n<div class=\"et_pb_text_inner\">\n<p>\u2728 Testeo y verificaci\u00f3n final<\/p>\n<p>\u2728 Cerrando el portal de la mesa<\/p>\n<p>\u2728 Ejemplo proceso completo de trabajo en la mesa<\/p>\n<p>\u2728 Activaci\u00f3n de la mesa para varios d\u00edas de trabajo.<\/p>\n<\/div>\n<\/div>\n<\/div>\n<\/div>\n<\/div>\n","protected":false},"excerpt":{"rendered":"<p>&nbsp;<\/p>\n<p>&nbsp;<\/p>\n<p>&nbsp;<\/p>\n<p>&nbsp;<\/p>\n","protected":false},"featured_media":30472,"template":"","meta":{"_monsterinsights_skip_tracking":false,"_monsterinsights_sitenote_active":false,"_monsterinsights_sitenote_note":"","_monsterinsights_sitenote_category":0,"jetpack_post_was_ever_published":false,"jetpack_publicize_message":"","jetpack_publicize_feature_enabled":true,"jetpack_social_post_already_shared":true,"jetpack_social_options":{"image_generator_settings":{"template":"highway","default_image_id":0,"font":"","enabled":false},"version":2}},"product_brand":[],"product_cat":[286],"product_tag":[263,260,211,254,119,251,215,257,249,243,230,182,226,253,236,229,228,232,258,234,262,239,77,220,265,219,107,225,240,238,108,242,235,244,266,267,248,210,245,212,250,227,106,255,264,252,217,216,233,261,73,25,237,231,247,221,246,222,223,224,259,241,256,218,213,214,53],"class_list":{"0":"post-30470","1":"product","2":"type-product","3":"status-publish","4":"has-post-thumbnail","6":"product_cat-pendulo","7":"product_tag-animales","8":"product_tag-biden","9":"product_tag-billetes","10":"product_tag-bitcoin","11":"product_tag-carrera","12":"product_tag-china","13":"product_tag-christopher-olivarrieta","14":"product_tag-cine","15":"product_tag-coranavirus","16":"product_tag-cultura","17":"product_tag-cursos","18":"product_tag-dinero","19":"product_tag-dios","20":"product_tag-dolar","21":"product_tag-enric-corbera","22":"product_tag-ensenanza-en-casa","23":"product_tag-escuela","24":"product_tag-especialidad","25":"product_tag-estrenos","26":"product_tag-estudios","27":"product_tag-facebook","28":"product_tag-famosos","29":"product_tag-fortalecimientos","30":"product_tag-free","31":"product_tag-gatos","32":"product_tag-gratis","33":"product_tag-guadalajara","34":"product_tag-guerra","35":"product_tag-humor","36":"product_tag-internet","37":"product_tag-introduccion","38":"product_tag-juegos","39":"product_tag-lavin","40":"product_tag-manga","41":"product_tag-mercado-libre","42":"product_tag-mercado-pago","43":"product_tag-meteorologia","44":"product_tag-moneda","45":"product_tag-musica","46":"product_tag-nuevo","47":"product_tag-omnicron","48":"product_tag-oracion","49":"product_tag-osvaldo","50":"product_tag-peliculas","51":"product_tag-perros","52":"product_tag-peso","53":"product_tag-porn","54":"product_tag-porno","55":"product_tag-profesional","56":"product_tag-putin","57":"product_tag-salud","58":"product_tag-sanacion","59":"product_tag-sexo","60":"product_tag-talleres","61":"product_tag-television","62":"product_tag-terapias","63":"product_tag-trabajo","64":"product_tag-ucrania","65":"product_tag-ukrania","66":"product_tag-usa","67":"product_tag-vacuna","68":"product_tag-viajes","69":"product_tag-videos","70":"product_tag-xxx","71":"product_tag-youtube","72":"product_tag-youtube-yuen-guadalajara","73":"product_tag-yuen","75":"first","76":"instock","77":"downloadable","78":"virtual","79":"purchasable","80":"product-type-simple"},"jetpack_publicize_connections":[],"jetpack-related-posts":[{"id":30806,"url":"https:\/\/multiofertasvip.com\/?product=sanacion-cristalina-adriana-echeverri","url_meta":{"origin":30470,"position":0},"title":"Sanaci\u00f3n Cristalina-Adriana Echeverri","author":"multiofertasvip","date":"abril 18, 2023","format":false,"excerpt":"Los cristales han sido los compa\u00f1eros de viaje de la Madre Tierra desde el mismo momento de su creaci\u00f3n. Ellos albergan toda la sabidur\u00eda, la magia y la sanaci\u00f3n de la Tierra y su misi\u00f3n con la humanidad va m\u00e1s all\u00e1 de simplemente ser un objeto decorativo. En esta clase\u2026","rel":"","context":"Entrada similar","block_context":{"text":"Entrada similar","link":""},"img":{"alt_text":"","src":"https:\/\/i0.wp.com\/multiofertasvip.com\/wp-content\/uploads\/2023\/04\/cristalina.jpg?fit=200%2C200&ssl=1&resize=350%2C200","width":350,"height":200},"classes":[]},{"id":33959,"url":"https:\/\/multiofertasvip.com\/?product=metodo-raderadiestesia-diferencial-y-efectiva-adriana-echeverri","url_meta":{"origin":30470,"position":1},"title":"Metodo RADE(Radiestesia Diferencial y Efectiva-Adriana Echeverri","author":"multiofertasvip","date":"mayo 30, 2025","format":false,"excerpt":"Este programa est\u00e1 dise\u00f1ado para entregar al terapeuta herramientas radiest\u00e9sicas, radi\u00f3nicas, metaf\u00edsicas y cu\u00e1nticas que generan transformaciones y promuevan resultados en sus vidas y en sus consultantes. El enfoque del m\u00e9todo es identificar, tratar y bloquear la causa de los desequilibrios a todos los niveles del ser, asegurando resultados sostenibles\u2026","rel":"","context":"Entrada similar","block_context":{"text":"Entrada similar","link":""},"img":{"alt_text":"","src":"https:\/\/i0.wp.com\/multiofertasvip.com\/wp-content\/uploads\/2025\/05\/RADE.png?fit=200%2C200&ssl=1&resize=350%2C200","width":350,"height":200},"classes":[]},{"id":30418,"url":"https:\/\/multiofertasvip.com\/?product=curso-pendulo-hebreo-adriana-echeverri","url_meta":{"origin":30470,"position":2},"title":"Curso P\u00e9ndulo Hebreo-Adriana Echeverri","author":"multiofertasvip","date":"septiembre 6, 2022","format":false,"excerpt":"\u00a0 \u00a0 \u00a0 \u00a0 \u00a0 \u00a0 \u00a0","rel":"","context":"Entrada similar","block_context":{"text":"Entrada similar","link":""},"img":{"alt_text":"","src":"https:\/\/i0.wp.com\/multiofertasvip.com\/wp-content\/uploads\/2022\/09\/pendulo-hebreo.jpg?fit=200%2C200&ssl=1&resize=350%2C200","width":350,"height":200},"classes":[]},{"id":30672,"url":"https:\/\/multiofertasvip.com\/?product=metodo-ahava-radiestesia-diferencial-y-efectiva-adriana-echeverri","url_meta":{"origin":30470,"position":3},"title":"M\u00e9todo AHAVA &#8211; Radiestesia Diferencial y Efectiva-Adriana Echeverri","author":"multiofertasvip","date":"enero 9, 2023","format":false,"excerpt":"\u00a1MIRA TODO LO QUE TE LLEVAS! M\u00f3dulo 1: Acercamiento a la Radiestesia: \u00a0 Fundamentos de radiestesia Instrumentos radiest\u00e9sicos P\u00e9ndulo: fundamentos, programaci\u00f3n y trabajo con p\u00e9ndulo Norte magn\u00e9tico y forma correcta de hacer preguntas Gr\u00e1ficos de radiestesia: fundamentos y s funcionamiento Bi\u00f3metros: fundamentos, funcionamiento y creaci\u00f3n Testigos: crear, limpiar y potencializar\u2026","rel":"","context":"Entrada similar","block_context":{"text":"Entrada similar","link":""},"img":{"alt_text":"","src":"https:\/\/i0.wp.com\/productoselite.net\/wp-content\/uploads\/2022\/12\/Acercamiento-a-la-radiestesia.jpg?resize=350%2C200&ssl=1","width":350,"height":200},"classes":[]},{"id":30415,"url":"https:\/\/multiofertasvip.com\/?product=mesa-radionica-de-saint-germain-adriana-echeverri","url_meta":{"origin":30470,"position":4},"title":"Mesa Radi\u00f3nica de Saint Germain-Adriana Echeverri","author":"multiofertasvip","date":"septiembre 6, 2022","format":false,"excerpt":"\u00a0 \u00a0 \u00a0 \u00a0 \u00a0 \u00a0 \u00a0","rel":"","context":"Entrada similar","block_context":{"text":"Entrada similar","link":""},"img":{"alt_text":"","src":"https:\/\/i0.wp.com\/multiofertasvip.com\/wp-content\/uploads\/2022\/09\/mesa-radiodica.jpg?fit=200%2C200&ssl=1&resize=350%2C200","width":350,"height":200},"classes":[]},{"id":30616,"url":"https:\/\/multiofertasvip.com\/?product=mesa-radionica-de-ganesha-para-la-prosperidad-adriana-echeverri","url_meta":{"origin":30470,"position":5},"title":"Mesa Radi\u00f3nica de Ganesha para la prosperidad-Adriana Echeverri","author":"multiofertasvip","date":"noviembre 10, 2022","format":false,"excerpt":"\u00a0 \u00a0 \u00a0 \u00a0","rel":"","context":"Entrada similar","block_context":{"text":"Entrada similar","link":""},"img":{"alt_text":"","src":"https:\/\/i0.wp.com\/multiofertasvip.com\/wp-content\/uploads\/2022\/11\/ganesha.jpg?fit=200%2C200&ssl=1&resize=350%2C200","width":350,"height":200},"classes":[]}],"jetpack_sharing_enabled":true,"jetpack_likes_enabled":true,"_links":{"self":[{"href":"https:\/\/multiofertasvip.com\/index.php?rest_route=\/wp\/v2\/product\/30470","targetHints":{"allow":["GET"]}}],"collection":[{"href":"https:\/\/multiofertasvip.com\/index.php?rest_route=\/wp\/v2\/product"}],"about":[{"href":"https:\/\/multiofertasvip.com\/index.php?rest_route=\/wp\/v2\/types\/product"}],"version-history":[{"count":0,"href":"https:\/\/multiofertasvip.com\/index.php?rest_route=\/wp\/v2\/product\/30470\/revisions"}],"wp:featuredmedia":[{"embeddable":true,"href":"https:\/\/multiofertasvip.com\/index.php?rest_route=\/wp\/v2\/media\/30472"}],"wp:attachment":[{"href":"https:\/\/multiofertasvip.com\/index.php?rest_route=%2Fwp%2Fv2%2Fmedia&parent=30470"}],"wp:term":[{"taxonomy":"product_brand","embeddable":true,"href":"https:\/\/multiofertasvip.com\/index.php?rest_route=%2Fwp%2Fv2%2Fproduct_brand&post=30470"},{"taxonomy":"product_cat","embeddable":true,"href":"https:\/\/multiofertasvip.com\/index.php?rest_route=%2Fwp%2Fv2%2Fproduct_cat&post=30470"},{"taxonomy":"product_tag","embeddable":true,"href":"https:\/\/multiofertasvip.com\/index.php?rest_route=%2Fwp%2Fv2%2Fproduct_tag&post=30470"}],"curies":[{"name":"wp","href":"https:\/\/api.w.org\/{rel}","templated":true}]}}