{"id":30466,"date":"2022-10-05T15:11:29","date_gmt":"2022-10-05T20:41:29","guid":{"rendered":"https:\/\/multiofertasvip.com\/?post_type=product&#038;p=30466"},"modified":"2022-10-05T15:14:54","modified_gmt":"2022-10-05T20:44:54","slug":"kototama-reiki-avanzado-sesiones-vibracionales-practicante-y-maestro","status":"publish","type":"product","link":"https:\/\/multiofertasvip.com\/?product=kototama-reiki-avanzado-sesiones-vibracionales-practicante-y-maestro","title":{"rendered":"Kototama Reiki Avanzado sesiones vibracionales. Practicante y Maestro"},"content":{"rendered":"<p>Temario de esta capacitaci\u00f3n:<\/p>\n<div>\n<ul>\n<li>Curso completo de sonidos sanadores.<\/li>\n<li>Las combinaciones posibles.<\/li>\n<li>Las vibraciones sonoras como herramienta de armon\u00eda tienen m\u00e1s fuerza que los s\u00edmbolos.<\/li>\n<li>Los 50 kototamas que eran ense\u00f1ados a los Maestros de Reiki y de Aikido<\/li>\n<li>Cada una de las letras y su relaci\u00f3n con los 5 elementos de la naturaleza.<\/li>\n<li>Pr\u00e1ctica, iniciaci\u00f3n en los sonidos, aprendizaje para poder dar sesiones y ense\u00f1ar el sistema.<\/li>\n<li>Manual incluido<\/li>\n<li><strong>Duraci\u00f3n del curso: 3 horas<\/strong><\/li>\n<\/ul>\n<p><strong>Curso guiado por Claudio Marquez<\/strong><\/p>\n<\/div>\n","protected":false},"excerpt":{"rendered":"<p>Curso para Practicantes Avanzados o Maestros de Reiki. Los 50 Sonidos de la Armon\u00eda Universal. Un curso de 3 horas de duraci\u00f3n para aprender a usar y combinar los sonidos primordiales y crear tus propios mantras. De accesosin limites para ver la cantidad de veces que precises. Material exclusivo<\/p>\n<p>&nbsp;<\/p>\n<p>&nbsp;<\/p>\n<p>&nbsp;<\/p>\n<p>&nbsp;<\/p>\n","protected":false},"featured_media":30467,"template":"","meta":{"_monsterinsights_skip_tracking":false,"_monsterinsights_sitenote_active":false,"_monsterinsights_sitenote_note":"","_monsterinsights_sitenote_category":0,"jetpack_post_was_ever_published":false,"jetpack_publicize_message":"","jetpack_publicize_feature_enabled":true,"jetpack_social_post_already_shared":true,"jetpack_social_options":{"image_generator_settings":{"template":"highway","default_image_id":0,"font":"","enabled":false},"version":2}},"product_brand":[],"product_cat":[32],"product_tag":[263,260,211,254,119,251,215,257,249,243,230,182,226,253,236,229,228,232,258,234,262,239,77,220,265,219,107,225,240,238,108,242,235,244,266,267,248,210,245,212,250,227,106,255,264,252,217,216,233,261,73,25,237,231,247,221,246,222,223,224,259,241,256,218,213,214,53],"class_list":{"0":"post-30466","1":"product","2":"type-product","3":"status-publish","4":"has-post-thumbnail","6":"product_cat-sanacion","7":"product_tag-animales","8":"product_tag-biden","9":"product_tag-billetes","10":"product_tag-bitcoin","11":"product_tag-carrera","12":"product_tag-china","13":"product_tag-christopher-olivarrieta","14":"product_tag-cine","15":"product_tag-coranavirus","16":"product_tag-cultura","17":"product_tag-cursos","18":"product_tag-dinero","19":"product_tag-dios","20":"product_tag-dolar","21":"product_tag-enric-corbera","22":"product_tag-ensenanza-en-casa","23":"product_tag-escuela","24":"product_tag-especialidad","25":"product_tag-estrenos","26":"product_tag-estudios","27":"product_tag-facebook","28":"product_tag-famosos","29":"product_tag-fortalecimientos","30":"product_tag-free","31":"product_tag-gatos","32":"product_tag-gratis","33":"product_tag-guadalajara","34":"product_tag-guerra","35":"product_tag-humor","36":"product_tag-internet","37":"product_tag-introduccion","38":"product_tag-juegos","39":"product_tag-lavin","40":"product_tag-manga","41":"product_tag-mercado-libre","42":"product_tag-mercado-pago","43":"product_tag-meteorologia","44":"product_tag-moneda","45":"product_tag-musica","46":"product_tag-nuevo","47":"product_tag-omnicron","48":"product_tag-oracion","49":"product_tag-osvaldo","50":"product_tag-peliculas","51":"product_tag-perros","52":"product_tag-peso","53":"product_tag-porn","54":"product_tag-porno","55":"product_tag-profesional","56":"product_tag-putin","57":"product_tag-salud","58":"product_tag-sanacion","59":"product_tag-sexo","60":"product_tag-talleres","61":"product_tag-television","62":"product_tag-terapias","63":"product_tag-trabajo","64":"product_tag-ucrania","65":"product_tag-ukrania","66":"product_tag-usa","67":"product_tag-vacuna","68":"product_tag-viajes","69":"product_tag-videos","70":"product_tag-xxx","71":"product_tag-youtube","72":"product_tag-youtube-yuen-guadalajara","73":"product_tag-yuen","75":"first","76":"instock","77":"downloadable","78":"virtual","79":"purchasable","80":"product-type-simple"},"jetpack_publicize_connections":[],"jetpack-related-posts":[{"id":30464,"url":"https:\/\/multiofertasvip.com\/?product=futonolito-system-simbolos-adivinatorios-de-origen-japones","url_meta":{"origin":30466,"position":0},"title":"Futonolito System S\u00edmbolos Adivinatorios de or\u00edgen japon\u00e9s","author":"multiofertasvip","date":"octubre 5, 2022","format":false,"excerpt":"\u00a0 \u00a0 \u00a0 \u00a0 \u00a0","rel":"","context":"Entrada similar","block_context":{"text":"Entrada similar","link":""},"img":{"alt_text":"","src":"https:\/\/i0.wp.com\/multiofertasvip.com\/wp-content\/uploads\/2022\/10\/futonolito.jpg?fit=200%2C200&ssl=1&resize=350%2C200","width":350,"height":200},"classes":[]},{"id":34160,"url":"https:\/\/multiofertasvip.com\/?product=curso-de-reiki-nivel-1-angeles-s-goyanes","url_meta":{"origin":30466,"position":1},"title":"Curso de Reiki Nivel 1-\u00c1ngeles S. Goyanes","author":"multiofertasvip","date":"agosto 19, 2025","format":false,"excerpt":"Caracter\u00edsticas \u00a0de este curso de Reiki de primer nivel Lecciones amenas y bien explicadas. Cada lecci\u00f3n est\u00e1 explicada en\u00a0v\u00eddeo. No te quedar\u00e1n dudas de c\u00f3mo has de realizar las partes pr\u00e1cticas: tratamiento, auto tratamiento y ejercicios. Adem\u00e1s, tendr\u00e1s\u00a0manuales y documentos de apoyo. Los v\u00eddeos no los puedes descargar pero los\u2026","rel":"","context":"Entrada similar","block_context":{"text":"Entrada similar","link":""},"img":{"alt_text":"","src":"https:\/\/i0.wp.com\/multiofertasvip.com\/wp-content\/uploads\/2025\/08\/reiki1.jpg?fit=200%2C200&ssl=1&resize=350%2C200","width":350,"height":200},"classes":[]},{"id":30621,"url":"https:\/\/multiofertasvip.com\/?product=maestro-de-proteccion-energetica-claudio-marquez","url_meta":{"origin":30466,"position":2},"title":"Maestro de Protecci\u00f3n Energ\u00e9tica-Claudio Marquez","author":"multiofertasvip","date":"noviembre 10, 2022","format":false,"excerpt":"Clase Especial y completa de 3 horas de duraci\u00f3n donde aprender\u00e1s distintas maneras de limpiar ambientes energ\u00e9ticamente a trav\u00e9s de s\u00edmbolos, mudras, limpiezas y cortes de negatividad con t\u00e9cnicas de origen japon\u00e9s. Workshop de protecci\u00f3n de personas, autodefensa emocional, sanaci\u00f3n de lugares, diferentes situaciones en las que hacen falta m\u00e9todos\u2026","rel":"","context":"Entrada similar","block_context":{"text":"Entrada similar","link":""},"img":{"alt_text":"","src":"https:\/\/i0.wp.com\/multiofertasvip.com\/wp-content\/uploads\/2022\/11\/proteccion-energetica.jpg?fit=200%2C200&ssl=1&resize=350%2C200","width":350,"height":200},"classes":[]},{"id":34950,"url":"https:\/\/multiofertasvip.com\/?product=reiki-de-acuario-eduardo-dharma-yoel-2","url_meta":{"origin":30466,"position":3},"title":"Reiki de Acuario Eduardo Dharma Yoel","author":"multiofertasvip","date":"marzo 6, 2026","format":false,"excerpt":"TEMARIO INSTRUCTORADO Y MAESTRIA\u00a0\u00a0 Descripci\u00f3n Potencia la energ\u00eda Reiki 1000 veces Aumenta la posibilidad de Sanaci\u00f3n e iluminaci\u00f3n Act\u00faa limpiando el karma Libera el cuerpo y el campo \u00e1urico \u00datil para cortar energ\u00edas negativas externas Apertura de Caminos Limpieza \u00c1urica Sana la mente aumentando el flujo de energ\u00eda equilibradora Prosperidad\u2026","rel":"","context":"Entrada similar","block_context":{"text":"Entrada similar","link":""},"img":{"alt_text":"","src":"https:\/\/i0.wp.com\/multiofertasvip.com\/wp-content\/uploads\/2026\/03\/reiki-acuario.png?fit=200%2C200&ssl=1&resize=350%2C200","width":350,"height":200},"classes":[]},{"id":30485,"url":"https:\/\/multiofertasvip.com\/?product=raku-kei-reiki-rafael-alcaz","url_meta":{"origin":30466,"position":4},"title":"RAKU KEI REIKI-Rafael Alcaz","author":"multiofertasvip","date":"octubre 12, 2022","format":false,"excerpt":"RAKU KEI REIKI - \"El camino del Drag\u00f3n de Fuego\", en Oriente el Drag\u00f3n es S\u00edmbolo de Sabidur\u00eda. Pertenece a la rama Usui Shiki Ryoho (Reiki Occidental). RAKU KEI REIKI es uno de los mas antiguos de la USUI SHIKI RYOHO (Reiki Occidental) fue creado a principio de los 80\u2026","rel":"","context":"Entrada similar","block_context":{"text":"Entrada similar","link":""},"img":{"alt_text":"","src":"https:\/\/i0.wp.com\/multiofertasvip.com\/wp-content\/uploads\/2022\/10\/RAUKEI.jpg?fit=200%2C200&ssl=1&resize=350%2C200","width":350,"height":200},"classes":[]},{"id":34171,"url":"https:\/\/multiofertasvip.com\/?product=curso-de-reiki-nivel-2-angeles-s-goyanes","url_meta":{"origin":30466,"position":5},"title":"Curso de Reiki Nivel 2-\u00c1ngeles S. Goyanes","author":"multiofertasvip","date":"agosto 19, 2025","format":false,"excerpt":"Este curso de Reiki de nivel dos est\u00e1 dise\u00f1ado para minimizar la barrera de la distancia, con un trato personal, acceso inmediato, multitud de v\u00eddeos demostrativos, manual y materiales de apoyo, y diploma oficial de la Federaci\u00f3n Espa\u00f1ola de Reiki. Caracter\u00edsticas de este curso de segundo nivel de Reiki \u00a0\u2026","rel":"","context":"Entrada similar","block_context":{"text":"Entrada similar","link":""},"img":{"alt_text":"Curso de reiki de nivel dos a distancia","src":"https:\/\/i0.wp.com\/www.cursodereiki.online\/wp-content\/uploads\/2019\/11\/anta-1024x800.jpg?resize=350%2C200&ssl=1","width":350,"height":200,"srcset":"https:\/\/i0.wp.com\/www.cursodereiki.online\/wp-content\/uploads\/2019\/11\/anta-1024x800.jpg?resize=350%2C200&ssl=1 1x, https:\/\/i0.wp.com\/www.cursodereiki.online\/wp-content\/uploads\/2019\/11\/anta-1024x800.jpg?resize=525%2C300&ssl=1 1.5x, https:\/\/i0.wp.com\/www.cursodereiki.online\/wp-content\/uploads\/2019\/11\/anta-1024x800.jpg?resize=700%2C400&ssl=1 2x"},"classes":[]}],"jetpack_sharing_enabled":true,"jetpack_likes_enabled":true,"_links":{"self":[{"href":"https:\/\/multiofertasvip.com\/index.php?rest_route=\/wp\/v2\/product\/30466","targetHints":{"allow":["GET"]}}],"collection":[{"href":"https:\/\/multiofertasvip.com\/index.php?rest_route=\/wp\/v2\/product"}],"about":[{"href":"https:\/\/multiofertasvip.com\/index.php?rest_route=\/wp\/v2\/types\/product"}],"version-history":[{"count":0,"href":"https:\/\/multiofertasvip.com\/index.php?rest_route=\/wp\/v2\/product\/30466\/revisions"}],"wp:featuredmedia":[{"embeddable":true,"href":"https:\/\/multiofertasvip.com\/index.php?rest_route=\/wp\/v2\/media\/30467"}],"wp:attachment":[{"href":"https:\/\/multiofertasvip.com\/index.php?rest_route=%2Fwp%2Fv2%2Fmedia&parent=30466"}],"wp:term":[{"taxonomy":"product_brand","embeddable":true,"href":"https:\/\/multiofertasvip.com\/index.php?rest_route=%2Fwp%2Fv2%2Fproduct_brand&post=30466"},{"taxonomy":"product_cat","embeddable":true,"href":"https:\/\/multiofertasvip.com\/index.php?rest_route=%2Fwp%2Fv2%2Fproduct_cat&post=30466"},{"taxonomy":"product_tag","embeddable":true,"href":"https:\/\/multiofertasvip.com\/index.php?rest_route=%2Fwp%2Fv2%2Fproduct_tag&post=30466"}],"curies":[{"name":"wp","href":"https:\/\/api.w.org\/{rel}","templated":true}]}}