{"id":30464,"date":"2022-10-05T15:07:00","date_gmt":"2022-10-05T20:37:00","guid":{"rendered":"https:\/\/multiofertasvip.com\/?post_type=product&#038;p=30464"},"modified":"2022-10-05T15:11:17","modified_gmt":"2022-10-05T20:41:17","slug":"futonolito-system-simbolos-adivinatorios-de-origen-japones","status":"publish","type":"product","link":"https:\/\/multiofertasvip.com\/?product=futonolito-system-simbolos-adivinatorios-de-origen-japones","title":{"rendered":"Futonolito System S\u00edmbolos Adivinatorios de or\u00edgen japon\u00e9s"},"content":{"rendered":"<p>El reiki m\u00e1s antiguo. La ciencia del universo.<br \/>\nEl sistema de una civilizaci\u00f3n originaria de Manchuria con un or\u00edgen tao\u00edsta, rescatada en el antiguo Jap\u00f3n y proveniente del contacto estrecho con la naturaleza.<br \/>\nRueda adivinatoria para averiguar tu s\u00edmbolos y la energ\u00eda ancestral de tu nacimiento, para usar sobre otras personas e indagar los caminos hacia una mejora integral de tu bienestar.<\/p>\n<p>Tres tipos de s\u00edmbolos. Los 8 espirales de Futomani o carta de adivinaci\u00f3n originaria del reiki. Vida, mente y universo.<\/p>\n<p>Puedes usar la carta\u00a0 para varios usos: sobre ti, para enviar esta energ\u00eda a distancia,\u00a0 como un dispositivo para protegerte a t\u00ed mismo, tu espacio y\u00a0meditar. Puedes usar los s\u00edmbolos que contiene y practicar con ellos.Los jumones m\u00e1s antiguos o sonidos ancestrales.<\/p>\n<p>Una clase muy completa 100% pr\u00e1ctica y aplicable a la vida cotidiana.<\/p>\n<p>Conecta con el or\u00edgen!<\/p>\n<p><b>Clase de 2 horas y media de duraci\u00f3n.<\/b><br \/>\nManual incluido<\/p>\n","protected":false},"excerpt":{"rendered":"<p>&nbsp;<\/p>\n<p>&nbsp;<\/p>\n<p>&nbsp;<\/p>\n<p>&nbsp;<\/p>\n<p>&nbsp;<\/p>\n","protected":false},"featured_media":30465,"template":"","meta":{"_monsterinsights_skip_tracking":false,"_monsterinsights_sitenote_active":false,"_monsterinsights_sitenote_note":"","_monsterinsights_sitenote_category":0,"jetpack_post_was_ever_published":false,"jetpack_publicize_message":"","jetpack_publicize_feature_enabled":true,"jetpack_social_post_already_shared":true,"jetpack_social_options":{"image_generator_settings":{"template":"highway","default_image_id":0,"font":"","enabled":false},"version":2}},"product_brand":[],"product_cat":[32],"product_tag":[263,260,211,254,119,251,215,257,249,243,230,182,226,253,236,229,228,232,258,234,262,239,77,220,265,219,107,225,240,238,108,242,235,244,266,267,248,210,245,212,250,227,106,255,264,252,217,216,233,261,73,25,237,231,247,221,246,222,223,224,259,241,256,218,213,214,53],"class_list":{"0":"post-30464","1":"product","2":"type-product","3":"status-publish","4":"has-post-thumbnail","6":"product_cat-sanacion","7":"product_tag-animales","8":"product_tag-biden","9":"product_tag-billetes","10":"product_tag-bitcoin","11":"product_tag-carrera","12":"product_tag-china","13":"product_tag-christopher-olivarrieta","14":"product_tag-cine","15":"product_tag-coranavirus","16":"product_tag-cultura","17":"product_tag-cursos","18":"product_tag-dinero","19":"product_tag-dios","20":"product_tag-dolar","21":"product_tag-enric-corbera","22":"product_tag-ensenanza-en-casa","23":"product_tag-escuela","24":"product_tag-especialidad","25":"product_tag-estrenos","26":"product_tag-estudios","27":"product_tag-facebook","28":"product_tag-famosos","29":"product_tag-fortalecimientos","30":"product_tag-free","31":"product_tag-gatos","32":"product_tag-gratis","33":"product_tag-guadalajara","34":"product_tag-guerra","35":"product_tag-humor","36":"product_tag-internet","37":"product_tag-introduccion","38":"product_tag-juegos","39":"product_tag-lavin","40":"product_tag-manga","41":"product_tag-mercado-libre","42":"product_tag-mercado-pago","43":"product_tag-meteorologia","44":"product_tag-moneda","45":"product_tag-musica","46":"product_tag-nuevo","47":"product_tag-omnicron","48":"product_tag-oracion","49":"product_tag-osvaldo","50":"product_tag-peliculas","51":"product_tag-perros","52":"product_tag-peso","53":"product_tag-porn","54":"product_tag-porno","55":"product_tag-profesional","56":"product_tag-putin","57":"product_tag-salud","58":"product_tag-sanacion","59":"product_tag-sexo","60":"product_tag-talleres","61":"product_tag-television","62":"product_tag-terapias","63":"product_tag-trabajo","64":"product_tag-ucrania","65":"product_tag-ukrania","66":"product_tag-usa","67":"product_tag-vacuna","68":"product_tag-viajes","69":"product_tag-videos","70":"product_tag-xxx","71":"product_tag-youtube","72":"product_tag-youtube-yuen-guadalajara","73":"product_tag-yuen","75":"first","76":"instock","77":"downloadable","78":"virtual","79":"purchasable","80":"product-type-simple"},"jetpack_publicize_connections":[],"jetpack-related-posts":[{"id":30485,"url":"https:\/\/multiofertasvip.com\/?product=raku-kei-reiki-rafael-alcaz","url_meta":{"origin":30464,"position":0},"title":"RAKU KEI REIKI-Rafael Alcaz","author":"multiofertasvip","date":"octubre 12, 2022","format":false,"excerpt":"RAKU KEI REIKI - \"El camino del Drag\u00f3n de Fuego\", en Oriente el Drag\u00f3n es S\u00edmbolo de Sabidur\u00eda. Pertenece a la rama Usui Shiki Ryoho (Reiki Occidental). RAKU KEI REIKI es uno de los mas antiguos de la USUI SHIKI RYOHO (Reiki Occidental) fue creado a principio de los 80\u2026","rel":"","context":"Entrada similar","block_context":{"text":"Entrada similar","link":""},"img":{"alt_text":"","src":"https:\/\/i0.wp.com\/multiofertasvip.com\/wp-content\/uploads\/2022\/10\/RAUKEI.jpg?fit=200%2C200&ssl=1&resize=350%2C200","width":350,"height":200},"classes":[]},{"id":34950,"url":"https:\/\/multiofertasvip.com\/?product=reiki-de-acuario-eduardo-dharma-yoel-2","url_meta":{"origin":30464,"position":1},"title":"Reiki de Acuario Eduardo Dharma Yoel","author":"multiofertasvip","date":"marzo 6, 2026","format":false,"excerpt":"TEMARIO INSTRUCTORADO Y MAESTRIA\u00a0\u00a0 Descripci\u00f3n Potencia la energ\u00eda Reiki 1000 veces Aumenta la posibilidad de Sanaci\u00f3n e iluminaci\u00f3n Act\u00faa limpiando el karma Libera el cuerpo y el campo \u00e1urico \u00datil para cortar energ\u00edas negativas externas Apertura de Caminos Limpieza \u00c1urica Sana la mente aumentando el flujo de energ\u00eda equilibradora Prosperidad\u2026","rel":"","context":"Entrada similar","block_context":{"text":"Entrada similar","link":""},"img":{"alt_text":"","src":"https:\/\/i0.wp.com\/multiofertasvip.com\/wp-content\/uploads\/2026\/03\/reiki-acuario.png?fit=200%2C200&ssl=1&resize=350%2C200","width":350,"height":200},"classes":[]},{"id":30487,"url":"https:\/\/multiofertasvip.com\/?product=reiki-tradicional-japones-manuel-uribazo","url_meta":{"origin":30464,"position":2},"title":"Reiki Tradicional Japones-Manuel Uribazo","author":"multiofertasvip","date":"octubre 12, 2022","format":false,"excerpt":"El Reiki japon\u00e9s es una pr\u00e1ctica espiritual, la cual combina la meditaci\u00f3n, el cultivo de energ\u00eda y las pr\u00e1cticas de limpieza, todo con la intenci\u00f3n de aquietar y refinar la mente, al contrario que el\u00a0Reiki Kundalini\u00a0el cual har\u00e1 ascender tu energ\u00eda. Un practicante de Reiki japon\u00e9s pasa tiempo cultivando la\u2026","rel":"","context":"Entrada similar","block_context":{"text":"Entrada similar","link":""},"img":{"alt_text":"","src":"https:\/\/i0.wp.com\/multiofertasvip.com\/wp-content\/uploads\/2022\/10\/Reiki-Japones-Tradicional.jpg?fit=200%2C200&ssl=1&resize=350%2C200","width":350,"height":200},"classes":[]},{"id":35381,"url":"https:\/\/multiofertasvip.com\/?product=curso-de-introduccion-al-reiki-inma-sanchez-television-consciente-2","url_meta":{"origin":30464,"position":3},"title":"Curso de introducci\u00f3n al Reiki-Inma Sanchez-Television Consciente","author":"multiofertasvip","date":"abril 7, 2026","format":false,"excerpt":"\u00a0 \u00a0 \u00a0 \u00a0 \u00a0 \u00a0 \u00a0","rel":"","context":"Entrada similar","block_context":{"text":"Entrada similar","link":""},"img":{"alt_text":"","src":"https:\/\/i0.wp.com\/multiofertasvip.com\/wp-content\/uploads\/2026\/04\/introduccion-al-reiki.png?fit=200%2C200&ssl=1&resize=350%2C200","width":350,"height":200},"classes":[]},{"id":30466,"url":"https:\/\/multiofertasvip.com\/?product=kototama-reiki-avanzado-sesiones-vibracionales-practicante-y-maestro","url_meta":{"origin":30464,"position":4},"title":"Kototama Reiki Avanzado sesiones vibracionales. Practicante y Maestro","author":"multiofertasvip","date":"octubre 5, 2022","format":false,"excerpt":"Curso para Practicantes Avanzados o Maestros de Reiki. Los 50 Sonidos de la Armon\u00eda Universal. Un curso de 3 horas de duraci\u00f3n para aprender a usar y combinar los sonidos primordiales y crear tus propios mantras. De accesosin limites para ver la cantidad de veces que precises. Material exclusivo \u00a0\u2026","rel":"","context":"Entrada similar","block_context":{"text":"Entrada similar","link":""},"img":{"alt_text":"","src":"https:\/\/i0.wp.com\/multiofertasvip.com\/wp-content\/uploads\/2022\/10\/catoma.jpg?fit=200%2C200&ssl=1&resize=350%2C200","width":350,"height":200},"classes":[]},{"id":30370,"url":"https:\/\/multiofertasvip.com\/?product=formacion-pendulo-hebrero-originario","url_meta":{"origin":30464,"position":5},"title":"Formacion Pendulo Hebrero Originario","author":"multiofertasvip","date":"julio 27, 2022","format":false,"excerpt":"El P\u00e9ndulo Hebreo Originario permite elevar y equilibrar la vibraci\u00f3n de los centros energ\u00e9ticos (Chakras);como tambi\u00e9n al cuerpo mental, emocional y f\u00edsico en particular. Refuerza enormemente el Campo Electromagn\u00e9tico. Permite detectar y limpiar los miasmas (materia estancada) y as\u00ed evitar futuras enfermedades y colaborar en el proceso de alta vibraci\u00f3n\u2026","rel":"","context":"Entrada similar","block_context":{"text":"Entrada similar","link":""},"img":{"alt_text":"","src":"https:\/\/i0.wp.com\/multiofertasvip.com\/wp-content\/uploads\/2022\/07\/PHEBREO.jpg?fit=200%2C200&ssl=1&resize=350%2C200","width":350,"height":200},"classes":[]}],"jetpack_sharing_enabled":true,"jetpack_likes_enabled":true,"_links":{"self":[{"href":"https:\/\/multiofertasvip.com\/index.php?rest_route=\/wp\/v2\/product\/30464","targetHints":{"allow":["GET"]}}],"collection":[{"href":"https:\/\/multiofertasvip.com\/index.php?rest_route=\/wp\/v2\/product"}],"about":[{"href":"https:\/\/multiofertasvip.com\/index.php?rest_route=\/wp\/v2\/types\/product"}],"version-history":[{"count":0,"href":"https:\/\/multiofertasvip.com\/index.php?rest_route=\/wp\/v2\/product\/30464\/revisions"}],"wp:featuredmedia":[{"embeddable":true,"href":"https:\/\/multiofertasvip.com\/index.php?rest_route=\/wp\/v2\/media\/30465"}],"wp:attachment":[{"href":"https:\/\/multiofertasvip.com\/index.php?rest_route=%2Fwp%2Fv2%2Fmedia&parent=30464"}],"wp:term":[{"taxonomy":"product_brand","embeddable":true,"href":"https:\/\/multiofertasvip.com\/index.php?rest_route=%2Fwp%2Fv2%2Fproduct_brand&post=30464"},{"taxonomy":"product_cat","embeddable":true,"href":"https:\/\/multiofertasvip.com\/index.php?rest_route=%2Fwp%2Fv2%2Fproduct_cat&post=30464"},{"taxonomy":"product_tag","embeddable":true,"href":"https:\/\/multiofertasvip.com\/index.php?rest_route=%2Fwp%2Fv2%2Fproduct_tag&post=30464"}],"curies":[{"name":"wp","href":"https:\/\/api.w.org\/{rel}","templated":true}]}}