{"id":30446,"date":"2022-09-13T15:48:36","date_gmt":"2022-09-13T21:18:36","guid":{"rendered":"https:\/\/multiofertasvip.com\/?post_type=product&#038;p=30446"},"modified":"2025-04-15T11:44:40","modified_gmt":"2025-04-15T17:14:40","slug":"numeros-para-el-exito-empresarial-y-negocios-exitosos-grigori-grabovoi","status":"publish","type":"product","link":"https:\/\/multiofertasvip.com\/?product=numeros-para-el-exito-empresarial-y-negocios-exitosos-grigori-grabovoi","title":{"rendered":"N\u00daMEROS PARA EL \u00c9XITO EMPRESARIAL Y NEGOCIOS EXITOSOS GRIGORI GRABOVOI"},"content":{"rendered":"<p>En todo momento el contacto con negocios y trabajos es parte del d\u00eda a d\u00eda, esto nos obliga a estar conscientes del valor de encontrarnos muy bien en esta \u00e1rea tan importante de la vida. Este libro te dar\u00e1 herramientas tan eficaces como r\u00e1pidas para resolver los problemas por los que atraviesa tu empresa o negocio.Aprender\u00e1s mientras avanzas a una riqueza expansiva:\u2714 Mas de 1000 Secuencias Num\u00e9ricas Exclusivas para prosperar tu negocio.\u2714 Pilotajes para controlar la realidad financiera.\u2714 Aprende a incrementar tu percepci\u00f3n.\u2714 Desarrolla tu clarividencia para prever un futuro de abundancia.\u2714 Agrega herramientas \u00fanicas a tu repertorio para una tu prosperidad creciente.\u2714 Maravilloso para autodidactas del desarrollo espiritual y personal.\u2714 A los terapeutas les permitir\u00e1 acceder a sistemas aplicables a clientes, seres queridos y mejorar su repertorio.Grigori Grabovoi ha desarrollado sus m\u00e9todos por d\u00e9cadas, contando hoy d\u00eda con mas de 30 a\u00f1os de comprobaci\u00f3n cient\u00edfica internacional. Uniendo su clarividencia natural con la ciencia exacta de las matem\u00e1ticas, Grigori Grabovoi ofrece a la humanidad maneras claras de modificar para bien nuestra vida y la de los dem\u00e1s. En este libro el se enfoca en los negocios, los cuales juegan un rol vital para el desarrollo espiritual personal y colectivo de la humanidad.&#8221;Este libro contiene series num\u00e9ricas que, aplicadas a t\u00e9rminos, definiciones y nociones del mundo de los negocios, te permitir\u00e1n desarrollar con \u00e9xito tu propia empresa, en base a tecnolog\u00edas de desarrollo perpetuo.&#8221;<\/p>\n<p>&nbsp;<\/p>\n<p>&nbsp;<\/p>\n<p>&nbsp;<\/p>\n<p>&nbsp;<\/p>\n<p>&nbsp;<\/p>\n","protected":false},"excerpt":{"rendered":"<p>En todo momento el contacto con negocios y trabajos es parte del d\u00eda a d\u00eda, esto nos obliga a estar conscientes del valor de encontrarnos muy bien en esta \u00e1rea tan importante de la vida. Este libro te dar\u00e1 herramientas tan eficaces como r\u00e1pidas para resolver los problemas por los que atraviesa tu empresa o [&#8230;]\n","protected":false},"featured_media":30447,"template":"","meta":{"_monsterinsights_skip_tracking":false,"_monsterinsights_sitenote_active":false,"_monsterinsights_sitenote_note":"","_monsterinsights_sitenote_category":0,"jetpack_post_was_ever_published":false,"jetpack_publicize_message":"","jetpack_publicize_feature_enabled":true,"jetpack_social_post_already_shared":true,"jetpack_social_options":{"image_generator_settings":{"template":"highway","default_image_id":0,"font":"","enabled":false},"version":2}},"product_brand":[],"product_cat":[298,161],"product_tag":[263,260,211,254,119,251,215,257,249,243,230,182,226,253,236,229,228,232,258,234,262,239,77,220,265,219,107,225,240,238,108,242,235,244,266,267,248,210,245,212,250,227,106,255,264,252,217,216,233,261,73,25,237,231,247,221,246,222,223,224,259,241,256,218,213,214,53],"class_list":{"0":"post-30446","1":"product","2":"type-product","3":"status-publish","4":"has-post-thumbnail","6":"product_cat-gratis","7":"product_cat-manuales","8":"product_tag-animales","9":"product_tag-biden","10":"product_tag-billetes","11":"product_tag-bitcoin","12":"product_tag-carrera","13":"product_tag-china","14":"product_tag-christopher-olivarrieta","15":"product_tag-cine","16":"product_tag-coranavirus","17":"product_tag-cultura","18":"product_tag-cursos","19":"product_tag-dinero","20":"product_tag-dios","21":"product_tag-dolar","22":"product_tag-enric-corbera","23":"product_tag-ensenanza-en-casa","24":"product_tag-escuela","25":"product_tag-especialidad","26":"product_tag-estrenos","27":"product_tag-estudios","28":"product_tag-facebook","29":"product_tag-famosos","30":"product_tag-fortalecimientos","31":"product_tag-free","32":"product_tag-gatos","33":"product_tag-gratis","34":"product_tag-guadalajara","35":"product_tag-guerra","36":"product_tag-humor","37":"product_tag-internet","38":"product_tag-introduccion","39":"product_tag-juegos","40":"product_tag-lavin","41":"product_tag-manga","42":"product_tag-mercado-libre","43":"product_tag-mercado-pago","44":"product_tag-meteorologia","45":"product_tag-moneda","46":"product_tag-musica","47":"product_tag-nuevo","48":"product_tag-omnicron","49":"product_tag-oracion","50":"product_tag-osvaldo","51":"product_tag-peliculas","52":"product_tag-perros","53":"product_tag-peso","54":"product_tag-porn","55":"product_tag-porno","56":"product_tag-profesional","57":"product_tag-putin","58":"product_tag-salud","59":"product_tag-sanacion","60":"product_tag-sexo","61":"product_tag-talleres","62":"product_tag-television","63":"product_tag-terapias","64":"product_tag-trabajo","65":"product_tag-ucrania","66":"product_tag-ukrania","67":"product_tag-usa","68":"product_tag-vacuna","69":"product_tag-viajes","70":"product_tag-videos","71":"product_tag-xxx","72":"product_tag-youtube","73":"product_tag-youtube-yuen-guadalajara","74":"product_tag-yuen","76":"first","77":"instock","78":"downloadable","79":"virtual","80":"purchasable","81":"product-type-simple"},"jetpack_publicize_connections":[],"jetpack-related-posts":[{"id":30448,"url":"https:\/\/multiofertasvip.com\/?product=el-dominio-creador-de-la-informacion-de-grigori-grabovoi","url_meta":{"origin":30446,"position":0},"title":"EL DOMINIO CREADOR DE LA INFORMACI\u00d3N DE GRIGORI GRABOVOI","author":"multiofertasvip","date":"septiembre 13, 2022","format":false,"excerpt":"En este libro se ofrecen herramientas de cambio Fundamentales en distintas \u00e1reas del Universo de cada persona y del colectivo humano y universal. Definiendo el concepto de creatividad del conocimiento. Grabovoi considera la conciencia del hombre como un elemento del universo en donde todos los elementos est\u00e1n interpenetrados e interdependientes\u2026","rel":"","context":"Entrada similar","block_context":{"text":"Entrada similar","link":""},"img":{"alt_text":"","src":"https:\/\/i0.wp.com\/multiofertasvip.com\/wp-content\/uploads\/2022\/09\/creador.jpg?fit=200%2C200&ssl=1&resize=350%2C200","width":350,"height":200},"classes":[]},{"id":30781,"url":"https:\/\/multiofertasvip.com\/?product=sistema-de-renovacion-total-edmundo-velasco","url_meta":{"origin":30446,"position":1},"title":"Sistema de RENOVACI\u00d3N TOTAL-Edmundo Velasco","author":"multiofertasvip","date":"marzo 14, 2023","format":false,"excerpt":"\u00a0 El nuevo sistema en donde el Master Coach Edmundo Velasco y la Dra. Elsa \u00c1vila te entregan todos sus conocimientos y experiencia para RENOVARTE Un concepto \u00fanico. El sistema con los cursos y contenidos m\u00e1s valiosos de Edmundo Velasco y Elsa \u00c1vila recopilados en un s\u00f3lo producto para ayudarte\u2026","rel":"","context":"Entrada similar","block_context":{"text":"Entrada similar","link":""},"img":{"alt_text":"","src":"https:\/\/i0.wp.com\/multiofertasvip.com\/wp-content\/uploads\/2023\/03\/sistema-de-renovacion-total-carpetas-235x300.jpg?resize=350%2C200&ssl=1","width":350,"height":200},"classes":[]},{"id":34946,"url":"https:\/\/multiofertasvip.com\/?product=master-en-coaching-heroes-sin-capa-javi-rodriguez","url_meta":{"origin":30446,"position":2},"title":"Master en Coaching Heroes sin Capa &#8211; Javi Rodriguez","author":"multiofertasvip","date":"marzo 5, 2026","format":false,"excerpt":"\u00bfTe gustar\u00eda convertirte en un coach profesional, generar resultados reales en tus clientes y construir un negocio rentable que te permita vivir de esta profesi\u00f3n? Este programa ha sido dise\u00f1ado para llevarte desde cero hasta un nivel profesional en menos de 4 meses, combinando coaching, PNL y estrategias de negocio\u2026","rel":"","context":"Entrada similar","block_context":{"text":"Entrada similar","link":""},"img":{"alt_text":"","src":"https:\/\/i0.wp.com\/multiofertasvip.com\/wp-content\/uploads\/2026\/03\/master-en-coahing.png?fit=200%2C200&ssl=1&resize=350%2C200","width":350,"height":200},"classes":[]},{"id":34887,"url":"https:\/\/multiofertasvip.com\/?product=camino-del-bienestar-dra-carla-cosso","url_meta":{"origin":30446,"position":3},"title":"CAMINO del Bienestar \u2013 Dra.Carla Cosso","author":"multiofertasvip","date":"marzo 2, 2026","format":false,"excerpt":"El bienestar no es un lujo, es una decisi\u00f3n consciente. En este programa aprender\u00e1s qu\u00e9 hacer para vivir en verdadero equilibrio, integrando tu vida personal y profesional sin sacrificar tu energ\u00eda, tu salud ni tu prop\u00f3sito. Este curso est\u00e1 especialmente dise\u00f1ado para mujeres profesionales del \u00e1mbito de la salud y\u2026","rel":"","context":"Entrada similar","block_context":{"text":"Entrada similar","link":""},"img":{"alt_text":"","src":"https:\/\/i0.wp.com\/multiofertasvip.com\/wp-content\/uploads\/2026\/03\/neurociencias-del-bienestar.jpg?fit=200%2C200&ssl=1&resize=350%2C200","width":350,"height":200},"classes":[]},{"id":33781,"url":"https:\/\/multiofertasvip.com\/?product=diplomado-metodo-pums-fidham-ac","url_meta":{"origin":30446,"position":4},"title":"Diplomado M\u00e9todo Pums-FIDHAM AC","author":"multiofertasvip","date":"abril 15, 2025","format":false,"excerpt":"\u2705 \u00bfQUE ES EL METODO PUMS Y QUE APRENDER\u00c1S: \u269b\ufe0f El terapeuta aprender\u00e1: explicado bajo factores cu\u00e1nticos, seg\u00fan los principios de Entrelazamiento cu\u00e1ntico, Superposici\u00f3n y de Incertidumbre: 1\ufe0f\u20e3 Herramientas de tratamiento de factores etiol\u00f3gicos que siguen una secuencia de rastreos en el organismo tal, que detecta el \u00f3rgano, tejido o\u2026","rel":"","context":"Entrada similar","block_context":{"text":"Entrada similar","link":""},"img":{"alt_text":"","src":"https:\/\/i0.wp.com\/multiofertasvip.com\/wp-content\/uploads\/2025\/04\/DIPLOMADO-PUMS.png?fit=200%2C200&ssl=1&resize=350%2C200","width":350,"height":200},"classes":[]},{"id":35339,"url":"https:\/\/multiofertasvip.com\/?product=plan-40-dias-para-vivir-con-abundancia-sergio-fernandez-2","url_meta":{"origin":30446,"position":5},"title":"Plan 40 d\u00edas para Vivir con Abundancia \u2013 S\u00e9rgio Fern\u00e1ndez","author":"multiofertasvip","date":"abril 1, 2026","format":false,"excerpt":"\u00a0 \u00a0 \u00a0 \u00a0 \u00a0 \u00a0 \u00a0","rel":"","context":"Entrada similar","block_context":{"text":"Entrada similar","link":""},"img":{"alt_text":"","src":"https:\/\/i0.wp.com\/multiofertasvip.com\/wp-content\/uploads\/2026\/04\/plan-40-dias.jpg?fit=200%2C200&ssl=1&resize=350%2C200","width":350,"height":200},"classes":[]}],"jetpack_sharing_enabled":true,"jetpack_likes_enabled":true,"_links":{"self":[{"href":"https:\/\/multiofertasvip.com\/index.php?rest_route=\/wp\/v2\/product\/30446","targetHints":{"allow":["GET"]}}],"collection":[{"href":"https:\/\/multiofertasvip.com\/index.php?rest_route=\/wp\/v2\/product"}],"about":[{"href":"https:\/\/multiofertasvip.com\/index.php?rest_route=\/wp\/v2\/types\/product"}],"version-history":[{"count":1,"href":"https:\/\/multiofertasvip.com\/index.php?rest_route=\/wp\/v2\/product\/30446\/revisions"}],"predecessor-version":[{"id":33719,"href":"https:\/\/multiofertasvip.com\/index.php?rest_route=\/wp\/v2\/product\/30446\/revisions\/33719"}],"wp:featuredmedia":[{"embeddable":true,"href":"https:\/\/multiofertasvip.com\/index.php?rest_route=\/wp\/v2\/media\/30447"}],"wp:attachment":[{"href":"https:\/\/multiofertasvip.com\/index.php?rest_route=%2Fwp%2Fv2%2Fmedia&parent=30446"}],"wp:term":[{"taxonomy":"product_brand","embeddable":true,"href":"https:\/\/multiofertasvip.com\/index.php?rest_route=%2Fwp%2Fv2%2Fproduct_brand&post=30446"},{"taxonomy":"product_cat","embeddable":true,"href":"https:\/\/multiofertasvip.com\/index.php?rest_route=%2Fwp%2Fv2%2Fproduct_cat&post=30446"},{"taxonomy":"product_tag","embeddable":true,"href":"https:\/\/multiofertasvip.com\/index.php?rest_route=%2Fwp%2Fv2%2Fproduct_tag&post=30446"}],"curies":[{"name":"wp","href":"https:\/\/api.w.org\/{rel}","templated":true}]}}