{"id":30419,"date":"2022-09-06T14:12:45","date_gmt":"2022-09-06T19:42:45","guid":{"rendered":"https:\/\/multiofertasvip.com\/?post_type=product&#038;p=30419"},"modified":"2022-09-06T14:17:26","modified_gmt":"2022-09-06T19:47:26","slug":"limpieza-y-armonizacion-pendulo-chakras-y-cristales-adriana-echeverri","status":"publish","type":"product","link":"https:\/\/multiofertasvip.com\/?product=limpieza-y-armonizacion-pendulo-chakras-y-cristales-adriana-echeverri","title":{"rendered":"Limpieza y Armonizaci\u00f3n: P\u00e9ndulo, Chakras Y Cristales-Adriana Echeverri"},"content":{"rendered":"<p>Dentro de las terapias integrativas, el uso del p\u00e9ndulo y los cristales es fundamental para promover estados de salud y bienestar tanto f\u00edsico como mental, emocional, espiritual y energ\u00e9tico.<\/p>\n<p>\u00c9ste curso te explica de manera simple y completa, las t\u00e9cnicas necesarias para trabajar con el p\u00e9ndulo y los cristales en el proceso de limpieza y armonizaci\u00f3n de los chakras, los 7 cuerpos y las gl\u00e1ndulas del cuerpo humano. Con \u00e9ste sistema podr\u00e1s realizar sesiones de equilibrio energ\u00e9tico a ti mismo como a los dem\u00e1s. El curso est\u00e1 dise\u00f1ado para todos, no necesitas experiencia previa.<\/p>\n<p><strong>M\u00f3dulo 1:<\/strong><\/p>\n<ul>\n<li>Conceptos b\u00e1sicos: 7 cuerpos y 7 chakras<\/li>\n<li>Selecci\u00f3n del p\u00e9ndulo<\/li>\n<li>Limpieza y consagraci\u00f3n del p\u00e9ndulo<\/li>\n<li>Programaci\u00f3n de las respuestas del p\u00e9ndulo<\/li>\n<li>Selecci\u00f3n de cristales para armonizaci\u00f3n de chakras<\/li>\n<li>Limpieza y consagraci\u00f3n de cristales para armonizaci\u00f3n de chakras<\/li>\n<\/ul>\n<p><strong>M\u00f3dulo 2:<\/strong><\/p>\n<ul>\n<li>\u2063Testeo de chakras<\/li>\n<li>Limpieza y armonizaci\u00f3n de chakras con p\u00e9ndulo y cristales<\/li>\n<li>Limpieza y armonizaci\u00f3n presencial y a distancia<\/li>\n<\/ul>\n<p><strong>M\u00f3dulo 3:<\/strong><\/p>\n<ul>\n<li>Testeo del nivel bioenerg\u00e9tico del cuerpo usando el libro de trabajo<\/li>\n<li>Aumento del nivel bioenerg\u00e9tico del cuerpo usando el libro de trabajo<\/li>\n<li>Limpieza y armonizaci\u00f3n de chakras usando el libro de trabajo<\/li>\n<li>Limpieza y armonizaci\u00f3n de las gl\u00e1ndulas del cuerpo<\/li>\n<li>Selecci\u00f3n de cristales recomendados para la sanaci\u00f3n<\/li>\n<li>Selecci\u00f3n de flores de Bach para la sanaci\u00f3n<\/li>\n<li>Armonizaci\u00f3n de chakras con energ\u00eda Arcang\u00e9lica<\/li>\n<li>Repaso general<\/li>\n<\/ul>\n","protected":false},"excerpt":{"rendered":"<p>&nbsp;<\/p>\n<p>&nbsp;<\/p>\n<p>&nbsp;<\/p>\n<p>&nbsp;<\/p>\n<p>&nbsp;<\/p>\n<p>&nbsp;<\/p>\n<p>&nbsp;<\/p>\n","protected":false},"featured_media":30420,"template":"","meta":{"_monsterinsights_skip_tracking":false,"_monsterinsights_sitenote_active":false,"_monsterinsights_sitenote_note":"","_monsterinsights_sitenote_category":0,"jetpack_post_was_ever_published":false,"jetpack_publicize_message":"","jetpack_publicize_feature_enabled":true,"jetpack_social_post_already_shared":true,"jetpack_social_options":{"image_generator_settings":{"template":"highway","default_image_id":0,"font":"","enabled":false},"version":2}},"product_brand":[],"product_cat":[286],"product_tag":[263,260,211,254,119,251,215,257,249,243,230,182,226,253,236,229,228,232,258,234,262,239,77,220,265,219,107,225,240,238,108,242,235,244,266,267,248,210,245,212,250,227,106,255,264,252,217,216,233,261,73,25,237,231,247,221,246,222,223,224,259,241,256,218,213,214,53],"class_list":{"0":"post-30419","1":"product","2":"type-product","3":"status-publish","4":"has-post-thumbnail","6":"product_cat-pendulo","7":"product_tag-animales","8":"product_tag-biden","9":"product_tag-billetes","10":"product_tag-bitcoin","11":"product_tag-carrera","12":"product_tag-china","13":"product_tag-christopher-olivarrieta","14":"product_tag-cine","15":"product_tag-coranavirus","16":"product_tag-cultura","17":"product_tag-cursos","18":"product_tag-dinero","19":"product_tag-dios","20":"product_tag-dolar","21":"product_tag-enric-corbera","22":"product_tag-ensenanza-en-casa","23":"product_tag-escuela","24":"product_tag-especialidad","25":"product_tag-estrenos","26":"product_tag-estudios","27":"product_tag-facebook","28":"product_tag-famosos","29":"product_tag-fortalecimientos","30":"product_tag-free","31":"product_tag-gatos","32":"product_tag-gratis","33":"product_tag-guadalajara","34":"product_tag-guerra","35":"product_tag-humor","36":"product_tag-internet","37":"product_tag-introduccion","38":"product_tag-juegos","39":"product_tag-lavin","40":"product_tag-manga","41":"product_tag-mercado-libre","42":"product_tag-mercado-pago","43":"product_tag-meteorologia","44":"product_tag-moneda","45":"product_tag-musica","46":"product_tag-nuevo","47":"product_tag-omnicron","48":"product_tag-oracion","49":"product_tag-osvaldo","50":"product_tag-peliculas","51":"product_tag-perros","52":"product_tag-peso","53":"product_tag-porn","54":"product_tag-porno","55":"product_tag-profesional","56":"product_tag-putin","57":"product_tag-salud","58":"product_tag-sanacion","59":"product_tag-sexo","60":"product_tag-talleres","61":"product_tag-television","62":"product_tag-terapias","63":"product_tag-trabajo","64":"product_tag-ucrania","65":"product_tag-ukrania","66":"product_tag-usa","67":"product_tag-vacuna","68":"product_tag-viajes","69":"product_tag-videos","70":"product_tag-xxx","71":"product_tag-youtube","72":"product_tag-youtube-yuen-guadalajara","73":"product_tag-yuen","75":"first","76":"instock","77":"downloadable","78":"virtual","79":"purchasable","80":"product-type-simple"},"jetpack_publicize_connections":[],"jetpack-related-posts":[{"id":30418,"url":"https:\/\/multiofertasvip.com\/?product=curso-pendulo-hebreo-adriana-echeverri","url_meta":{"origin":30419,"position":0},"title":"Curso P\u00e9ndulo Hebreo-Adriana Echeverri","author":"multiofertasvip","date":"septiembre 6, 2022","format":false,"excerpt":"\u00a0 \u00a0 \u00a0 \u00a0 \u00a0 \u00a0 \u00a0","rel":"","context":"Entrada similar","block_context":{"text":"Entrada similar","link":""},"img":{"alt_text":"","src":"https:\/\/i0.wp.com\/multiofertasvip.com\/wp-content\/uploads\/2022\/09\/pendulo-hebreo.jpg?fit=200%2C200&ssl=1&resize=350%2C200","width":350,"height":200},"classes":[]},{"id":30370,"url":"https:\/\/multiofertasvip.com\/?product=formacion-pendulo-hebrero-originario","url_meta":{"origin":30419,"position":1},"title":"Formacion Pendulo Hebrero Originario","author":"multiofertasvip","date":"julio 27, 2022","format":false,"excerpt":"El P\u00e9ndulo Hebreo Originario permite elevar y equilibrar la vibraci\u00f3n de los centros energ\u00e9ticos (Chakras);como tambi\u00e9n al cuerpo mental, emocional y f\u00edsico en particular. Refuerza enormemente el Campo Electromagn\u00e9tico. Permite detectar y limpiar los miasmas (materia estancada) y as\u00ed evitar futuras enfermedades y colaborar en el proceso de alta vibraci\u00f3n\u2026","rel":"","context":"Entrada similar","block_context":{"text":"Entrada similar","link":""},"img":{"alt_text":"","src":"https:\/\/i0.wp.com\/multiofertasvip.com\/wp-content\/uploads\/2022\/07\/PHEBREO.jpg?fit=200%2C200&ssl=1&resize=350%2C200","width":350,"height":200},"classes":[]},{"id":35068,"url":"https:\/\/multiofertasvip.com\/?product=formacion-grabada-pendulo-hebreo-tienditadelalma-2","url_meta":{"origin":30419,"position":2},"title":"Formaci\u00f3n Grabada P\u00e9ndulo Hebreo-Tienditadelalma","author":"multiofertasvip","date":"marzo 13, 2026","format":false,"excerpt":"\u00a0 \u00a0 \u00a0 \u00a0","rel":"","context":"Entrada similar","block_context":{"text":"Entrada similar","link":""},"img":{"alt_text":"","src":"https:\/\/i0.wp.com\/multiofertasvip.com\/wp-content\/uploads\/2026\/03\/pendulo-hebrero.jpg?fit=200%2C200&ssl=1&resize=350%2C200","width":350,"height":200},"classes":[]},{"id":30415,"url":"https:\/\/multiofertasvip.com\/?product=mesa-radionica-de-saint-germain-adriana-echeverri","url_meta":{"origin":30419,"position":3},"title":"Mesa Radi\u00f3nica de Saint Germain-Adriana Echeverri","author":"multiofertasvip","date":"septiembre 6, 2022","format":false,"excerpt":"\u00a0 \u00a0 \u00a0 \u00a0 \u00a0 \u00a0 \u00a0","rel":"","context":"Entrada similar","block_context":{"text":"Entrada similar","link":""},"img":{"alt_text":"","src":"https:\/\/i0.wp.com\/multiofertasvip.com\/wp-content\/uploads\/2022\/09\/mesa-radiodica.jpg?fit=200%2C200&ssl=1&resize=350%2C200","width":350,"height":200},"classes":[]},{"id":34123,"url":"https:\/\/multiofertasvip.com\/?product=curso-pendulo-universal-almasaran","url_meta":{"origin":30419,"position":4},"title":"Curso Pendulo Universal Almasaran","author":"multiofertasvip","date":"agosto 6, 2025","format":false,"excerpt":"\u00bfQu\u00e9 es el p\u00e9ndulo Universal? Desde mi experiencia, el P\u00e9ndulo Universal es una herramienta de Luz imprescindible para cualquier terapeuta, que quiera facilitar un servicio exclusivo y diferente, con la seguridad de estar ofreciendo un Plus de calidad en sus sesiones. Adem\u00e1s es perfecta para cualquier persona que sienta la\u2026","rel":"","context":"Entrada similar","block_context":{"text":"Entrada similar","link":""},"img":{"alt_text":"","src":"https:\/\/i0.wp.com\/multiofertasvip.com\/wp-content\/uploads\/2025\/08\/PENDULO-UNIVERSAL.jpg?fit=200%2C200&ssl=1&resize=350%2C200","width":350,"height":200},"classes":[]},{"id":30336,"url":"https:\/\/multiofertasvip.com\/?product=terapia-con-pendulo-sol-lascano","url_meta":{"origin":30419,"position":5},"title":"Terapia con P\u00e9ndulo-Sol Lascano","author":"multiofertasvip","date":"julio 11, 2022","format":false,"excerpt":"La terapia de p\u00e9ndulo sobre gr\u00e1fico es una poderosa herramienta que nos permite detectar fugas energ\u00e9ticas y utilizarla como or\u00e1culo. Su origen se encuentra en la radiestesia ancestral, que desde la antig\u00fcedad fue utilizada para\u00a0resolver dudas y evolucionar espiritualmente. Esta terapia es muy\u00a0vers\u00e1til, f\u00e1cil de aplicar y r\u00e1pida. En pocos\u2026","rel":"","context":"Entrada similar","block_context":{"text":"Entrada similar","link":""},"img":{"alt_text":"","src":"https:\/\/i0.wp.com\/multiofertasvip.com\/wp-content\/uploads\/2022\/07\/pendulo.jpg?fit=200%2C200&ssl=1&resize=350%2C200","width":350,"height":200},"classes":[]}],"jetpack_sharing_enabled":true,"jetpack_likes_enabled":true,"_links":{"self":[{"href":"https:\/\/multiofertasvip.com\/index.php?rest_route=\/wp\/v2\/product\/30419","targetHints":{"allow":["GET"]}}],"collection":[{"href":"https:\/\/multiofertasvip.com\/index.php?rest_route=\/wp\/v2\/product"}],"about":[{"href":"https:\/\/multiofertasvip.com\/index.php?rest_route=\/wp\/v2\/types\/product"}],"version-history":[{"count":0,"href":"https:\/\/multiofertasvip.com\/index.php?rest_route=\/wp\/v2\/product\/30419\/revisions"}],"wp:featuredmedia":[{"embeddable":true,"href":"https:\/\/multiofertasvip.com\/index.php?rest_route=\/wp\/v2\/media\/30420"}],"wp:attachment":[{"href":"https:\/\/multiofertasvip.com\/index.php?rest_route=%2Fwp%2Fv2%2Fmedia&parent=30419"}],"wp:term":[{"taxonomy":"product_brand","embeddable":true,"href":"https:\/\/multiofertasvip.com\/index.php?rest_route=%2Fwp%2Fv2%2Fproduct_brand&post=30419"},{"taxonomy":"product_cat","embeddable":true,"href":"https:\/\/multiofertasvip.com\/index.php?rest_route=%2Fwp%2Fv2%2Fproduct_cat&post=30419"},{"taxonomy":"product_tag","embeddable":true,"href":"https:\/\/multiofertasvip.com\/index.php?rest_route=%2Fwp%2Fv2%2Fproduct_tag&post=30419"}],"curies":[{"name":"wp","href":"https:\/\/api.w.org\/{rel}","templated":true}]}}