{"id":30370,"date":"2022-07-27T13:00:23","date_gmt":"2022-07-27T18:30:23","guid":{"rendered":"https:\/\/multiofertasvip.com\/?post_type=product&#038;p=30370"},"modified":"2022-07-27T13:25:29","modified_gmt":"2022-07-27T18:55:29","slug":"formacion-pendulo-hebrero-originario","status":"publish","type":"product","link":"https:\/\/multiofertasvip.com\/?product=formacion-pendulo-hebrero-originario","title":{"rendered":"Formacion Pendulo Hebrero Originario"},"content":{"rendered":"<p>El P\u00e9ndulo Hebreo Originario permite elevar y equilibrar la vibraci\u00f3n de los centros energ\u00e9ticos (Chakras);como tambi\u00e9n al cuerpo mental, emocional y f\u00edsico en particular. Refuerza enormemente el Campo Electromagn\u00e9tico. Permite detectar y limpiar los miasmas (materia estancada) y as\u00ed evitar futuras enfermedades y colaborar en el proceso de alta vibraci\u00f3n y frecuencia presente. Limpia energ\u00edas densas propias y\/o externas que nos producen desequilibrios en diferentes sentidos. Activa nuestra conexi\u00f3n con la fuente, nuestra fuerza y paz interior adem\u00e1s de otorgar claridad mental y foco. Activa la autoestima, confianza y abundancia.<\/p>\n<p>Se utiliza el alfabeto e idioma hebreo como base, donde cada letra\/ideograma tiene un valor simb\u00f3lico, num\u00e9rico, conceptual y sagrado, las cuales generan una vibraci\u00f3n espec\u00edfica como \u201cenerg\u00eda de influencia forma\u201d provocando un cambio de resonancia y de sinton\u00eda tanto a niveles sutiles como hasta su densificaci\u00f3n en el cuerpo concreto.<\/p>\n<p>En este curso recorreremos desde la naturaleza y profundidad del hebreo desarrollando la t\u00e9cnica de P\u00e9ndulo Hebreo Originario, su protocolo, etiquetas, utilizaci\u00f3n como terapeuta o para uso diario. Adem\u00e1s de compartirles de Kabal\u00e1, un regalo desarrollado por F. Paola Freinquel como herramienta de entrega en servicio a la humanidad que es el P\u00e9ndulo Express Originario, y diferentes meditaciones para incorporar en sus vidas.<\/p>\n<p>&nbsp;<\/p>\n<section class=\"elementor-section elementor-inner-section elementor-element elementor-element-64ff541 elementor-section-boxed elementor-section-height-default elementor-section-height-default\" data-id=\"64ff541\" data-element_type=\"section\">\n<div class=\"elementor-container elementor-column-gap-default\">\n<div class=\"elementor-column elementor-col-50 elementor-inner-column elementor-element elementor-element-8039790\" data-id=\"8039790\" data-element_type=\"column\" data-settings=\"{&quot;background_background&quot;:&quot;classic&quot;}\">\n<div class=\"elementor-widget-wrap elementor-element-populated\">\n<div class=\"elementor-element elementor-element-d9d040f elementor-widget elementor-widget-heading\" data-id=\"d9d040f\" data-element_type=\"widget\" data-widget_type=\"heading.default\">\n<div class=\"elementor-widget-container\">\n<h3 class=\"elementor-heading-title elementor-size-default\">Detalles del curso:<\/h3>\n<\/div>\n<\/div>\n<\/div>\n<\/div>\n<div class=\"elementor-column elementor-col-50 elementor-inner-column elementor-element elementor-element-629d50f\" data-id=\"629d50f\" data-element_type=\"column\">\n<div class=\"elementor-widget-wrap\"><\/div>\n<\/div>\n<\/div>\n<\/section>\n<div class=\"elementor-element elementor-element-55fac27 elementor-widget elementor-widget-spacer\" data-id=\"55fac27\" data-element_type=\"widget\" data-widget_type=\"spacer.default\">\n<div class=\"elementor-widget-container\">\n<div class=\"elementor-spacer\">\n<div class=\"elementor-spacer-inner\"><span style=\"color: #555555; font-size: 14.4px;\">El P\u00e9ndulo Hebreo Originario permite elevar y equilibrar la vibraci\u00f3n de los centros energ\u00e9ticos (Chakras);como tambi\u00e9n al cuerpo mental, emocional y f\u00edsico en particular. Refuerza enormemente el Campo Electromagn\u00e9tico. Permite detectar y limpiar los miasmas (materia estancada) y as\u00ed evitar futuras enfermedades y colaborar en el proceso de alta vibraci\u00f3n y frecuencia presente. Limpia energ\u00edas densas propias y\/o externas que nos producen desequilibrios en diferentes sentidos. Activa nuestra conexi\u00f3n con la fuente, nuestra fuerza y paz interior adem\u00e1s de otorgar claridad mental y foco. Activa la autoestima, confianza y abundancia.<\/span><\/div>\n<\/div>\n<\/div>\n<\/div>\n<div class=\"elementor-element elementor-element-cfb0521 elementor-widget elementor-widget-toggle\" data-id=\"cfb0521\" data-element_type=\"widget\" data-widget_type=\"toggle.default\">\n<div class=\"elementor-widget-container\">\n<div class=\"elementor-toggle\" role=\"tablist\">\n<div class=\"elementor-toggle-item\">\n<div id=\"elementor-tab-content-2171\" class=\"elementor-tab-content elementor-clearfix\" role=\"tabpanel\" data-tab=\"1\" aria-labelledby=\"elementor-tab-title-2171\">\n<p>Se utiliza el alfabeto e idioma hebreo como base, donde cada letra\/ideograma tiene un valor simb\u00f3lico, num\u00e9rico, conceptual y sagrado, las cuales generan una vibraci\u00f3n espec\u00edfica como \u201cenerg\u00eda de influencia forma\u201d provocando un cambio de resonancia y de sinton\u00eda tanto a niveles sutiles como hasta su densificaci\u00f3n en el cuerpo concreto.<\/p>\n<p>En este curso recorreremos desde la naturaleza y profundidad del hebreo desarrollando la t\u00e9cnica de P\u00e9ndulo Hebreo Originario, su protocolo, etiquetas, utilizaci\u00f3n como terapeuta o para uso diario. Adem\u00e1s de compartirles de Kabal\u00e1, un regalo desarrollado por F. Paola Freinquel como herramienta de entrega en servicio a la humanidad que es el P\u00e9ndulo Express Originario, y diferentes meditaciones para incorporar en sus vidas.<\/p>\n<p>Para completar este curso deber\u00e1s incorporar el contenido y responder una evaluaci\u00f3n de un set de preguntas al finalizar el curso.<\/p>\n<p>Culminando la formaci\u00f3n se te entregar\u00e1 un diploma por haber adquirido estos conocimientos y luego de realizadas 33 pr\u00e1cticas de la t\u00e9cnica\u00a0 y asistir al primer repaso que es gratuito, luego de una entrevista con F. Paola Freinquel recibir\u00e1s un diploma c\u00f3mo Terapeuta.<\/p>\n<\/div>\n<\/div>\n<div class=\"elementor-toggle-item\">\n<h4 id=\"elementor-tab-title-2172\" class=\"elementor-tab-title\" role=\"tab\" data-tab=\"2\" aria-controls=\"elementor-tab-content-2172\" aria-expanded=\"false\"><\/h4>\n<div id=\"elementor-tab-content-2172\" class=\"elementor-tab-content elementor-clearfix\" role=\"tabpanel\" data-tab=\"2\" aria-labelledby=\"elementor-tab-title-2172\"><iframe id=\"77473953\" title=\"Bienvenida Pendulo Hebreo\" src=\"https:\/\/www.youtube.com\/embed\/pRl_TbG9Po8?start=11&amp;feature=oembed&amp;enablejsapi=1&amp;origin=https%3A%2F%2Fgeoflorece.com\" width=\"640\" height=\"360\" frameborder=\"0\" allowfullscreen=\"allowfullscreen\" data-gtm-yt-inspected-9=\"true\" data-gtm-yt-inspected-53449502_7=\"true\" data-mce-fragment=\"1\"><\/iframe><\/div>\n<\/div>\n<div class=\"elementor-toggle-item\">\n<h4 id=\"elementor-tab-title-2173\" class=\"elementor-tab-title\" tabindex=\"-1\" role=\"tab\" data-tab=\"3\" aria-controls=\"elementor-tab-content-2173\" aria-expanded=\"false\" aria-selected=\"false\"><\/h4>\n<\/div>\n<div class=\"elementor-toggle-item\">\n<h1 id=\"elementor-tab-title-2176\" class=\"elementor-tab-title elementor-active\" tabindex=\"0\" role=\"tab\" data-tab=\"6\" aria-controls=\"elementor-tab-content-2176\" aria-expanded=\"true\" aria-selected=\"true\"><i class=\"elementor-toggle-icon-opened fas fa-caret-up\"><\/i><strong>Contenido:<\/strong><\/h1>\n<div id=\"elementor-tab-content-2176\" class=\"elementor-tab-content elementor-clearfix elementor-active\" role=\"tabpanel\" data-tab=\"6\" aria-labelledby=\"elementor-tab-title-2176\">\n<p>&nbsp;<\/p>\n<p>\u02c3 Protocolo y T\u00e9cnica completa de la terapia del P\u00e9ndulo Hebreo Originario<\/p>\n<p>\u02c3 Meditaciones de Kabala<\/p>\n<p>\u02c3 Material pr\u00e1ctico descargable:<\/p>\n<ul>\n<li>Fabricaci\u00f3n del P\u00e9ndulo Hebreo.<\/li>\n<li>Etiquetas para imprimir.<\/li>\n<li>Plantillas para realizar la terapia.<\/li>\n<li>Alfabeto Hebreo.<\/li>\n<li>Kabala<\/li>\n<li>72 Nombres de Di-s<\/li>\n<li>P\u00e9ndulo a distancia y en animales.<\/li>\n<\/ul>\n<p>*Este curso NO INLUYE el p\u00e9ndulo de madera.<\/p>\n<\/div>\n<\/div>\n<div class=\"elementor-toggle-item\">\n<h4 id=\"elementor-tab-title-2177\" class=\"elementor-tab-title\" role=\"tab\" data-tab=\"7\" aria-controls=\"elementor-tab-content-2177\" aria-expanded=\"false\"><i class=\"fas fa-caret-right\"><\/i>M\u00f3dulo 1 \u2013 Introducci\u00f3n al P\u00e9ndulo Hebreo<\/h4>\n<\/div>\n<div class=\"elementor-toggle-item\">\n<div id=\"elementor-tab-content-2178\" class=\"elementor-tab-content elementor-clearfix elementor-active\" role=\"tabpanel\" data-tab=\"8\" aria-labelledby=\"elementor-tab-title-2178\">\n<ul>\n<li class=\"course-item course-item-lp_lesson course-item-9928 item-locked course-lesson\" data-type=\"lp_lesson\">Meditaci\u00f3n con nombre de Di-s n\u00famero 5 (Mem Hei Shin \u2013 Curaci\u00f3n)<\/li>\n<li class=\"course-item course-item-lp_lesson course-item-9929 item-locked course-lesson\" data-type=\"lp_lesson\">Beneficios y origen del P\u00e9ndulo Hebreo Originario<\/li>\n<li class=\"course-item course-item-lp_lesson course-item-9930 item-locked course-lesson\" data-type=\"lp_lesson\">Como opera el P\u00e9ndulo Hebreo Originario, caracter\u00edsticas del P\u00e9ndulo. El idioma Hebreo y su importancia.<\/li>\n<li class=\"course-item course-item-lp_lesson course-item-9931 item-locked course-lesson\" data-type=\"lp_lesson\">\n<div class=\"meta-left\"><i class=\"fa fa-play-circle\"><\/i>Etiqueta Campo electromagn\u00e9tico. Ejemplo.<\/div>\n<\/li>\n<li data-type=\"lp_lesson\">Como opera el P\u00e9ndulo Hebreo Originario : El Aura, sus Capas y los Chakras.<\/li>\n<li class=\"course-item course-item-lp_lesson course-item-9933 item-locked course-lesson\" data-type=\"lp_lesson\">La T\u00e9cnica, primeras generalidades. La Etiqueta de Limpieza \u2013 Lenakot Merkaz Energueti.<\/li>\n<\/ul>\n<p>M\u00f3dulo 2 \u2013 Desarrollo de la T\u00e9cnica de P\u00e9ndulo Hebreo Originario<\/p>\n<ul class=\"section-content\">\n<li class=\"course-item course-item-lp_lesson course-item-9934 item-locked course-lesson\" data-type=\"lp_lesson\">Meditaci\u00f3n. Recibiendo el P\u00e9ndulo Hebreo Originario.<\/li>\n<li class=\"course-item course-item-lp_lesson course-item-9935 item-locked course-lesson\" data-type=\"lp_lesson\">La T\u00e9cnica y su protocolo: C\u00fabito Ventral \/ Boca Abajo<\/li>\n<li class=\"course-item course-item-lp_lesson course-item-9935 item-locked course-lesson\" data-type=\"lp_lesson\">Continuaci\u00f3n de la T\u00e9cnica Cubito Ventral \/ Boca Abajo y uso de las Planillas.<\/li>\n<li class=\"course-item course-item-lp_lesson course-item-9938 item-locked course-lesson\" data-type=\"lp_lesson\">Meditaci\u00f3n Samaj Iud Tet \u2013 Milagros<\/li>\n<\/ul>\n<p>M\u00f3dulo 3:<\/p>\n<ul>\n<li>Meditaci\u00f3n El Na Refa Na Li\/Lo\/La<\/li>\n<li>\u00daltima parte de la T\u00e9cnica de C\u00fabito Ventral\/Boca Abajo y primer parte de la T\u00e9cnica de C\u00fabito Frontal \/ Boca Arriba.<\/li>\n<li>Continuaci\u00f3n de la T\u00e9cnica de C\u00fabito Frontal Boca Arriba y otros recursos: Lugares, animales, etc.<\/li>\n<li>Meditaci\u00f3n Alef Lamed Dalet \u2013 Protecci\u00f3n<\/li>\n<\/ul>\n<p>M\u00f3dulo 4:<\/p>\n<ul>\n<li>Meditaci\u00f3n Ani \u2013 Yo Soy<\/li>\n<li>La Kabala, Conceptos Generales e Importantes<\/li>\n<li>El p\u00e9ndulo express, Mi regalo sagrado. El diploma y las 33 pr\u00e1cticas.<\/li>\n<li>Meditaci\u00f3n de la Abundancia<\/li>\n<\/ul>\n<\/div>\n<\/div>\n<\/div>\n<\/div>\n<\/div>\n","protected":false},"excerpt":{"rendered":"<p>El P\u00e9ndulo Hebreo Originario permite elevar y equilibrar la vibraci\u00f3n de los centros energ\u00e9ticos (Chakras);como tambi\u00e9n al cuerpo mental, emocional y f\u00edsico en particular. Refuerza enormemente el Campo Electromagn\u00e9tico. Permite detectar y limpiar los miasmas (materia estancada) y as\u00ed evitar futuras enfermedades y colaborar en el proceso de alta vibraci\u00f3n y frecuencia presente. Limpia energ\u00edas [&#8230;]\n","protected":false},"featured_media":30371,"template":"","meta":{"_monsterinsights_skip_tracking":false,"_monsterinsights_sitenote_active":false,"_monsterinsights_sitenote_note":"","_monsterinsights_sitenote_category":0,"jetpack_post_was_ever_published":false,"jetpack_publicize_message":"","jetpack_publicize_feature_enabled":true,"jetpack_social_post_already_shared":true,"jetpack_social_options":{"image_generator_settings":{"template":"highway","default_image_id":0,"font":"","enabled":false},"version":2}},"product_brand":[],"product_cat":[286],"product_tag":[211,119,215,249,243,230,182,226,236,229,228,232,234,239,220,219,225,240,238,242,235,244,248,210,245,212,250,227,217,216,233,73,237,231,247,221,246,222,223,224,241,218,213,53],"class_list":{"0":"post-30370","1":"product","2":"type-product","3":"status-publish","4":"has-post-thumbnail","6":"product_cat-pendulo","7":"product_tag-billetes","8":"product_tag-carrera","9":"product_tag-christopher-olivarrieta","10":"product_tag-coranavirus","11":"product_tag-cultura","12":"product_tag-cursos","13":"product_tag-dinero","14":"product_tag-dios","15":"product_tag-enric-corbera","16":"product_tag-ensenanza-en-casa","17":"product_tag-escuela","18":"product_tag-especialidad","19":"product_tag-estudios","20":"product_tag-famosos","21":"product_tag-free","22":"product_tag-gratis","23":"product_tag-guerra","24":"product_tag-humor","25":"product_tag-internet","26":"product_tag-juegos","27":"product_tag-lavin","28":"product_tag-manga","29":"product_tag-meteorologia","30":"product_tag-moneda","31":"product_tag-musica","32":"product_tag-nuevo","33":"product_tag-omnicron","34":"product_tag-oracion","35":"product_tag-porn","36":"product_tag-porno","37":"product_tag-profesional","38":"product_tag-salud","39":"product_tag-sexo","40":"product_tag-talleres","41":"product_tag-television","42":"product_tag-terapias","43":"product_tag-trabajo","44":"product_tag-ucrania","45":"product_tag-ukrania","46":"product_tag-usa","47":"product_tag-viajes","48":"product_tag-xxx","49":"product_tag-youtube","50":"product_tag-yuen","52":"first","53":"instock","54":"shipping-taxable","55":"purchasable","56":"product-type-simple"},"jetpack_publicize_connections":[],"jetpack-related-posts":[{"id":35068,"url":"https:\/\/multiofertasvip.com\/?product=formacion-grabada-pendulo-hebreo-tienditadelalma-2","url_meta":{"origin":30370,"position":0},"title":"Formaci\u00f3n Grabada P\u00e9ndulo Hebreo-Tienditadelalma","author":"multiofertasvip","date":"marzo 13, 2026","format":false,"excerpt":"\u00a0 \u00a0 \u00a0 \u00a0","rel":"","context":"Entrada similar","block_context":{"text":"Entrada similar","link":""},"img":{"alt_text":"","src":"https:\/\/i0.wp.com\/multiofertasvip.com\/wp-content\/uploads\/2026\/03\/pendulo-hebrero.jpg?fit=200%2C200&ssl=1&resize=350%2C200","width":350,"height":200},"classes":[]},{"id":30418,"url":"https:\/\/multiofertasvip.com\/?product=curso-pendulo-hebreo-adriana-echeverri","url_meta":{"origin":30370,"position":1},"title":"Curso P\u00e9ndulo Hebreo-Adriana Echeverri","author":"multiofertasvip","date":"septiembre 6, 2022","format":false,"excerpt":"\u00a0 \u00a0 \u00a0 \u00a0 \u00a0 \u00a0 \u00a0","rel":"","context":"Entrada similar","block_context":{"text":"Entrada similar","link":""},"img":{"alt_text":"","src":"https:\/\/i0.wp.com\/multiofertasvip.com\/wp-content\/uploads\/2022\/09\/pendulo-hebreo.jpg?fit=200%2C200&ssl=1&resize=350%2C200","width":350,"height":200},"classes":[]},{"id":30336,"url":"https:\/\/multiofertasvip.com\/?product=terapia-con-pendulo-sol-lascano","url_meta":{"origin":30370,"position":2},"title":"Terapia con P\u00e9ndulo-Sol Lascano","author":"multiofertasvip","date":"julio 11, 2022","format":false,"excerpt":"La terapia de p\u00e9ndulo sobre gr\u00e1fico es una poderosa herramienta que nos permite detectar fugas energ\u00e9ticas y utilizarla como or\u00e1culo. Su origen se encuentra en la radiestesia ancestral, que desde la antig\u00fcedad fue utilizada para\u00a0resolver dudas y evolucionar espiritualmente. Esta terapia es muy\u00a0vers\u00e1til, f\u00e1cil de aplicar y r\u00e1pida. En pocos\u2026","rel":"","context":"Entrada similar","block_context":{"text":"Entrada similar","link":""},"img":{"alt_text":"","src":"https:\/\/i0.wp.com\/multiofertasvip.com\/wp-content\/uploads\/2022\/07\/pendulo.jpg?fit=200%2C200&ssl=1&resize=350%2C200","width":350,"height":200},"classes":[]},{"id":34813,"url":"https:\/\/multiofertasvip.com\/?product=limpieza-energetica-de-espacios-y-viviendas-integrativo","url_meta":{"origin":30370,"position":3},"title":"Limpieza Energ\u00e9tica de Espacios y Viviendas -Integrativo","author":"multiofertasvip","date":"febrero 18, 2026","format":false,"excerpt":"\ud83c\udf1f\u00a0Transforma Tu Hogar: Curso de Limpieza Energ\u00e9tica de Espacios y Viviendas\u00a0\ud83c\udf1f \u00bfSientes que tu casa carga con energ\u00edas pesadas? \u00bfTe gustar\u00eda crear un ambiente m\u00e1s armonioso y saludable en tu hogar? \u00a1Este curso es exactamente lo que necesitas! \u00bfQu\u00e9 es la Limpieza Energ\u00e9tica? La limpieza energ\u00e9tica es una pr\u00e1ctica ancestral\u2026","rel":"","context":"Entrada similar","block_context":{"text":"Entrada similar","link":""},"img":{"alt_text":"","src":"https:\/\/i0.wp.com\/multiofertasvip.com\/wp-content\/uploads\/2026\/02\/limpieza.png?fit=200%2C200&ssl=1&resize=350%2C200","width":350,"height":200},"classes":[]},{"id":32725,"url":"https:\/\/multiofertasvip.com\/?product=tesla-healing-369-heriberto-bluhm","url_meta":{"origin":30370,"position":4},"title":"Tesla Healing 369-Heriberto Bluhm","author":"multiofertasvip","date":"abril 12, 2024","format":false,"excerpt":"Todo en el universo es energ\u00eda y vibraci\u00f3n. Cada elemento de la tabla peri\u00f3dica at\u00f3mica consiste de diferentes ondas vibratorias. El Universo est\u00e1 saturado de frecuencias o vibraciones energ\u00e9ticas que afectan a todas las c\u00e9lulas vivas de los reinos humano, animal y vegetal. El Humano tiene la facultad de utilizar\u2026","rel":"","context":"Entrada similar","block_context":{"text":"Entrada similar","link":""},"img":{"alt_text":"","src":"https:\/\/i0.wp.com\/multiofertasvip.com\/wp-content\/uploads\/2024\/04\/tesla-healing.png?fit=200%2C200&ssl=1&resize=350%2C200","width":350,"height":200},"classes":[]},{"id":35053,"url":"https:\/\/multiofertasvip.com\/?product=curso-grabado-sahumo-y-limpieza-energetica-tienditadelalma-2","url_meta":{"origin":30370,"position":5},"title":"Curso Grabado Sahumo y limpieza energ\u00e9tica-Tienditadelalma","author":"multiofertasvip","date":"marzo 12, 2026","format":false,"excerpt":"\u00a0 \u00a0 \u00a0 \u00a0","rel":"","context":"Entrada similar","block_context":{"text":"Entrada similar","link":""},"img":{"alt_text":"","src":"https:\/\/i0.wp.com\/multiofertasvip.com\/wp-content\/uploads\/2026\/03\/limpieza-energetica.jpg?fit=200%2C200&ssl=1&resize=350%2C200","width":350,"height":200},"classes":[]}],"jetpack_sharing_enabled":true,"jetpack_likes_enabled":true,"_links":{"self":[{"href":"https:\/\/multiofertasvip.com\/index.php?rest_route=\/wp\/v2\/product\/30370","targetHints":{"allow":["GET"]}}],"collection":[{"href":"https:\/\/multiofertasvip.com\/index.php?rest_route=\/wp\/v2\/product"}],"about":[{"href":"https:\/\/multiofertasvip.com\/index.php?rest_route=\/wp\/v2\/types\/product"}],"version-history":[{"count":1,"href":"https:\/\/multiofertasvip.com\/index.php?rest_route=\/wp\/v2\/product\/30370\/revisions"}],"predecessor-version":[{"id":30372,"href":"https:\/\/multiofertasvip.com\/index.php?rest_route=\/wp\/v2\/product\/30370\/revisions\/30372"}],"wp:featuredmedia":[{"embeddable":true,"href":"https:\/\/multiofertasvip.com\/index.php?rest_route=\/wp\/v2\/media\/30371"}],"wp:attachment":[{"href":"https:\/\/multiofertasvip.com\/index.php?rest_route=%2Fwp%2Fv2%2Fmedia&parent=30370"}],"wp:term":[{"taxonomy":"product_brand","embeddable":true,"href":"https:\/\/multiofertasvip.com\/index.php?rest_route=%2Fwp%2Fv2%2Fproduct_brand&post=30370"},{"taxonomy":"product_cat","embeddable":true,"href":"https:\/\/multiofertasvip.com\/index.php?rest_route=%2Fwp%2Fv2%2Fproduct_cat&post=30370"},{"taxonomy":"product_tag","embeddable":true,"href":"https:\/\/multiofertasvip.com\/index.php?rest_route=%2Fwp%2Fv2%2Fproduct_tag&post=30370"}],"curies":[{"name":"wp","href":"https:\/\/api.w.org\/{rel}","templated":true}]}}