{"id":30283,"date":"2023-07-27T19:57:18","date_gmt":"2023-07-28T01:27:18","guid":{"rendered":"https:\/\/multiofertasvip.com\/?post_type=product&#038;p=30283"},"modified":"2023-07-28T12:48:31","modified_gmt":"2023-07-28T18:18:31","slug":"bienestar-fisico-y-emocional-enric-corbera","status":"publish","type":"product","link":"https:\/\/multiofertasvip.com\/?product=bienestar-fisico-y-emocional-enric-corbera","title":{"rendered":"Bienestar F\u00edsico y Emocional-Enric Corbera"},"content":{"rendered":"<p>En este curso aprender\u00e1s de qu\u00e9 manera los s\u00edntomas corporales se pueden relacionar con ciertos comportamientos y con sucesos estresantes que vivimos en la vida. La pieza clave de este curso son los casos pr\u00e1cticos que se realizan en directo, por parte de Enric Corbera y su equipo docente. Se realiza un acompa\u00f1amiento personalizado a todos los alumnos para favorecer su aprendizaje y desarrollo personal.<\/p>\n<p>&nbsp;<\/p>\n<p>&nbsp;<\/p>\n","protected":false},"excerpt":{"rendered":"<p>&nbsp;<\/p>\n<p><strong><em>Autor:<\/em><\/strong><em>\u00a0Enric Corbera<br \/>\n<\/em><strong><em>Idioma:<\/em><\/strong><em>\u00a0Espa\u00f1ol<br \/>\n<\/em><strong><em>Formatos:\u00a0<\/em><\/strong><em>mp4 (Video), PDF (eBook)<br \/>\n<\/em><strong><em>Cant Videos:<\/em><\/strong><em>\u00a025<br \/>\n<\/em><strong><em>Cant Textos:\u00a0<\/em><\/strong><em>4<br \/>\n<\/em><strong><em>Peso:\u00a0<\/em><\/strong><em>6.90 GB<\/em><\/p>\n","protected":false},"featured_media":30284,"template":"","meta":{"_monsterinsights_skip_tracking":false,"_monsterinsights_sitenote_active":false,"_monsterinsights_sitenote_note":"","_monsterinsights_sitenote_category":0,"jetpack_post_was_ever_published":false,"jetpack_publicize_message":"","jetpack_publicize_feature_enabled":true,"jetpack_social_post_already_shared":true,"jetpack_social_options":{"image_generator_settings":{"template":"highway","default_image_id":0,"font":"","enabled":false},"version":2}},"product_brand":[],"product_cat":[146],"product_tag":[275,93,263,273,151,260,211,68,254,119,251,215,257,277,249,278,243,230,182,226,253,236,229,228,232,258,234,262,239,166,220,265,219,225,240,280,238,271,242,281,235,276,244,101,266,267,248,103,132,210,245,269,212,250,227,156,255,264,252,193,274,217,216,233,261,268,73,237,153,270,231,247,152,221,246,222,223,224,259,279,241,256,218,213,214,53],"class_list":{"0":"post-30283","1":"product","2":"type-product","3":"status-publish","4":"has-post-thumbnail","6":"product_cat-biodescodificacion","7":"product_tag-activa","8":"product_tag-alejandro-lavin","9":"product_tag-animales","10":"product_tag-anthony-robbins","11":"product_tag-aromaterapia","12":"product_tag-biden","13":"product_tag-billetes","14":"product_tag-bioenergetica","15":"product_tag-bitcoin","16":"product_tag-carrera","17":"product_tag-china","18":"product_tag-christopher-olivarrieta","19":"product_tag-cine","20":"product_tag-constelaciones-vibracionales","21":"product_tag-coranavirus","22":"product_tag-cuantica-financiera","23":"product_tag-cultura","24":"product_tag-cursos","25":"product_tag-dinero","26":"product_tag-dios","27":"product_tag-dolar","28":"product_tag-enric-corbera","29":"product_tag-ensenanza-en-casa","30":"product_tag-escuela","31":"product_tag-especialidad","32":"product_tag-estrenos","33":"product_tag-estudios","34":"product_tag-facebook","35":"product_tag-famosos","36":"product_tag-finanzas","37":"product_tag-free","38":"product_tag-gatos","39":"product_tag-gratis","40":"product_tag-guerra","41":"product_tag-humor","42":"product_tag-inteligencia-financiera","43":"product_tag-internet","44":"product_tag-interpretacion","45":"product_tag-juegos","46":"product_tag-kinesiologia","47":"product_tag-lavin","48":"product_tag-mama","49":"product_tag-manga","50":"product_tag-mente","51":"product_tag-mercado-libre","52":"product_tag-mercado-pago","53":"product_tag-meteorologia","54":"product_tag-miguel-ojeda","55":"product_tag-miranda-guzman","56":"product_tag-moneda","57":"product_tag-musica","58":"product_tag-nordicas","59":"product_tag-nuevo","60":"product_tag-omnicron","61":"product_tag-oracion","62":"product_tag-oratoria","63":"product_tag-peliculas","64":"product_tag-perros","65":"product_tag-peso","66":"product_tag-pnl","67":"product_tag-poder-interior","68":"product_tag-porn","69":"product_tag-porno","70":"product_tag-profesional","71":"product_tag-putin","72":"product_tag-runas","73":"product_tag-salud","74":"product_tag-sexo","75":"product_tag-sistematica","76":"product_tag-sueno","77":"product_tag-talleres","78":"product_tag-television","79":"product_tag-terapia","80":"product_tag-terapias","81":"product_tag-trabajo","82":"product_tag-ucrania","83":"product_tag-ukrania","84":"product_tag-usa","85":"product_tag-vacuna","86":"product_tag-valoracion-cuantica-financiera","87":"product_tag-viajes","88":"product_tag-videos","89":"product_tag-xxx","90":"product_tag-youtube","91":"product_tag-youtube-yuen-guadalajara","92":"product_tag-yuen","94":"first","95":"instock","96":"downloadable","97":"virtual","98":"purchasable","99":"product-type-simple"},"jetpack_publicize_connections":[],"jetpack-related-posts":[{"id":30285,"url":"https:\/\/multiofertasvip.com\/?product=claves-para-atraer-y-relacionarte-con-tu-pareja-ideal-enric-corbera","url_meta":{"origin":30283,"position":0},"title":"Claves para atraer y relacionarte con tu pareja ideal-Enric Corbera","author":"multiofertasvip","date":"julio 27, 2023","format":false,"excerpt":"\u00a0 Autor:\u00a0Enric Corbera Idioma:\u00a0Espa\u00f1ol Formatos:\u00a0mp4 (Video), PDF (eBook) Cant Videos:\u00a019 Cant Textos:\u00a06 Duraci\u00f3n:\u00a05:44 Hrs. Peso:\u00a04.48 GB","rel":"","context":"Entrada similar","block_context":{"text":"Entrada similar","link":""},"img":{"alt_text":"","src":"https:\/\/i0.wp.com\/multiofertasvip.com\/wp-content\/uploads\/2022\/03\/aaa.jpg?fit=200%2C200&ssl=1&resize=350%2C200","width":350,"height":200},"classes":[]},{"id":30226,"url":"https:\/\/multiofertasvip.com\/?product=curso-relaciones-familiares-y-salud-emocional-enric-corbera","url_meta":{"origin":30283,"position":1},"title":"Curso Relaciones Familiares y Salud Emocional-Enric Corbera","author":"multiofertasvip","date":"julio 27, 2023","format":false,"excerpt":"En este curso aprender\u00e1s hasta qu\u00e9 punto el entorno en el que hemos crecido determina nuestra forma de percibir el mundo y relacionarnos con los dem\u00e1s. La pieza clave de este curso son los casos pr\u00e1cticos que se realizan en directo, por parte de Enric Corbera y su equipo docente.\u2026","rel":"","context":"Entrada similar","block_context":{"text":"Entrada similar","link":""},"img":{"alt_text":"","src":"https:\/\/i0.wp.com\/multiofertasvip.com\/wp-content\/uploads\/2022\/01\/relaciones-familiares.png?fit=200%2C200&ssl=1&resize=350%2C200","width":350,"height":200},"classes":[]},{"id":30145,"url":"https:\/\/multiofertasvip.com\/?product=curso-emociones-tras-los-sintomas-enric-corbera","url_meta":{"origin":30283,"position":2},"title":"Curso Emociones tras los Sintomas-Enric Corbera","author":"multiofertasvip","date":"julio 27, 2023","format":false,"excerpt":"En este curso obtendr\u00e1s recursos espec\u00edficos para aprender a deducir los conflictos emocionales que pueden estar incluyendo en la aparici\u00f3n de un s\u00edntoma f\u00edsico, favoreciendo as\u00ed la capacidad de autogesti\u00f3n y bienestar personal.","rel":"","context":"Entrada similar","block_context":{"text":"Entrada similar","link":""},"img":{"alt_text":"","src":"https:\/\/i0.wp.com\/multiofertasvip.com\/wp-content\/uploads\/2021\/12\/emociones-tras-los-sintomas.jpg?fit=200%2C200&ssl=1&resize=350%2C200","width":350,"height":200},"classes":[]},{"id":30147,"url":"https:\/\/multiofertasvip.com\/?product=curso-relaciones-interpersonales-enric-corbera","url_meta":{"origin":30283,"position":3},"title":"Curso Relaciones Interpersonales-Enric Corbera","author":"multiofertasvip","date":"julio 27, 2023","format":false,"excerpt":"\u00bfQu\u00e9 entendemos por relaciones interpersonales? \u2022 Son todas las relaciones que tenemos en nuestra vida, en los diferentes \u00e1mbitos: familia, hermanos, trabajo, amistades y, por supuesto, las parejas. \u2022 Todas tienen peso y relevancia, pero cada una tiene sus particularidades. \u00a0 En este curso nos centraremos en las relaciones de\u2026","rel":"","context":"Entrada similar","block_context":{"text":"Entrada similar","link":""},"img":{"alt_text":"","src":"https:\/\/i0.wp.com\/multiofertasvip.com\/wp-content\/uploads\/2021\/12\/relacionamiento.png?fit=200%2C200&ssl=1&resize=350%2C200","width":350,"height":200},"classes":[]},{"id":31028,"url":"https:\/\/multiofertasvip.com\/?product=regeneracion-de-los-telomeros-envejecimiento-lento-extension-de-la-vida","url_meta":{"origin":30283,"position":4},"title":"Regeneraci\u00f3n de los Tel\u00f3meros (Envejecimiento Lento, Extensi\u00f3n de la vida)","author":"multiofertasvip","date":"octubre 30, 2023","format":false,"excerpt":"Regeneraci\u00f3n de los Tel\u00f3meros (Envejecimiento Lento, Extensi\u00f3n de la vida) Autor:\u00a0Sapienmed Audios Idioma:\u00a0Espa\u00f1ol Formatos:\u00a0mp3 (Audio) Cant Audios:\u00a01 Peso:\u00a014 Mb","rel":"","context":"Entrada similar","block_context":{"text":"Entrada similar","link":""},"img":{"alt_text":"","src":"https:\/\/i0.wp.com\/multiofertasvip.com\/wp-content\/uploads\/2023\/10\/Regeneracion-de-los-Telomeros-Envejecimiento-LentoExtension-de-la-vida.jpg?fit=200%2C200&ssl=1&resize=350%2C200","width":350,"height":200},"classes":[]},{"id":30229,"url":"https:\/\/multiofertasvip.com\/?product=taller-claves-para-generar-una-mente-abundante-enric-corbera","url_meta":{"origin":30283,"position":5},"title":"Taller Claves para Generar una Mente Abundante-Enric Corbera","author":"multiofertasvip","date":"julio 27, 2023","format":false,"excerpt":"Desbloquea tu abundancia para crear la vida que quieres En este taller profundizaremos en el concepto de abundancia. Descubrir\u00e1s las claves para propiciar este estado mental en ti y recursos pr\u00e1cticos para identificar las creencias y resonancias familiares que pueden estar dificultando que fluya la prosperidad en tu vida. Aprende\u2026","rel":"","context":"Entrada similar","block_context":{"text":"Entrada similar","link":""},"img":{"alt_text":"","src":"https:\/\/i0.wp.com\/multiofertasvip.com\/wp-content\/uploads\/2022\/01\/Captura-1.png?fit=200%2C200&ssl=1&resize=350%2C200","width":350,"height":200},"classes":[]}],"jetpack_sharing_enabled":true,"jetpack_likes_enabled":true,"_links":{"self":[{"href":"https:\/\/multiofertasvip.com\/index.php?rest_route=\/wp\/v2\/product\/30283","targetHints":{"allow":["GET"]}}],"collection":[{"href":"https:\/\/multiofertasvip.com\/index.php?rest_route=\/wp\/v2\/product"}],"about":[{"href":"https:\/\/multiofertasvip.com\/index.php?rest_route=\/wp\/v2\/types\/product"}],"version-history":[{"count":0,"href":"https:\/\/multiofertasvip.com\/index.php?rest_route=\/wp\/v2\/product\/30283\/revisions"}],"wp:featuredmedia":[{"embeddable":true,"href":"https:\/\/multiofertasvip.com\/index.php?rest_route=\/wp\/v2\/media\/30284"}],"wp:attachment":[{"href":"https:\/\/multiofertasvip.com\/index.php?rest_route=%2Fwp%2Fv2%2Fmedia&parent=30283"}],"wp:term":[{"taxonomy":"product_brand","embeddable":true,"href":"https:\/\/multiofertasvip.com\/index.php?rest_route=%2Fwp%2Fv2%2Fproduct_brand&post=30283"},{"taxonomy":"product_cat","embeddable":true,"href":"https:\/\/multiofertasvip.com\/index.php?rest_route=%2Fwp%2Fv2%2Fproduct_cat&post=30283"},{"taxonomy":"product_tag","embeddable":true,"href":"https:\/\/multiofertasvip.com\/index.php?rest_route=%2Fwp%2Fv2%2Fproduct_tag&post=30283"}],"curies":[{"name":"wp","href":"https:\/\/api.w.org\/{rel}","templated":true}]}}