{"id":30257,"date":"2022-03-07T05:55:24","date_gmt":"2022-03-07T05:55:24","guid":{"rendered":"https:\/\/multiofertasvip.com\/?post_type=product&#038;p=30257"},"modified":"2022-03-07T05:59:34","modified_gmt":"2022-03-07T05:59:34","slug":"curso-desata-el-poder-interior-anthony-robbins","status":"publish","type":"product","link":"https:\/\/multiofertasvip.com\/?product=curso-desata-el-poder-interior-anthony-robbins","title":{"rendered":"Curso Desata el Poder Interior-Anthony Robbins"},"content":{"rendered":"<p style=\"text-align: center;\"><iframe src=\"https:\/\/ok.ru\/videoembed\/3626567338609\" width=\"640\" height=\"360\" frameborder=\"0\" allowfullscreen=\"allowfullscreen\" data-mce-fragment=\"1\"><\/iframe><br \/>\n<strong>P\u00d3NGASE EN MARCHA<\/strong><\/p>\n<div class=\"elementor-element elementor-element-c149a09 elementor-widget elementor-widget-text-editor\" data-id=\"c149a09\" data-element_type=\"widget\" data-widget_type=\"text-editor.default\">\n<div class=\"elementor-widget-container\">\n<div class=\"elementor-text-editor elementor-clearfix\">\n<p>No se conforme con menos de lo que vale. Si lo que quiere es crear una vida llena de pasi\u00f3n, grandes logros y recompensas, la soluci\u00f3n m\u00e1s efectiva es sin duda el crecimiento y la superaci\u00f3n personal. Pero antes de que pueda realizar satisfactoriamente un cambio positivo, debe entender mejor cu\u00e1les son las cosas que le influencian y le hacer ir adelante. En Tony Robbins Unleash the Power Within (Libera tu poder interior) ser\u00e1 capaz de desarrollar el conocimiento y las herramientas para crear cambios y desafiar sus propias limitaciones. Esta es una gran oportunidad de centrarse \u00fanicamente en su desarrollo y crecimiento personal, y una ocasi\u00f3n para que aprenda c\u00f3mo ser una persona m\u00e1s fuerte, m\u00e1s habilidosa y poderosa. Los triunfadores siempre encuentran una manera, y Tony Robbins puede ayudarle a encontrar la suya en Unleash the Power Within<\/p>\n<\/div>\n<\/div>\n<\/div>\n<div class=\"elementor-element elementor-element-1ff0bd1 elementor-widget elementor-widget-heading\" data-id=\"1ff0bd1\" data-element_type=\"widget\" data-widget_type=\"heading.default\">\n<div class=\"elementor-widget-container\">\n<h3 class=\"elementor-heading-title elementor-size-default\">No se conforme con menos de lo que vale. Si lo que quiere es crear una vida llena de pasi\u00f3n, grandes logros y recompensas.<\/h3>\n<\/div>\n<\/div>\n<div class=\"elementor-element elementor-element-a231bc9 elementor-widget elementor-widget-text-editor\" data-id=\"a231bc9\" data-element_type=\"widget\" data-widget_type=\"text-editor.default\">\n<div class=\"elementor-widget-container\">\n<div class=\"elementor-text-editor elementor-clearfix\">\n<h3>\u00bfQU\u00c9 ES DESATA EL PODER INTERIOR?<\/h3>\n<h4>ECHA UN VISTAZO A LO QUE PUEDES ESPERAR DE UNLEASH THE POWER WITHIN\u2026<\/h4>\n<p><strong>Unleash the Power Within<\/strong>\u00a0es un evento en vivo de 3 \u00bd d\u00edas con Tony Robbins dise\u00f1ado para ayudarlo a desbloquear y liberar las fuerzas internas que pueden ayudarlo a superar cualquier l\u00edmite y crear la calidad de vida que desea. Aprende c\u00f3mo puedes superar tus propias limitaciones para lograr tus objetivos y tomar el control de tu vida.<\/p>\n<\/div>\n<\/div>\n<\/div>\n<div class=\"elementor-element elementor-element-269a58b elementor-widget elementor-widget-text-editor\" data-id=\"269a58b\" data-element_type=\"widget\" data-widget_type=\"text-editor.default\">\n<div class=\"elementor-widget-container\">\n<div class=\"elementor-text-editor elementor-clearfix\">\n<p>El poder te fue dado en el momento en que naciste. Su fuente es ilimitada. Y cuando lo aproveche, tendr\u00e1 todo lo que necesita para crear una vida llena de m\u00e1s pasi\u00f3n, emoci\u00f3n, confianza y alegr\u00eda de lo que nunca so\u00f1\u00f3.<br \/>\n\u00bfNo es hora de liberar el poder interior? y reclamar su extraordinario potencial? \u00bfC\u00f3mo quieres vivir realmente? \u00bfQu\u00e9 es lo que m\u00e1s te emociona? \u00bfPor qu\u00e9 est\u00e1s agradecido? \u00bfTe sientes a menudo \u201catascado\u201d en tu vida? \u00bfEres incapaz de hacer cambios o romper creencias pasadas? A menudo buscamos fuera de nosotros mismos estas respuestas. Cuando lo hacemos, regalamos nuestro poder. Es hora de encontrar sus propias respuestas\u2026 descubrir sus propias motivaciones internas\u2026 \u00a1y establecer sus propias reglas!<\/p>\n<p><img data-recalc-dims=\"1\" fetchpriority=\"high\" decoding=\"async\" class=\"aligncenter size-full wp-image-9962\" src=\"https:\/\/i0.wp.com\/cursosvips.com\/wp-content\/uploads\/2022\/03\/Banner1-Curso-Desata-el-Poder-Interior-Tony-Robbins.jpg?resize=1020%2C574&#038;ssl=1\" sizes=\"(max-width: 1024px) 100vw, 1024px\" srcset=\"https:\/\/cursosvips.com\/wp-content\/uploads\/2022\/03\/Banner1-Curso-Desata-el-Poder-Interior-Tony-Robbins.jpg 1024w, https:\/\/cursosvips.com\/wp-content\/uploads\/2022\/03\/Banner1-Curso-Desata-el-Poder-Interior-Tony-Robbins-711x400.jpg 711w, https:\/\/cursosvips.com\/wp-content\/uploads\/2022\/03\/Banner1-Curso-Desata-el-Poder-Interior-Tony-Robbins-768x432.jpg 768w, https:\/\/cursosvips.com\/wp-content\/uploads\/2022\/03\/Banner1-Curso-Desata-el-Poder-Interior-Tony-Robbins-504x284.jpg 504w\" alt=\"\" width=\"1020\" height=\"574\" \/><\/p>\n<\/div>\n<\/div>\n<\/div>\n<p>&nbsp;<\/p>\n<p>&nbsp;<\/p>\n","protected":false},"excerpt":{"rendered":"<p>&nbsp;<\/p>\n<h2>Ser\u00e1s capaz de desarrollar el conocimiento y las herramientas para crear cambios y desafiar sus propias limitaciones. Esta es una gran oportunidad para que aprenda c\u00f3mo ser una persona m\u00e1s fuerte, m\u00e1s habilidosa y poderosa.<\/h2>\n<p>Autor: Anthony Robbins<br \/>\nIdioma: Espa\u00f1ol<br \/>\nFormatos: mp4 (video), pdf (ebook), mp3 (audio), jpg (imagen)<br \/>\nCantidad videos: 17<br \/>\nCantidad audios: 1<br \/>\nCantidad pdf: 17<br \/>\nCantidad im\u00e1genes: 3<\/p>\n","protected":false},"featured_media":30258,"template":"","meta":{"_monsterinsights_skip_tracking":false,"_monsterinsights_sitenote_active":false,"_monsterinsights_sitenote_note":"","_monsterinsights_sitenote_category":0,"jetpack_post_was_ever_published":false,"jetpack_publicize_message":"","jetpack_publicize_feature_enabled":true,"jetpack_social_post_already_shared":true,"jetpack_social_options":{"image_generator_settings":{"template":"highway","default_image_id":0,"font":"","enabled":false},"version":2}},"product_brand":[],"product_cat":[272],"product_tag":[93,263,273,151,260,211,254,119,251,215,257,249,243,230,182,226,253,236,229,228,232,258,234,262,239,220,265,219,225,240,238,271,242,235,244,101,266,267,248,132,210,245,269,212,250,227,156,255,264,252,193,274,217,216,233,261,268,73,237,153,270,231,247,152,221,246,222,223,224,259,241,256,218,213,214,53],"class_list":{"0":"post-30257","1":"product","2":"type-product","3":"status-publish","4":"has-post-thumbnail","6":"product_cat-pnl","7":"product_tag-alejandro-lavin","8":"product_tag-animales","9":"product_tag-anthony-robbins","10":"product_tag-aromaterapia","11":"product_tag-biden","12":"product_tag-billetes","13":"product_tag-bitcoin","14":"product_tag-carrera","15":"product_tag-china","16":"product_tag-christopher-olivarrieta","17":"product_tag-cine","18":"product_tag-coranavirus","19":"product_tag-cultura","20":"product_tag-cursos","21":"product_tag-dinero","22":"product_tag-dios","23":"product_tag-dolar","24":"product_tag-enric-corbera","25":"product_tag-ensenanza-en-casa","26":"product_tag-escuela","27":"product_tag-especialidad","28":"product_tag-estrenos","29":"product_tag-estudios","30":"product_tag-facebook","31":"product_tag-famosos","32":"product_tag-free","33":"product_tag-gatos","34":"product_tag-gratis","35":"product_tag-guerra","36":"product_tag-humor","37":"product_tag-internet","38":"product_tag-interpretacion","39":"product_tag-juegos","40":"product_tag-lavin","41":"product_tag-manga","42":"product_tag-mente","43":"product_tag-mercado-libre","44":"product_tag-mercado-pago","45":"product_tag-meteorologia","46":"product_tag-miranda-guzman","47":"product_tag-moneda","48":"product_tag-musica","49":"product_tag-nordicas","50":"product_tag-nuevo","51":"product_tag-omnicron","52":"product_tag-oracion","53":"product_tag-oratoria","54":"product_tag-peliculas","55":"product_tag-perros","56":"product_tag-peso","57":"product_tag-pnl","58":"product_tag-poder-interior","59":"product_tag-porn","60":"product_tag-porno","61":"product_tag-profesional","62":"product_tag-putin","63":"product_tag-runas","64":"product_tag-salud","65":"product_tag-sexo","66":"product_tag-sistematica","67":"product_tag-sueno","68":"product_tag-talleres","69":"product_tag-television","70":"product_tag-terapia","71":"product_tag-terapias","72":"product_tag-trabajo","73":"product_tag-ucrania","74":"product_tag-ukrania","75":"product_tag-usa","76":"product_tag-vacuna","77":"product_tag-viajes","78":"product_tag-videos","79":"product_tag-xxx","80":"product_tag-youtube","81":"product_tag-youtube-yuen-guadalajara","82":"product_tag-yuen","84":"first","85":"instock","86":"downloadable","87":"virtual","88":"purchasable","89":"product-type-simple"},"jetpack_publicize_connections":[],"jetpack-related-posts":[{"id":30255,"url":"https:\/\/multiofertasvip.com\/?product=curso-cita-con-el-destino-anthony-robbins","url_meta":{"origin":30257,"position":0},"title":"Curso Cita con el Destino-Anthony Robbins","author":"multiofertasvip","date":"marzo 7, 2022","format":false,"excerpt":"\u00a0 Autor:\u00a0Tony Robbins Idioma:\u00a0Espa\u00f1ol Formatos:\u00a0mp4 (video), mp3 (audio), pdf (ebook) Cantidad videos:\u00a0\u00a039 Cantidad audios:\u00a05 Cantidad pdf:\u00a03 \u00a0","rel":"","context":"Entrada similar","block_context":{"text":"Entrada similar","link":""},"img":{"alt_text":"","src":"https:\/\/i0.wp.com\/multiofertasvip.com\/wp-content\/uploads\/2022\/03\/cita-con-el-destino.jpg?fit=200%2C200&ssl=1&resize=350%2C200","width":350,"height":200},"classes":[]},{"id":30295,"url":"https:\/\/multiofertasvip.com\/?product=taller-dinero-estas-ahi-metodo-mcha","url_meta":{"origin":30257,"position":1},"title":"Taller dinero estas ah\u00ed. M\u00e9todo MCHA","author":"multiofertasvip","date":"abril 8, 2022","format":false,"excerpt":"\u00bfPor qu\u00e9 este curso sobre el dinero? \u00a0 Porque el dinero, en nuestra sociedad, es fundamental. Fundamental porque nos garantiza la supervivencia y nos permite complacernos o complacer a aquellos a los que amamos, \u00a1y tambi\u00e9n es un instrumento de libertad y de poder! As\u00ed que, forzosamente, muchas \u00abcosas\u00bb de\u2026","rel":"","context":"Entrada similar","block_context":{"text":"Entrada similar","link":""},"img":{"alt_text":"","src":"https:\/\/i0.wp.com\/multiofertasvip.com\/wp-content\/uploads\/2022\/04\/taller-dinero-estas-ahi-metodo-mcha.jpg?fit=200%2C200&ssl=1&resize=350%2C200","width":350,"height":200},"classes":[]},{"id":30489,"url":"https:\/\/multiofertasvip.com\/?product=psicologia-astrologica-rafael-alcaz","url_meta":{"origin":30257,"position":2},"title":"Psicologia Astrologica-Rafael alcaz","author":"multiofertasvip","date":"octubre 12, 2022","format":false,"excerpt":"La Psicolog\u00eda astrol\u00f3gica es una\u00a0psicolog\u00eda que se sirve de la astrolog\u00eda como herramienta de diagn\u00f3stico. Se basa fundamentalmente en los conceptos psicol\u00f3gicos de la psicolog\u00eda\u00a0profunda\u00a0pero tambi\u00e9n en las ideas de la psicolog\u00eda\u00a0humanista\u00a0y de la psicolog\u00eda\u00a0transpersonal. En cuanto a su modelo conceptual, de lo que m\u00e1s cerca se encuentra es de\u2026","rel":"","context":"Entrada similar","block_context":{"text":"Entrada similar","link":""},"img":{"alt_text":"","src":"https:\/\/i0.wp.com\/multiofertasvip.com\/wp-content\/uploads\/2022\/10\/psicologia.jpg?fit=200%2C200&ssl=1&resize=350%2C200","width":350,"height":200},"classes":[]},{"id":30830,"url":"https:\/\/multiofertasvip.com\/?product=proyecto-sentido-gestacional-carlos-galvan","url_meta":{"origin":30257,"position":3},"title":"Proyecto Sentido Gestacional-Carlos Galvan","author":"multiofertasvip","date":"mayo 7, 2023","format":false,"excerpt":"\u00a0 \u00a0 \u00a0","rel":"","context":"Entrada similar","block_context":{"text":"Entrada similar","link":""},"img":{"alt_text":"","src":"https:\/\/i0.wp.com\/multiofertasvip.com\/wp-content\/uploads\/2023\/05\/proyecto-sentido.png?fit=200%2C200&ssl=1&resize=350%2C200","width":350,"height":200},"classes":[]},{"id":30269,"url":"https:\/\/multiofertasvip.com\/?product=activa-tus-finanzas-al-sanar-con-mama-zyntya-felicidad","url_meta":{"origin":30257,"position":4},"title":"Activa tus Finanzas Al Sanar con Mam\u00e1-Zyntya Felicidad","author":"multiofertasvip","date":"marzo 16, 2022","format":false,"excerpt":"Este curso es ideal para todo aquel que a\u00fan no siente merecimiento de la riqueza que por derecho universal le pertenece, no conf\u00eda en s\u00ed mismo para desarrollar su real potencial de prosperidad y quiere saber c\u00f3mo concretar y materializar sus m\u00e1s grandes sue\u00f1os Aunque no lo sab\u00edas, toda tu\u2026","rel":"","context":"Entrada similar","block_context":{"text":"Entrada similar","link":""},"img":{"alt_text":"","src":"https:\/\/i0.wp.com\/multiofertasvip.com\/wp-content\/uploads\/2022\/03\/activa-tus-finanzas-al-sanar-con-mama.png?fit=200%2C200&ssl=1&resize=350%2C200","width":350,"height":200},"classes":[]},{"id":30784,"url":"https:\/\/multiofertasvip.com\/?product=cero-dolor-su-jok-curso-basico-gersson-alejandro-lopez-pernia","url_meta":{"origin":30257,"position":5},"title":"Cero Dolor( su jok Curso Basico)-Gersson Alejandro Lopez Pernia","author":"multiofertasvip","date":"marzo 14, 2023","format":false,"excerpt":"Nos disponemos a ense\u00f1arle la terapia m\u00e1s impactante surgida en la historia de la medicina, no solo es capaz de mejorar o quitar la mayor parte de los dolores casi de inmediato, sino que sobre todo acelera el proceso de curaci\u00f3n de tal modo que asombra a legos y a\u2026","rel":"","context":"Entrada similar","block_context":{"text":"Entrada similar","link":""},"img":{"alt_text":"","src":"https:\/\/i0.wp.com\/multiofertasvip.com\/wp-content\/uploads\/2023\/03\/cero.jpg?fit=200%2C200&ssl=1&resize=350%2C200","width":350,"height":200},"classes":[]}],"jetpack_sharing_enabled":true,"jetpack_likes_enabled":true,"_links":{"self":[{"href":"https:\/\/multiofertasvip.com\/index.php?rest_route=\/wp\/v2\/product\/30257","targetHints":{"allow":["GET"]}}],"collection":[{"href":"https:\/\/multiofertasvip.com\/index.php?rest_route=\/wp\/v2\/product"}],"about":[{"href":"https:\/\/multiofertasvip.com\/index.php?rest_route=\/wp\/v2\/types\/product"}],"version-history":[{"count":0,"href":"https:\/\/multiofertasvip.com\/index.php?rest_route=\/wp\/v2\/product\/30257\/revisions"}],"wp:featuredmedia":[{"embeddable":true,"href":"https:\/\/multiofertasvip.com\/index.php?rest_route=\/wp\/v2\/media\/30258"}],"wp:attachment":[{"href":"https:\/\/multiofertasvip.com\/index.php?rest_route=%2Fwp%2Fv2%2Fmedia&parent=30257"}],"wp:term":[{"taxonomy":"product_brand","embeddable":true,"href":"https:\/\/multiofertasvip.com\/index.php?rest_route=%2Fwp%2Fv2%2Fproduct_brand&post=30257"},{"taxonomy":"product_cat","embeddable":true,"href":"https:\/\/multiofertasvip.com\/index.php?rest_route=%2Fwp%2Fv2%2Fproduct_cat&post=30257"},{"taxonomy":"product_tag","embeddable":true,"href":"https:\/\/multiofertasvip.com\/index.php?rest_route=%2Fwp%2Fv2%2Fproduct_tag&post=30257"}],"curies":[{"name":"wp","href":"https:\/\/api.w.org\/{rel}","templated":true}]}}