{"id":30220,"date":"2022-01-24T22:19:01","date_gmt":"2022-01-24T22:19:01","guid":{"rendered":"https:\/\/multiofertasvip.com\/?post_type=product&#038;p=30220"},"modified":"2022-02-24T17:59:18","modified_gmt":"2022-02-24T17:59:18","slug":"seminario-de-frecuencias-de-luz-y-amor-manuel-frutos","status":"publish","type":"product","link":"https:\/\/multiofertasvip.com\/?product=seminario-de-frecuencias-de-luz-y-amor-manuel-frutos","title":{"rendered":"Seminario de Frecuencias de Luz y Amor-Manuel Frutos"},"content":{"rendered":"<p class=\"postbody\" align=\"center\"><span class=\"font-size-3\">En \u00e9sta\u00a0<strong>NUEVA ERA<\/strong>\u00a0la ense\u00f1anza es con una\u00a0<strong>Nueva Conciencia<\/strong>\u00a0conectando y siendo\u00a0<strong>CANAL<\/strong>\u00a0de\u00a0<strong>Dimensiones Superiores<\/strong>\u00a0con\u00a0<strong>Nuevas Energ\u00edas, SIN RITUALES,<\/strong>\u00a0abierto a\u00a0cualquier persona\u00a0que sienta el llamado del servicio para la\u00a0<strong>SANACI\u00d3N<\/strong>\u00a0y la\u00a0<strong>EVOLUCI\u00d3N<\/strong>\u00a0con las\u00a0<strong>FRECUENCIAS DE LUZ<\/strong>\u00a0y\u00a0<strong>AMOR<\/strong>.<br \/>\n<\/span><\/p>\n<p class=\"postbody\" align=\"center\"><span class=\"font-size-3\"><a href=\"https:\/\/storage.ning.com\/topology\/rest\/1.0\/file\/get\/5889513893?profile=original\"><img fetchpriority=\"high\" decoding=\"async\" class=\"align-center\" src=\"https:\/\/storage.ning.com\/topology\/rest\/1.0\/file\/get\/5889513893?profile=original\" alt=\"5889513893?profile=original\" width=\"492\" height=\"369\" \/><\/a><\/span><\/p>\n<p style=\"text-align: center;\"><strong><span class=\"font-size-4\">\u00a0\u00a0\u00a0\u00a0\u00a0\u00a0\u00a0\u00a0\u00a0\u00a0\u00a0\u00a0\u00a0\u00a0\u00a0\u00a0\u00a0\u00a0\u00a0\u00a0\u00a0\u00a0\u00a0\u00a0\u00a0\u00a0\u00a0\u00a0\u00a0\u00a0\u00a0\u00a0\u00a0\u00a0\u00a0\u00a0\u00a0\u00a0\u00a0\u00a0\u00a0\u00a0\u00a0\u00a0\u00a0 TEMARIO:<\/span><\/strong><\/p>\n<p id=\"yui_3_13_0_ym1_6_1387483199137_78\" style=\"text-align: center;\"><span id=\"yui_3_13_0_ym1_6_1387483199137_16\">.- Antecedentes y el nuevo camino de la Sanaci\u00f3n de Frecuencias.<\/span><\/p>\n<p id=\"yui_3_13_0_ym1_6_1387483199137_82\" style=\"text-align: center;\">.- Que es la Sanaci\u00f3n de Frecuencias de Luz y Amor.<\/p>\n<p id=\"yui_3_13_0_ym1_1_1387483199137_4878\" style=\"text-align: center;\">.- Bases de la Sanaci\u00f3n de Frecuencias.<\/p>\n<p id=\"yui_3_13_0_ym1_6_1387483199137_90\" style=\"text-align: center;\">.- El momentum c\u00f3smico<\/p>\n<p id=\"yui_3_13_0_ym1_6_1387483199137_94\" style=\"text-align: center;\">.- La Conexi\u00f3n Axiatonal<\/p>\n<p id=\"yui_3_13_0_ym1_6_1387483199137_98\" style=\"text-align: center;\">.- La Ascenci\u00f3n<\/p>\n<p id=\"yui_3_13_0_ym1_6_1387483199137_102\" style=\"text-align: center;\">.- Como aumentar el Campo Electromagn\u00e9tico<\/p>\n<p id=\"yui_3_13_0_ym1_6_1387483199137_106\" style=\"text-align: center;\">.- Aprendizaje de la 3D a la 9D<\/p>\n<p id=\"yui_3_13_0_ym1_6_1387483199137_110\" style=\"text-align: center;\">.- La Misi\u00f3n Superior<\/p>\n<p id=\"yui_3_13_0_ym1_6_1387483199137_115\" style=\"text-align: center;\">.- El Concilio de la 9D<\/p>\n<p id=\"yui_3_13_0_ym1_6_1387483199137_119\" style=\"text-align: center;\">.- El Trabajo de la sanaci\u00f3n<\/p>\n<p id=\"yui_3_13_0_ym1_6_1387483199137_123\" style=\"text-align: center;\">.- La Energ\u00eda del Amor.<\/p>\n<p id=\"yui_3_13_0_ym1_6_1387483199137_127\" style=\"text-align: center;\">.- Los quantums de Luz<\/p>\n<p id=\"yui_3_13_0_ym1_6_1387483199137_131\" style=\"text-align: center;\">.- Como alcanzar el cuerpo lum\u00ednico<\/p>\n<p id=\"yui_3_13_0_ym1_6_1387483199137_135\" style=\"text-align: center;\">.- Desintoxicaci\u00f3n de los cuerpos.<\/p>\n<p id=\"yui_3_13_0_ym1_6_1387483199137_139\" style=\"text-align: center;\">.- Hacer cuerpos sutiles.<\/p>\n<p id=\"yui_3_13_0_ym1_6_1387483199137_143\" style=\"text-align: center;\">.- El agua como memoria celular, cristal l\u00edquido y elemento de la sanaci\u00f3n.<\/p>\n<p id=\"yui_3_13_0_ym1_6_1387483199137_147\" style=\"text-align: center;\">.- Los nuevos aprendizajes con las frecuencias como la sanaci\u00f3n a 4 manos, sanaci\u00f3n en silla, sanaci\u00f3n en medios electr\u00f3nicos, el satsang.<\/p>\n<p id=\"yui_3_13_0_ym1_6_1387483199137_152\" style=\"text-align: center;\">.- La pr\u00e1ctica de la sanaci\u00f3n paso a paso y gu\u00edas completas para sanaci\u00f3n en camilla, en silla, hologr\u00e1fica, a distancia.<\/p>\n<p id=\"yui_3_13_0_ym1_6_1387483199137_160\" style=\"text-align: center;\">.- La ciencia y la comprobaci\u00f3n de los campos estables, la energ\u00eda termodin\u00e1mica, los sonidos sanadores.<\/p>\n<p id=\"yui_3_13_0_ym1_6_1387483199137_165\" style=\"text-align: center;\">.- Cerebro, coraz\u00f3n y ADN infuenciados y reestructurados por la sanaci\u00f3nd efrecuencias.<\/p>\n<p id=\"yui_3_13_0_ym1_6_1387483199137_169\" style=\"text-align: center;\">.- Preguntas frecuentes<\/p>\n<p id=\"yui_3_13_0_ym1_6_1387483199137_173\" style=\"text-align: center;\">.- Duplicaci\u00f3n, promoci\u00f3n y pago.<\/p>\n<p style=\"text-align: center;\">.-\u00a0<span class=\"font-size-4\">La pr\u00e1ctica despu\u00e9s del Seminario.<\/span><\/p>\n<p><span class=\"font-size-4\"><strong><a href=\"https:\/\/storage.ning.com\/topology\/rest\/1.0\/file\/get\/5886082057?profile=original\"><img decoding=\"async\" class=\"align-center aligncenter\" src=\"https:\/\/storage.ning.com\/topology\/rest\/1.0\/file\/get\/5886082057?profile=original\" alt=\"5886082057?profile=original\" width=\"192\" height=\"189\" \/><\/a><\/strong><\/span><\/p>\n<p><span class=\"font-size-3\">Nos diferencia de todas las dem\u00e1s formas de sanaci\u00f3n:<\/span><\/p>\n<p><span class=\"font-size-3\"><span class=\"font-size-4\"><strong>1.- NO HAY RITUALES<\/strong><\/span>; porque pensamos que el ritual es mente y la mente puede ser generadora de ego y miedo adem\u00e1s de poner l\u00edmites ante una nueva forma de sanaci\u00f3n que no tiene l\u00edmites.<\/span><\/p>\n<p><span class=\"font-size-3\"><span class=\"font-size-4\"><strong>2.- Canalizamos nuevas frecuencias<\/strong>,<\/span>\u00a0nuevos paquetes de energ\u00eda que antes no se encontraban en nuestro planeta como los piones y muones por poner un ejemplo, y que ahora por los acontecimientos c\u00f3smicos que se suceden d\u00eda a d\u00eda, se engrandece el ancho de banda por el que transitan \u00e9stas nuevas energ\u00edas que tienen el poder para sanar f\u00edsica, mental y espiritualmente.<\/span><\/p>\n<p><span class=\"font-size-3\"><span class=\"font-size-4\"><strong>3.- Los sanadores tenemos caminos energ\u00e9ticos<\/strong><\/span>\u00a0que hace que mantengamos una frecuencia estable y entre m\u00e1s estamos al servicio de la luz sanando mas; nos sanamos a nosotros mismos.<\/span><\/p>\n<p><span class=\"font-size-3\"><strong>Se activar\u00e1n esos canales en tu SER para que a partir del Seminario cada que sanes, sanar\u00e1s y evolucionar\u00e1 tu conciencia.<\/strong><\/span><\/p>\n<p><span class=\"font-size-3\">Este es un Seminario para t\u00ed, no importando quien seas y que hagas; puedes ser ya un sanador o maestros de otras filosof\u00edas o una persona normal que no sospecha el enorme poder que tiene dentro de S\u00cd.<\/span><\/p>\n<p>&nbsp;<\/p>\n<p><span class=\"font-size-3\"><strong><em>&#8221; TODOS TENEMOS UN SABIO UN MAGO Y UN SANADOR, escondido dentro de t\u00ed, preso de tus creencias limitantes, en \u00e9ste curso aprender\u00e1s a liberarlo y a compartirlo con los dem\u00e1s en la sanaci\u00f3n&#8221;<\/em><\/strong><\/span><\/p>\n<p>&nbsp;<\/p>\n","protected":false},"excerpt":{"rendered":"<p>En \u00e9sta\u00a0NUEVA ERA\u00a0la ense\u00f1anza es con una\u00a0Nueva Conciencia\u00a0conectando y siendo\u00a0CANAL\u00a0de\u00a0Dimensiones Superiores\u00a0con\u00a0Nuevas Energ\u00edas, SIN RITUALES,\u00a0abierto a\u00a0cualquier persona\u00a0que sienta el llamado del servicio para la\u00a0SANACI\u00d3N\u00a0y la\u00a0EVOLUCI\u00d3N\u00a0con las\u00a0FRECUENCIAS DE LUZ\u00a0y\u00a0AMOR. \u00a0\u00a0\u00a0\u00a0\u00a0\u00a0\u00a0\u00a0\u00a0\u00a0\u00a0\u00a0\u00a0\u00a0\u00a0\u00a0\u00a0\u00a0\u00a0\u00a0\u00a0\u00a0\u00a0\u00a0\u00a0\u00a0\u00a0\u00a0\u00a0\u00a0\u00a0\u00a0\u00a0\u00a0\u00a0\u00a0\u00a0\u00a0\u00a0\u00a0\u00a0\u00a0\u00a0\u00a0\u00a0 TEMARIO: .- Antecedentes y el nuevo camino de la Sanaci\u00f3n de Frecuencias. .- Que es la Sanaci\u00f3n de Frecuencias de Luz y Amor. .- Bases de la [&#8230;]\n","protected":false},"featured_media":30221,"template":"","meta":{"_monsterinsights_skip_tracking":false,"_monsterinsights_sitenote_active":false,"_monsterinsights_sitenote_note":"","_monsterinsights_sitenote_category":0,"jetpack_post_was_ever_published":false,"jetpack_publicize_message":"","jetpack_publicize_feature_enabled":true,"jetpack_social_post_already_shared":true,"jetpack_social_options":{"image_generator_settings":{"template":"highway","default_image_id":0,"font":"","enabled":false},"version":2}},"product_brand":[],"product_cat":[205],"product_tag":[263,260,211,254,119,251,215,257,249,243,230,182,226,253,236,229,228,232,258,234,262,239,220,265,219,225,240,238,242,235,207,244,266,267,248,210,245,212,250,227,255,264,252,217,216,233,261,206,73,25,237,231,247,221,246,222,223,224,259,241,256,218,213,214,53],"class_list":{"0":"post-30220","1":"product","2":"type-product","3":"status-publish","4":"has-post-thumbnail","6":"product_cat-frecuencias-reconexicon","7":"product_tag-animales","8":"product_tag-biden","9":"product_tag-billetes","10":"product_tag-bitcoin","11":"product_tag-carrera","12":"product_tag-china","13":"product_tag-christopher-olivarrieta","14":"product_tag-cine","15":"product_tag-coranavirus","16":"product_tag-cultura","17":"product_tag-cursos","18":"product_tag-dinero","19":"product_tag-dios","20":"product_tag-dolar","21":"product_tag-enric-corbera","22":"product_tag-ensenanza-en-casa","23":"product_tag-escuela","24":"product_tag-especialidad","25":"product_tag-estrenos","26":"product_tag-estudios","27":"product_tag-facebook","28":"product_tag-famosos","29":"product_tag-free","30":"product_tag-gatos","31":"product_tag-gratis","32":"product_tag-guerra","33":"product_tag-humor","34":"product_tag-internet","35":"product_tag-juegos","36":"product_tag-lavin","37":"product_tag-manbuel-frutos","38":"product_tag-manga","39":"product_tag-mercado-libre","40":"product_tag-mercado-pago","41":"product_tag-meteorologia","42":"product_tag-moneda","43":"product_tag-musica","44":"product_tag-nuevo","45":"product_tag-omnicron","46":"product_tag-oracion","47":"product_tag-peliculas","48":"product_tag-perros","49":"product_tag-peso","50":"product_tag-porn","51":"product_tag-porno","52":"product_tag-profesional","53":"product_tag-putin","54":"product_tag-reconexicon","55":"product_tag-salud","56":"product_tag-sanacion","57":"product_tag-sexo","58":"product_tag-talleres","59":"product_tag-television","60":"product_tag-terapias","61":"product_tag-trabajo","62":"product_tag-ucrania","63":"product_tag-ukrania","64":"product_tag-usa","65":"product_tag-vacuna","66":"product_tag-viajes","67":"product_tag-videos","68":"product_tag-xxx","69":"product_tag-youtube","70":"product_tag-youtube-yuen-guadalajara","71":"product_tag-yuen","73":"first","74":"instock","75":"downloadable","76":"virtual","77":"purchasable","78":"product-type-simple"},"jetpack_publicize_connections":[],"jetpack-related-posts":[{"id":30224,"url":"https:\/\/multiofertasvip.com\/?product=seminario-master-de-frecuencias-de-luz-y-amor-manuel-frutos","url_meta":{"origin":30220,"position":0},"title":"Seminario  Master de Frecuencias de Luz y Amor-Manuel Frutos","author":"multiofertasvip","date":"enero 24, 2022","format":false,"excerpt":"\u00a0 \u00a0","rel":"","context":"Entrada similar","block_context":{"text":"Entrada similar","link":""},"img":{"alt_text":"","src":"https:\/\/i0.wp.com\/multiofertasvip.com\/wp-content\/uploads\/2022\/01\/master-frecuencias-de-luz.jpg?fit=200%2C200&ssl=1&resize=350%2C200","width":350,"height":200},"classes":[]},{"id":30222,"url":"https:\/\/multiofertasvip.com\/?product=seminario-conexion-holografica-manuel-frutos","url_meta":{"origin":30220,"position":1},"title":"Seminario Conexion Holografica-Manuel Frutos","author":"multiofertasvip","date":"enero 24, 2022","format":false,"excerpt":"NUEVOS PATRONES HOLOGR\u00c1FICOS QUE NOS PERMITEN POTENCIAR LA SANACI\u00d3N Y ACELERAR LA ASCENSI\u00d3N \u00a0 M\u00c1S INFORMACI\u00d3N SI QUIERES APRENDER A HACER \u00c9STE DIBUJO, PERO ANTES DEBES HACER EL DE SANADORES DE FRECUENCIAS DE LUZ Y AMOR. \u00a0 15 NOTAS IMPORTANTES 1.- \u00c9STOS PATRONES SE ASEMEJAN A LOS MUNDIALMENTE CONOCIDOS POR\u2026","rel":"","context":"Entrada similar","block_context":{"text":"Entrada similar","link":""},"img":{"alt_text":"5889754257?profile=original","src":"https:\/\/storage.ning.com\/topology\/rest\/1.0\/file\/get\/5889754257?profile=original","width":350,"height":200,"srcset":"https:\/\/storage.ning.com\/topology\/rest\/1.0\/file\/get\/5889754257?profile=original 1x, https:\/\/storage.ning.com\/topology\/rest\/1.0\/file\/get\/5889754257?profile=original 1.5x"},"classes":[]},{"id":30685,"url":"https:\/\/multiofertasvip.com\/?product=sanacion-pleyadiana-tatiana-romero","url_meta":{"origin":30220,"position":2},"title":"Sanaci\u00f3n Pleyadiana-Tatiana Romero","author":"multiofertasvip","date":"enero 22, 2023","format":false,"excerpt":"Este es un curso totalmente canalizado desde la Consciencia Pleyadiana. Aqu\u00ed nos adentraremos a la Sanaci\u00f3n profunda y real de la informaci\u00f3n almica. De la mano de la T\u00e9cnica de Sanaci\u00f3n lograremos conocer de qu\u00e9 se trata el proceso de liberaci\u00f3n, elevaci\u00f3n de frecuencia, y transformaci\u00f3n de la realidad. Comenzaremos\u2026","rel":"","context":"Entrada similar","block_context":{"text":"Entrada similar","link":""},"img":{"alt_text":"","src":"https:\/\/i0.wp.com\/multiofertasvip.com\/wp-content\/uploads\/2023\/01\/Udemy-copy-300x168-1.png?fit=200%2C200&ssl=1&resize=350%2C200","width":350,"height":200},"classes":[]},{"id":34123,"url":"https:\/\/multiofertasvip.com\/?product=curso-pendulo-universal-almasaran","url_meta":{"origin":30220,"position":3},"title":"Curso Pendulo Universal Almasaran","author":"multiofertasvip","date":"agosto 6, 2025","format":false,"excerpt":"\u00bfQu\u00e9 es el p\u00e9ndulo Universal? Desde mi experiencia, el P\u00e9ndulo Universal es una herramienta de Luz imprescindible para cualquier terapeuta, que quiera facilitar un servicio exclusivo y diferente, con la seguridad de estar ofreciendo un Plus de calidad en sus sesiones. Adem\u00e1s es perfecta para cualquier persona que sienta la\u2026","rel":"","context":"Entrada similar","block_context":{"text":"Entrada similar","link":""},"img":{"alt_text":"","src":"https:\/\/i0.wp.com\/multiofertasvip.com\/wp-content\/uploads\/2025\/08\/PENDULO-UNIVERSAL.jpg?fit=200%2C200&ssl=1&resize=350%2C200","width":350,"height":200},"classes":[]},{"id":32725,"url":"https:\/\/multiofertasvip.com\/?product=tesla-healing-369-heriberto-bluhm","url_meta":{"origin":30220,"position":4},"title":"Tesla Healing 369-Heriberto Bluhm","author":"multiofertasvip","date":"abril 12, 2024","format":false,"excerpt":"Todo en el universo es energ\u00eda y vibraci\u00f3n. Cada elemento de la tabla peri\u00f3dica at\u00f3mica consiste de diferentes ondas vibratorias. El Universo est\u00e1 saturado de frecuencias o vibraciones energ\u00e9ticas que afectan a todas las c\u00e9lulas vivas de los reinos humano, animal y vegetal. El Humano tiene la facultad de utilizar\u2026","rel":"","context":"Entrada similar","block_context":{"text":"Entrada similar","link":""},"img":{"alt_text":"","src":"https:\/\/i0.wp.com\/multiofertasvip.com\/wp-content\/uploads\/2024\/04\/tesla-healing.png?fit=200%2C200&ssl=1&resize=350%2C200","width":350,"height":200},"classes":[]},{"id":33459,"url":"https:\/\/multiofertasvip.com\/?product=love-activations-daniela-correa","url_meta":{"origin":30220,"position":5},"title":"Love Activations(Activa la Energia del Amor)-Daniela Correa","author":"multiofertasvip","date":"diciembre 2, 2024","format":false,"excerpt":"\u00bfEst\u00e1s lista para recibir el amor? LoveActivations es un viaje transformador en 5 activaciones energ\u00e9ticas, creadas para abrirte al amor y aprender a recibirlo en todas sus formas. Este programa est\u00e1 dise\u00f1ado para aquellos que desean empezar a recibir plenamente. Cada audio te gu\u00eda a reconfigurar tu energ\u00eda, eliminando los\u2026","rel":"","context":"Entrada similar","block_context":{"text":"Entrada similar","link":""},"img":{"alt_text":"","src":"https:\/\/i0.wp.com\/multiofertasvip.com\/wp-content\/uploads\/2024\/12\/love-activations.jpg?fit=200%2C200&ssl=1&resize=350%2C200","width":350,"height":200},"classes":[]}],"jetpack_sharing_enabled":true,"jetpack_likes_enabled":true,"_links":{"self":[{"href":"https:\/\/multiofertasvip.com\/index.php?rest_route=\/wp\/v2\/product\/30220","targetHints":{"allow":["GET"]}}],"collection":[{"href":"https:\/\/multiofertasvip.com\/index.php?rest_route=\/wp\/v2\/product"}],"about":[{"href":"https:\/\/multiofertasvip.com\/index.php?rest_route=\/wp\/v2\/types\/product"}],"version-history":[{"count":1,"href":"https:\/\/multiofertasvip.com\/index.php?rest_route=\/wp\/v2\/product\/30220\/revisions"}],"predecessor-version":[{"id":30237,"href":"https:\/\/multiofertasvip.com\/index.php?rest_route=\/wp\/v2\/product\/30220\/revisions\/30237"}],"wp:featuredmedia":[{"embeddable":true,"href":"https:\/\/multiofertasvip.com\/index.php?rest_route=\/wp\/v2\/media\/30221"}],"wp:attachment":[{"href":"https:\/\/multiofertasvip.com\/index.php?rest_route=%2Fwp%2Fv2%2Fmedia&parent=30220"}],"wp:term":[{"taxonomy":"product_brand","embeddable":true,"href":"https:\/\/multiofertasvip.com\/index.php?rest_route=%2Fwp%2Fv2%2Fproduct_brand&post=30220"},{"taxonomy":"product_cat","embeddable":true,"href":"https:\/\/multiofertasvip.com\/index.php?rest_route=%2Fwp%2Fv2%2Fproduct_cat&post=30220"},{"taxonomy":"product_tag","embeddable":true,"href":"https:\/\/multiofertasvip.com\/index.php?rest_route=%2Fwp%2Fv2%2Fproduct_tag&post=30220"}],"curies":[{"name":"wp","href":"https:\/\/api.w.org\/{rel}","templated":true}]}}