{"id":29865,"date":"2021-04-20T19:12:30","date_gmt":"2021-04-20T19:12:30","guid":{"rendered":"https:\/\/multiofertasvip.com\/?post_type=product&#038;p=29865"},"modified":"2022-02-24T19:30:33","modified_gmt":"2022-02-24T19:30:33","slug":"taller-cancer-en-video-yuen-guadalajara","status":"publish","type":"product","link":"https:\/\/multiofertasvip.com\/?product=taller-cancer-en-video-yuen-guadalajara","title":{"rendered":"Taller Cancer  En Video -Yuen Guadalajara"},"content":{"rendered":"<h2><span id=\"que-es-el-metodo-yuen\">\u00bfQu\u00e9 es el M\u00e9todo Yuen?<\/span><\/h2>\n<p>El M\u00e9todo Yuen es una t\u00e9cnica de sanaci\u00f3n cu\u00e1ntica cuyo origen se encuentra en la sabidur\u00eda ancestral de los antiguos Monjes Shaolin de China, el Dr. Kam Yuen es la persona que ha desarrollado este m\u00e9todo integrando conocimientos de la Medicina Tradicional China y de las artes marciales con conocimientos anat\u00f3micos, fisiol\u00f3gicos y estructurales y los \u00faltimos avances de la f\u00edsica cu\u00e1ntica.<\/p>\n<p>Es una t\u00e9cnica que engloba la totalidad del ser y contempla cada problema como un conjunto de cosas que debilitan a la persona, cuando se fortalecen esas debilidades que est\u00e1n creando el problema, el problema se resuelve o desaparece.<\/p>\n<div id=\"enbue-70805850\" class=\"enbue-adsense-interior-articulo\">\n<div id=\"enbue-418262723\"><\/div>\n<\/div>\n<p>El M\u00e9todo Yuen trata de buscar las debilidades que crean una situaci\u00f3n indeseada con la intenci\u00f3n de llegar al origen o ra\u00edz del problema, cuantas m\u00e1s debilidades encontramos y fortalecemos m\u00e1s cerca estamos de solucionar el problema. En el momento en que se logra llegar a ese origen o debilidad primera el problema o los s\u00edntomas desaparecen.<\/p>\n<h2><span id=\"como-funciona\">\u00bfC\u00f3mo funciona?<\/span><\/h2>\n<p>El M\u00e9todo Yuen permite conectar con las debilidades de la persona para fortalecerlas, esto se realiza sintiendo la debilidad, para ello hay que pensar en el problema, dejar de pensar en el mismo y sentir y es en ese sentir donde se perciben las cosas que est\u00e1n fuertes y las que est\u00e1n d\u00e9biles, que son las que hay que fortalecer o corregir.<\/p>\n<div class=\"o9v6fnle cxmmr5t8 oygrvhab hcukyx3x c1et5uql ii04i59q\">\n<div dir=\"auto\">\n<div class=\"o9v6fnle cxmmr5t8 oygrvhab hcukyx3x c1et5uql ii04i59q\"><\/div>\n<\/div>\n<\/div>\n<div class=\"o9v6fnle cxmmr5t8 oygrvhab hcukyx3x c1et5uql ii04i59q\"><\/div>\n<div class=\"o9v6fnle cxmmr5t8 oygrvhab hcukyx3x c1et5uql ii04i59q\">\n<div dir=\"auto\">Esto es solo una parte de lo que veremos<\/div>\n<div dir=\"auto\"><\/div>\n<\/div>\n<div class=\"o9v6fnle cxmmr5t8 oygrvhab hcukyx3x c1et5uql ii04i59q\">\n<div dir=\"auto\">&#8211; Desintoxicar el cuerpo f\u00edsico en el \u00e1rea f\u00edsica, mental, emocional, psicol\u00f3gica, ps\u00edquica y espiritual .<\/div>\n<\/div>\n<div class=\"o9v6fnle cxmmr5t8 oygrvhab hcukyx3x c1et5uql ii04i59q\">\n<div dir=\"auto\">&#8211; Fortalecimiento para reparar y reprogramar todos \u00f3rganos vitales<\/div>\n<\/div>\n<div class=\"o9v6fnle cxmmr5t8 oygrvhab hcukyx3x c1et5uql ii04i59q\">\n<div dir=\"auto\">&#8211; Fortalecimiento al sistema linf\u00e1tico y al microcuerpo.<\/div>\n<\/div>\n<div class=\"o9v6fnle cxmmr5t8 oygrvhab hcukyx3x c1et5uql ii04i59q\">\n<div dir=\"auto\">&#8211; Eliminar memorias que est\u00e9n detonando el C\u00e1ncer, quistes o tumores<\/div>\n<\/div>\n<div class=\"o9v6fnle cxmmr5t8 oygrvhab hcukyx3x c1et5uql ii04i59q\">\n<div dir=\"auto\">&#8211; Borrar el efecto del tratamiento, quimioterapia, radioterapia, medicamentos etc..<\/div>\n<\/div>\n<div class=\"o9v6fnle cxmmr5t8 oygrvhab hcukyx3x c1et5uql ii04i59q\">\n<div dir=\"auto\">&#8211; Todo esto lo haremos a nivel personal, familiar y ancestral.<\/div>\n<\/div>\n<div class=\"o9v6fnle cxmmr5t8 oygrvhab hcukyx3x c1et5uql ii04i59q\">\n<div dir=\"auto\">&#8211; Al mismo tiempo aprender\u00e1s a hacerlo por otros.<\/div>\n<\/div>\n","protected":false},"excerpt":{"rendered":"<p>&nbsp;<\/p>\n<p>&nbsp;<\/p>\n<p>&nbsp;<\/p>\n<p>&nbsp;<\/p>\n<p>&nbsp;<\/p>\n<p>&nbsp;<\/p>\n<p>&nbsp;<\/p>\n","protected":false},"featured_media":29866,"template":"","meta":{"_monsterinsights_skip_tracking":false,"_monsterinsights_sitenote_active":false,"_monsterinsights_sitenote_note":"","_monsterinsights_sitenote_category":0,"jetpack_post_was_ever_published":false,"jetpack_publicize_message":"","jetpack_publicize_feature_enabled":true,"jetpack_social_post_already_shared":true,"jetpack_social_options":{"image_generator_settings":{"template":"highway","default_image_id":0,"font":"","enabled":false},"version":2}},"product_brand":[],"product_cat":[87,32],"product_tag":[263,260,211,254,114,119,251,215,257,249,243,230,182,226,253,236,229,228,232,258,234,262,239,77,220,265,219,107,225,240,238,242,235,244,266,267,248,210,245,212,250,227,106,255,264,252,217,216,233,261,73,25,237,231,247,221,246,222,223,224,259,241,256,218,213,214,53],"class_list":{"0":"post-29865","1":"product","2":"type-product","3":"status-publish","4":"has-post-thumbnail","6":"product_cat-metodo-yuen","7":"product_cat-sanacion","8":"product_tag-animales","9":"product_tag-biden","10":"product_tag-billetes","11":"product_tag-bitcoin","12":"product_tag-cancer","13":"product_tag-carrera","14":"product_tag-china","15":"product_tag-christopher-olivarrieta","16":"product_tag-cine","17":"product_tag-coranavirus","18":"product_tag-cultura","19":"product_tag-cursos","20":"product_tag-dinero","21":"product_tag-dios","22":"product_tag-dolar","23":"product_tag-enric-corbera","24":"product_tag-ensenanza-en-casa","25":"product_tag-escuela","26":"product_tag-especialidad","27":"product_tag-estrenos","28":"product_tag-estudios","29":"product_tag-facebook","30":"product_tag-famosos","31":"product_tag-fortalecimientos","32":"product_tag-free","33":"product_tag-gatos","34":"product_tag-gratis","35":"product_tag-guadalajara","36":"product_tag-guerra","37":"product_tag-humor","38":"product_tag-internet","39":"product_tag-juegos","40":"product_tag-lavin","41":"product_tag-manga","42":"product_tag-mercado-libre","43":"product_tag-mercado-pago","44":"product_tag-meteorologia","45":"product_tag-moneda","46":"product_tag-musica","47":"product_tag-nuevo","48":"product_tag-omnicron","49":"product_tag-oracion","50":"product_tag-osvaldo","51":"product_tag-peliculas","52":"product_tag-perros","53":"product_tag-peso","54":"product_tag-porn","55":"product_tag-porno","56":"product_tag-profesional","57":"product_tag-putin","58":"product_tag-salud","59":"product_tag-sanacion","60":"product_tag-sexo","61":"product_tag-talleres","62":"product_tag-television","63":"product_tag-terapias","64":"product_tag-trabajo","65":"product_tag-ucrania","66":"product_tag-ukrania","67":"product_tag-usa","68":"product_tag-vacuna","69":"product_tag-viajes","70":"product_tag-videos","71":"product_tag-xxx","72":"product_tag-youtube","73":"product_tag-youtube-yuen-guadalajara","74":"product_tag-yuen","76":"first","77":"instock","78":"downloadable","79":"virtual","80":"purchasable","81":"product-type-simple"},"jetpack_publicize_connections":[],"jetpack-related-posts":[{"id":29945,"url":"https:\/\/multiofertasvip.com\/?product=metodo-yuen-antologia-cuantica-nivel-1","url_meta":{"origin":29865,"position":0},"title":"Metodo Yuen Antologia Cuantica Nivel 1","author":"multiofertasvip","date":"mayo 23, 2021","format":false,"excerpt":"\u00bfQu\u00e9 es el M\u00e9todo Yuen? El M\u00e9todo Yuen es una t\u00e9cnica de sanaci\u00f3n cu\u00e1ntica cuyo origen se encuentra en la sabidur\u00eda ancestral de los antiguos Monjes Shaolin de China, el Dr. Kam Yuen es la persona que ha desarrollado este m\u00e9todo integrando conocimientos de la Medicina Tradicional China y de\u2026","rel":"","context":"Entrada similar","block_context":{"text":"Entrada similar","link":""},"img":{"alt_text":"","src":"https:\/\/i0.wp.com\/multiofertasvip.com\/wp-content\/uploads\/2021\/05\/milagros1.png?fit=200%2C200&ssl=1&resize=350%2C200","width":350,"height":200},"classes":[]},{"id":30027,"url":"https:\/\/multiofertasvip.com\/?product=metodo-yuen-guadalajara-taller-influencia-ancestral","url_meta":{"origin":29865,"position":1},"title":"M\u00e9todo Yuen Guadalajara &#8211; Taller Influencia Ancestral","author":"multiofertasvip","date":"octubre 18, 2021","format":false,"excerpt":"\u00a0 \u00a0 \u00a0 \u00a0 \u00a0 \u00a0 \u00a0","rel":"","context":"Entrada similar","block_context":{"text":"Entrada similar","link":""},"img":{"alt_text":"","src":"https:\/\/i0.wp.com\/multiofertasvip.com\/wp-content\/uploads\/2021\/10\/metodo-yuen-guadalajara-taller-influencia-ancestral.jpg?fit=200%2C200&ssl=1&resize=350%2C200","width":350,"height":200},"classes":[]},{"id":30029,"url":"https:\/\/multiofertasvip.com\/?product=metodo-yuen-guadalajara-taller-sanando-ancestros","url_meta":{"origin":29865,"position":2},"title":"M\u00e9todo Yuen Guadalajara &#8211; Taller Sanando Ancestros","author":"multiofertasvip","date":"octubre 18, 2021","format":false,"excerpt":"\u00a0 \u00a0 \u00a0 \u00a0 \u00a0 \u00a0 \u00a0","rel":"","context":"Entrada similar","block_context":{"text":"Entrada similar","link":""},"img":{"alt_text":"","src":"https:\/\/i0.wp.com\/multiofertasvip.com\/wp-content\/uploads\/2021\/10\/metodo-yuen-guadalajara-taller-sanando-ancestros.jpg?fit=200%2C200&ssl=1&resize=350%2C200","width":350,"height":200},"classes":[]},{"id":30036,"url":"https:\/\/multiofertasvip.com\/?product=metodo-yuen-guadalajara-taller-rupturas","url_meta":{"origin":29865,"position":3},"title":"M\u00e9todo Yuen Guadalajara &#8211; Taller Rupturas","author":"multiofertasvip","date":"octubre 18, 2021","format":false,"excerpt":"\u00a0 \u00a0 \u00a0 \u00a0 \u00a0 \u00a0 \u00a0","rel":"","context":"Entrada similar","block_context":{"text":"Entrada similar","link":""},"img":{"alt_text":"","src":"https:\/\/i0.wp.com\/multiofertasvip.com\/wp-content\/uploads\/2021\/10\/metodo-yuen-guadalajara-taller-rupturas.jpg?fit=200%2C200&ssl=1&resize=350%2C200","width":350,"height":200},"classes":[]},{"id":29875,"url":"https:\/\/multiofertasvip.com\/?product=programa-fanaticos-yuen-carrera-y-proposito","url_meta":{"origin":29865,"position":4},"title":"Programa Fanaticos Yuen Carrera y Proposito","author":"multiofertasvip","date":"abril 20, 2021","format":false,"excerpt":"\u00a0 \u00a0 \u00a0 \u00a0 \u00a0 \u00a0 \u00a0","rel":"","context":"Entrada similar","block_context":{"text":"Entrada similar","link":""},"img":{"alt_text":"","src":"https:\/\/i0.wp.com\/multiofertasvip.com\/wp-content\/uploads\/2021\/04\/carrera.jpg?fit=200%2C200&ssl=1&resize=350%2C200","width":350,"height":200},"classes":[]},{"id":29947,"url":"https:\/\/multiofertasvip.com\/?product=metodo-yuen-antologia-cuantica-nivel-2","url_meta":{"origin":29865,"position":5},"title":"Metodo Yuen Antologia Cuantica Nivel 2","author":"multiofertasvip","date":"mayo 23, 2021","format":false,"excerpt":"\u00bfQu\u00e9 es el M\u00e9todo Yuen? El M\u00e9todo Yuen es una t\u00e9cnica de sanaci\u00f3n cu\u00e1ntica cuyo origen se encuentra en la sabidur\u00eda ancestral de los antiguos Monjes Shaolin de China, el Dr. Kam Yuen es la persona que ha desarrollado este m\u00e9todo integrando conocimientos de la Medicina Tradicional China y de\u2026","rel":"","context":"Entrada similar","block_context":{"text":"Entrada similar","link":""},"img":{"alt_text":"","src":"https:\/\/i0.wp.com\/multiofertasvip.com\/wp-content\/uploads\/2021\/05\/milagros2.png?fit=200%2C200&ssl=1&resize=350%2C200","width":350,"height":200},"classes":[]}],"jetpack_sharing_enabled":true,"jetpack_likes_enabled":true,"_links":{"self":[{"href":"https:\/\/multiofertasvip.com\/index.php?rest_route=\/wp\/v2\/product\/29865","targetHints":{"allow":["GET"]}}],"collection":[{"href":"https:\/\/multiofertasvip.com\/index.php?rest_route=\/wp\/v2\/product"}],"about":[{"href":"https:\/\/multiofertasvip.com\/index.php?rest_route=\/wp\/v2\/types\/product"}],"version-history":[{"count":0,"href":"https:\/\/multiofertasvip.com\/index.php?rest_route=\/wp\/v2\/product\/29865\/revisions"}],"wp:featuredmedia":[{"embeddable":true,"href":"https:\/\/multiofertasvip.com\/index.php?rest_route=\/wp\/v2\/media\/29866"}],"wp:attachment":[{"href":"https:\/\/multiofertasvip.com\/index.php?rest_route=%2Fwp%2Fv2%2Fmedia&parent=29865"}],"wp:term":[{"taxonomy":"product_brand","embeddable":true,"href":"https:\/\/multiofertasvip.com\/index.php?rest_route=%2Fwp%2Fv2%2Fproduct_brand&post=29865"},{"taxonomy":"product_cat","embeddable":true,"href":"https:\/\/multiofertasvip.com\/index.php?rest_route=%2Fwp%2Fv2%2Fproduct_cat&post=29865"},{"taxonomy":"product_tag","embeddable":true,"href":"https:\/\/multiofertasvip.com\/index.php?rest_route=%2Fwp%2Fv2%2Fproduct_tag&post=29865"}],"curies":[{"name":"wp","href":"https:\/\/api.w.org\/{rel}","templated":true}]}}