{"id":267,"date":"2019-06-02T02:34:36","date_gmt":"2019-06-02T02:34:36","guid":{"rendered":"https:\/\/multiofertasvip.com\/?post_type=product&#038;p=267"},"modified":"2024-03-11T15:15:43","modified_gmt":"2024-03-11T20:45:43","slug":"psicologia-del-exito","status":"publish","type":"product","link":"https:\/\/multiofertasvip.com\/?product=psicologia-del-exito","title":{"rendered":"Psicolog\u00eda del \u00c9xito"},"content":{"rendered":"<p><strong><em>Psicolog\u00eda del \u00c9xito<\/em>\u00a0no es un libro. Es una herramienta. Es el compa\u00f1ero que a Mario Luna le habr\u00eda gustado escoger para recorrer su camino de superaci\u00f3n y reinvenci\u00f3n incansable.<\/strong><\/p>\n<p>Es esa voz que querr\u00eda haber escuchado en sus momentos de indecisi\u00f3n, de cansancio, de frustraci\u00f3n. Una voz que, al no encontrar en ninguna parte, tuvo que crear desde cero.<\/p>\n<p>Tras a\u00f1os consagrando lo mejor de su talento a esa \u00fanica tarea, despu\u00e9s de entregarse total y ciegamente a forjar algo m\u00e1s que un libro, por fin contamos con<strong>\u00a0su mejor creaci\u00f3n hasta la fecha.<\/strong><\/p>\n<p>Que\u2026 \u00bfc\u00f3mo es el libro en cuesti\u00f3n?<\/p>\n<p>El libro es<strong>\u00a0un \u201ctocho\u201d de m\u00e1s de 1000 p\u00e1ginas<\/strong>, pero no nos confundamos:\u00a0<strong><em>Psicolog\u00eda del \u00c9xito<\/em>\u00a0es el \u201ctocho\u201d m\u00e1s \u00fatil, m\u00e1s ameno y f\u00e1cil de leer con el que te has tropezado en t\u00fa vida<\/strong>.<\/p>\n<p>De hecho, en \u00e9l te encontrar\u00e1s con personajes con los que llevas toda la vida relacion\u00e1ndote, seres que -aunque atemporales- te resultar\u00e1n asombrosamente cercanos y familiares. Algunos de esos personajes compartir\u00e1n tus dudas, otros tus miedos, muchos tus peores demonios y uno de ellos lo mejor que hay en ti.<\/p>\n<p>Porque\u00a0<strong><em>Psicolog\u00eda del \u00c9xito<\/em>\u00a0no es un libro escrito por Mario Luna y ya est\u00e1<\/strong>. A diferencia de otras biblias de la superaci\u00f3n, este es el \u00fanico que<strong>\u00a0ha sido escrito entre su autor y\u00a0<em>tu mejor t\u00fa<\/em>.<\/strong><\/p>\n<p>S\u00ed, has le\u00eddo bien:\u00a0<em>Tu Mejor T\u00fa<\/em>.<\/p>\n<p>Pero no queremos adelantarte la sorpresa.<\/p>\n<p>Lo que s\u00ed podemos avanzarte es que es un libro vivo. Una herramienta de trabajo que, como tal, probablemente ser\u00e1 mejorada y adaptada con el paso del tiempo. Previsiblemente, pasar\u00e1 a ser tambi\u00e9n el eje del canal de You Tube, de la web, de la comunidad y de muchos otros proyectos con el mismo nombre.<\/p>\n<p>Lo cierto es que la obra abraza tanto el Kaizen, que el prop\u00f3sito de su autor es que se vea sometido a este principio una y otra vez.<\/p>\n<p>Cientos de p\u00e1ginas de divertida sabidur\u00eda que,<strong>\u00a0aunque se nutre de los avances m\u00e1s vanguardistas de la psicolog\u00eda, la biolog\u00eda y otras ramas del conocimiento humano\u00a0<\/strong>relevantes para conocer y avanzar hacia nuestro potencial,<strong>\u00a0no deja de evocar un conocimiento milenario<\/strong>.<\/p>\n<p>Con todo, cabe esperar que en el futuro y -quiz\u00e1s con tu participaci\u00f3n- contin\u00fae mejorando como el buen vino. En otras palabras, no nos extra\u00f1ar\u00eda nada que este libro se siga reescribiendo.<\/p>\n<p>Igual que nuestras vidas.<\/p>\n<p>Dicho esto,\u00a0<strong><em>Psicolog\u00eda del \u00c9xito<\/em>\u00a0no es una obra concebida para las masas<\/strong>.<\/p>\n<p>Desde el primer momento, el de su compra, esta obra nos exige un gran compromiso. Sus transformadoras ense\u00f1anzas s\u00f3lo conservan su demoledora eficacia en la medida en que nosotros mantengamos el mismo compromiso inicial con la mejora constante.<\/p>\n<p>Por supuesto, en un mundo en el que se nos incentiva cada vez m\u00e1s a \u201cconsumir sin producir\u201d, a \u201cobtener sin ofrecer\u201d y a buscar \u201cla v\u00eda f\u00e1cil\u201d, entendemos que una iniciativa de este calibre ser\u00e1 celebrada y aprovechada s\u00f3lo por unos pocos escogidos.<\/p>\n<p>Por eso, su autor ha decidido convertirlo en un pase exclusivo. \u00bfUn pase a qu\u00e9? Un pase al\u2026<\/p>\n<p><strong>\u201cCLUB PSICOLOG\u00cdA DEL \u00c9XITO\u201d<\/strong><\/p>\n<p>\u00bfTe suena eso de \u201dSi quieres volar con las \u00e1guilas, no picotees con las gallinas\u201d?<\/p>\n<p>Pues adquirir el libro te da acceso a un selecto club de \u201c\u00e1guilas\u201d. Personas que, como t\u00fa, han entendido que la mediocridad no s\u00f3lo es una tragedia, sino que no es tan divertida como la b\u00fasqueda de la excelencia.<\/p>\n<p>Y, puesto que en las alturas hace fr\u00edo, el autor ha decidido que ya no tienes por qu\u00e9 seguir volando solo.<\/p>\n","protected":false},"excerpt":{"rendered":"<p>&#8220;PSICOLOG\u00cdA DEL \u00c9XITO es otra cosa. Esta dise\u00f1ado para personas comprometidas a cambiar su vida de verdad y para siempre. Sin esoterismos ni magia. Sin gilipatra\u00f1as ni autoayudismos. Te servir\u00e1 solo si entiendes que, para obtener m\u00e1s, necesitas hacer y ser m\u00e1s. Psicolog\u00eda del \u00e9xito es ese coach particular que te acompa\u00f1a para hacer realidad tu sue\u00f1o mientras disfrutas del proceso y dejas el mundo mejor de c\u00f3mo te lo encuentras. Con tu mejor t\u00fa y este libro vas a beneficiarte de las sinergias que se generan al optimizar las \u00e1reas principales de la vida, produciendo: EMANCIPACI\u00d3N PROFESIONAL, AUTONOM\u00cdA EMOCIONAL Y PLENITUD F\u00cdSICO-MENTAL.&#8221;<\/p>\n","protected":false},"featured_media":915,"template":"","meta":{"_monsterinsights_skip_tracking":false,"_monsterinsights_sitenote_active":false,"_monsterinsights_sitenote_note":"","_monsterinsights_sitenote_category":0,"jetpack_post_was_ever_published":false,"jetpack_publicize_message":"","jetpack_publicize_feature_enabled":true,"jetpack_social_post_already_shared":true,"jetpack_social_options":{"image_generator_settings":{"template":"highway","default_image_id":0,"font":"","enabled":false},"version":2}},"product_brand":[],"product_cat":[298],"product_tag":[263,50,260,211,254,119,251,215,257,249,243,230,182,226,253,236,229,228,232,258,234,262,239,220,265,219,225,240,238,242,235,244,266,267,248,210,245,212,250,227,255,264,252,217,216,233,51,261,73,49,237,48,231,247,221,246,222,223,224,259,241,256,218,213,214,53],"class_list":{"0":"post-267","1":"product","2":"type-product","3":"status-publish","4":"has-post-thumbnail","6":"product_cat-gratis","7":"product_tag-animales","8":"product_tag-autoestima","9":"product_tag-biden","10":"product_tag-billetes","11":"product_tag-bitcoin","12":"product_tag-carrera","13":"product_tag-china","14":"product_tag-christopher-olivarrieta","15":"product_tag-cine","16":"product_tag-coranavirus","17":"product_tag-cultura","18":"product_tag-cursos","19":"product_tag-dinero","20":"product_tag-dios","21":"product_tag-dolar","22":"product_tag-enric-corbera","23":"product_tag-ensenanza-en-casa","24":"product_tag-escuela","25":"product_tag-especialidad","26":"product_tag-estrenos","27":"product_tag-estudios","28":"product_tag-facebook","29":"product_tag-famosos","30":"product_tag-free","31":"product_tag-gatos","32":"product_tag-gratis","33":"product_tag-guerra","34":"product_tag-humor","35":"product_tag-internet","36":"product_tag-juegos","37":"product_tag-lavin","38":"product_tag-manga","39":"product_tag-mercado-libre","40":"product_tag-mercado-pago","41":"product_tag-meteorologia","42":"product_tag-moneda","43":"product_tag-musica","44":"product_tag-nuevo","45":"product_tag-omnicron","46":"product_tag-oracion","47":"product_tag-peliculas","48":"product_tag-perros","49":"product_tag-peso","50":"product_tag-porn","51":"product_tag-porno","52":"product_tag-profesional","53":"product_tag-psicologia","54":"product_tag-putin","55":"product_tag-salud","56":"product_tag-seduccion","57":"product_tag-sexo","58":"product_tag-superacion","59":"product_tag-talleres","60":"product_tag-television","61":"product_tag-terapias","62":"product_tag-trabajo","63":"product_tag-ucrania","64":"product_tag-ukrania","65":"product_tag-usa","66":"product_tag-vacuna","67":"product_tag-viajes","68":"product_tag-videos","69":"product_tag-xxx","70":"product_tag-youtube","71":"product_tag-youtube-yuen-guadalajara","72":"product_tag-yuen","74":"first","75":"instock","76":"featured","77":"downloadable","78":"virtual","79":"purchasable","80":"product-type-simple"},"jetpack_publicize_connections":[],"jetpack-related-posts":[{"id":30489,"url":"https:\/\/multiofertasvip.com\/?product=psicologia-astrologica-rafael-alcaz","url_meta":{"origin":267,"position":0},"title":"Psicologia Astrologica-Rafael alcaz","author":"multiofertasvip","date":"octubre 12, 2022","format":false,"excerpt":"La Psicolog\u00eda astrol\u00f3gica es una\u00a0psicolog\u00eda que se sirve de la astrolog\u00eda como herramienta de diagn\u00f3stico. Se basa fundamentalmente en los conceptos psicol\u00f3gicos de la psicolog\u00eda\u00a0profunda\u00a0pero tambi\u00e9n en las ideas de la psicolog\u00eda\u00a0humanista\u00a0y de la psicolog\u00eda\u00a0transpersonal. En cuanto a su modelo conceptual, de lo que m\u00e1s cerca se encuentra es de\u2026","rel":"","context":"Entrada similar","block_context":{"text":"Entrada similar","link":""},"img":{"alt_text":"","src":"https:\/\/i0.wp.com\/multiofertasvip.com\/wp-content\/uploads\/2022\/10\/psicologia.jpg?fit=200%2C200&ssl=1&resize=350%2C200","width":350,"height":200},"classes":[]},{"id":33497,"url":"https:\/\/multiofertasvip.com\/?product=maestria-en-biodescodificacion-pablo-vazquez-kunz","url_meta":{"origin":267,"position":1},"title":"Maestr\u00eda en Biodescodificaci\u00f3n Pablo Vazquez Kunz","author":"multiofertasvip","date":"diciembre 18, 2024","format":false,"excerpt":"Llega hasta donde nadie se anima a ir y sobresale por encima del resto \u00a0 \u00bfTe gustar\u00eda hacer la diferencia en tus sesiones de Biodescodificaci\u00f3n\u00ae? En este curso aprender\u00e1s todo lo que debe conocer un Maestro de la Biodescodificaci\u00f3n\u00ae, para dominar de principio a fin el arte de transformar las\u2026","rel":"","context":"Entrada similar","block_context":{"text":"Entrada similar","link":""},"img":{"alt_text":"","src":"https:\/\/i0.wp.com\/multiofertasvip.com\/wp-content\/uploads\/2024\/12\/biodescodificacion.jpg?fit=200%2C200&ssl=1&resize=350%2C200","width":350,"height":200},"classes":[]},{"id":29964,"url":"https:\/\/multiofertasvip.com\/?product=la-biologia-de-las-creencias-en-video-bruce-lipton","url_meta":{"origin":267,"position":2},"title":"La Biologia de las Creencias en Video-Bruce Lipton","author":"multiofertasvip","date":"junio 23, 2021","format":false,"excerpt":"LA BIOLOG\u00cdA DE LAS CREENCIAS Libera el poder de tu mente para tomar el control de su vida y de su salud! Adquiera el curso ya mismo para poder aprovechar los 5 cap\u00edtulos, las 34 lecciones y \u00a1m\u00e1s de 10 horas de video!","rel":"","context":"Entrada similar","block_context":{"text":"Entrada similar","link":""},"img":{"alt_text":"","src":"https:\/\/i0.wp.com\/mk0tcchexnl5680h0m8.kinstacdn.com\/wp-content\/uploads\/2019\/12\/icon-heart.png?resize=350%2C200&ssl=1","width":350,"height":200},"classes":[]},{"id":34987,"url":"https:\/\/multiofertasvip.com\/?product=el-codigo-del-sueno-tania-elias-2","url_meta":{"origin":267,"position":3},"title":"El c\u00f3digo del sue\u00f1o Tania El\u00edas","author":"multiofertasvip","date":"marzo 9, 2026","format":false,"excerpt":"Descubre El C\u00f3digo del Sue\u00f1o: Una Transformaci\u00f3n Personal a Trav\u00e9s de Tus Sue\u00f1os Imagina poder desentra\u00f1ar los secretos que tus sue\u00f1os guardan, una puerta abierta a tu inconsciente que te permitir\u00e1 comprender mejor tus emociones, deseos y temores. Te presentamos\u00a0El C\u00f3digo del Sue\u00f1o, un curso \u00fanico y revelador que te\u2026","rel":"","context":"Entrada similar","block_context":{"text":"Entrada similar","link":""},"img":{"alt_text":"","src":"https:\/\/i0.wp.com\/multiofertasvip.com\/wp-content\/uploads\/2026\/03\/el-codigo-del-sueno2.png?fit=200%2C200&ssl=1&resize=350%2C200","width":350,"height":200},"classes":[]},{"id":35179,"url":"https:\/\/multiofertasvip.com\/?product=hackeo-mental-isabel-osorio-2","url_meta":{"origin":267,"position":4},"title":"Hackeo Mental \u2013 Isabel Osorio","author":"multiofertasvip","date":"marzo 19, 2026","format":false,"excerpt":"\u00a0 \u00a0 \u00a0 \u00a0 \u00a0 \u00a0 \u00a0","rel":"","context":"Entrada similar","block_context":{"text":"Entrada similar","link":""},"img":{"alt_text":"Hackeo Mental","src":"https:\/\/i0.wp.com\/cursoslux.com\/wp-content\/uploads\/2026\/03\/hackeo-mental.jpg?resize=350%2C200&ssl=1","width":350,"height":200},"classes":[]},{"id":30446,"url":"https:\/\/multiofertasvip.com\/?product=numeros-para-el-exito-empresarial-y-negocios-exitosos-grigori-grabovoi","url_meta":{"origin":267,"position":5},"title":"N\u00daMEROS PARA EL \u00c9XITO EMPRESARIAL Y NEGOCIOS EXITOSOS GRIGORI GRABOVOI","author":"multiofertasvip","date":"septiembre 13, 2022","format":false,"excerpt":"En todo momento el contacto con negocios y trabajos es parte del d\u00eda a d\u00eda, esto nos obliga a estar conscientes del valor de encontrarnos muy bien en esta \u00e1rea tan importante de la vida. Este libro te dar\u00e1 herramientas tan eficaces como r\u00e1pidas para resolver los problemas por los\u2026","rel":"","context":"Entrada similar","block_context":{"text":"Entrada similar","link":""},"img":{"alt_text":"","src":"https:\/\/i0.wp.com\/multiofertasvip.com\/wp-content\/uploads\/2022\/09\/negocios.jpg?fit=200%2C200&ssl=1&resize=350%2C200","width":350,"height":200},"classes":[]}],"jetpack_sharing_enabled":true,"jetpack_likes_enabled":true,"_links":{"self":[{"href":"https:\/\/multiofertasvip.com\/index.php?rest_route=\/wp\/v2\/product\/267","targetHints":{"allow":["GET"]}}],"collection":[{"href":"https:\/\/multiofertasvip.com\/index.php?rest_route=\/wp\/v2\/product"}],"about":[{"href":"https:\/\/multiofertasvip.com\/index.php?rest_route=\/wp\/v2\/types\/product"}],"version-history":[{"count":1,"href":"https:\/\/multiofertasvip.com\/index.php?rest_route=\/wp\/v2\/product\/267\/revisions"}],"predecessor-version":[{"id":32654,"href":"https:\/\/multiofertasvip.com\/index.php?rest_route=\/wp\/v2\/product\/267\/revisions\/32654"}],"wp:featuredmedia":[{"embeddable":true,"href":"https:\/\/multiofertasvip.com\/index.php?rest_route=\/wp\/v2\/media\/915"}],"wp:attachment":[{"href":"https:\/\/multiofertasvip.com\/index.php?rest_route=%2Fwp%2Fv2%2Fmedia&parent=267"}],"wp:term":[{"taxonomy":"product_brand","embeddable":true,"href":"https:\/\/multiofertasvip.com\/index.php?rest_route=%2Fwp%2Fv2%2Fproduct_brand&post=267"},{"taxonomy":"product_cat","embeddable":true,"href":"https:\/\/multiofertasvip.com\/index.php?rest_route=%2Fwp%2Fv2%2Fproduct_cat&post=267"},{"taxonomy":"product_tag","embeddable":true,"href":"https:\/\/multiofertasvip.com\/index.php?rest_route=%2Fwp%2Fv2%2Fproduct_tag&post=267"}],"curies":[{"name":"wp","href":"https:\/\/api.w.org\/{rel}","templated":true}]}}